{"id":3956,"date":"2026-05-11T14:54:46","date_gmt":"2026-05-11T14:54:46","guid":{"rendered":"https:\/\/ecosupplements.ch\/?product=swanson-triple-magnesium-complex-100-kaps"},"modified":"2026-05-13T07:24:12","modified_gmt":"2026-05-13T07:24:12","slug":"swanson-triple-magnesium-complex-100-kaps","status":"publish","type":"product","link":"https:\/\/ecosupplements.ch\/?product=swanson-triple-magnesium-complex-100-kaps","title":{"rendered":"SWANSON Triple Magnesium complex 100 kaps"},"content":{"rendered":"<div class=\"chcg-product-description\">\n<h2 class=\"chcg-heading\">\u00dcber SWANSON \u2013 Triple Magnesium Complex 100 Kapseln<\/h2>\n<div class=\"chcg-intro\">\n<p>Der SWANSON Triple Magnesium Complex liefert 400 mg Magnesium pro Kapsel aus drei sich erg\u00e4nzenden Quellen: Magnesiumoxid, Magnesiumcitrat und Magnesiumaspartat. Diese Kombination erm\u00f6glicht eine breite Versorgung mit dem essenziellen Mineralstoff Magnesium, der zur normalen Muskelfunktion, zur Verringerung von M\u00fcdigkeit und Ersch\u00f6pfung sowie zur normalen Funktion des Nervensystems beitr\u00e4gt.<\/p>\n<p>Magnesium ist an \u00fcber 300 enzymatischen Prozessen im K\u00f6rper beteiligt und tr\u00e4gt unter anderem zur Erhaltung normaler Knochen und Z\u00e4hne sowie zum normalen Energiestoffwechsel bei. Eine ausreichende Magnesiumversorgung ist daher f\u00fcr Erwachsene jeden Alters von Bedeutung.<\/p>\n<p>Mit 100 Kapseln pro Packung bietet dieses Produkt einen praktischen Vorrat f\u00fcr rund drei Monate bei t\u00e4glicher Einnahme. Die unkomplizierte Dosierung von einer Kapsel pro Tag macht die Integration in den Alltag einfach.<\/p>\n<\/p><\/div>\n<div class=\"chcg-nutrition\">\n<h3>N\u00e4hrwertangaben<\/h3>\n<table class=\"chcg-nutrition-table\">\n<thead>\n<tr>\n<th>N\u00e4hrstoff<\/th>\n<th>Pro Portion (1 Kapsel)<\/th>\n<\/tr>\n<\/thead>\n<tbody>\n<tr>\n<td>Magnesium (aus Magnesiumoxid, Magnesiumcitrat, Magnesiumaspartat)<\/td>\n<td>400 mg (107 % NRV)<\/td>\n<\/tr>\n<\/tbody>\n<\/table><\/div>\n<div class=\"chcg-ingredients\">\n<h3>Zutaten<\/h3>\n<p>Magnesium (aus Magnesiumoxid, Magnesiumcitrat, Magnesiumaspartat) 400 mg. Weitere Zutaten: Reismehl, Gelatine, Magnesiumstearat.<\/p>\n<p><strong>Hinweis:<\/strong> Das Produkt befindet sich in einem Kapselwechsel. Neuere Chargen verwenden eine vegane Kapsel (Hydroxypropylmethylcellulose\/Hypromellose) und k\u00f6nnen anstelle von Gelatine auch Siliziumdioxid enthalten.<\/p>\n<p class=\"chcg-capsule-shell\">Kapselh\u00fclle: Gelatine (urspr\u00fcngliche Formulierung); neuere Chargen verwenden eine vegane Kapsel (Hypromellose).<\/p>\n<\/p><\/div>\n<div class=\"chcg-dosage\">\n<h3>Verzehrempfehlung<\/h3>\n<p>Als Nahrungserg\u00e4nzungsmittel t\u00e4glich eine Kapsel mit Wasser einnehmen.<\/p>\n<\/p><\/div>\n<div class=\"chcg-warnings\">\n<h3>Warnhinweise<\/h3>\n<p>Nur f\u00fcr Erwachsene. Konsultieren Sie vor der Einnahme dieses oder eines anderen Produkts Ihren Arzt, wenn Sie schwanger sind oder stillen, Medikamente einnehmen oder an einer Erkrankung leiden. Ausserhalb der Reichweite von Kindern aufbewahren. Nicht verwenden, wenn das Sicherheitssiegel besch\u00e4digt ist.<\/p>\n<\/p><\/div>\n<div class=\"chcg-allergens\">\n<h3>Allergeninformationen<\/h3>\n<p>Auf dem Etikett sind keine Allergene ausdr\u00fccklich deklariert. Die urspr\u00fcngliche Formulierung enth\u00e4lt Gelatine (tierischen Ursprungs). Neuere Chargen verwenden eine vegane Kapsel (Hypromellose) und sind somit gelatinefrei.<\/p>\n<\/p><\/div>\n<div class=\"chcg-storage\">\n<h3>Lagerung<\/h3>\n<p>An einem k\u00fchlen, trockenen Ort lagern.<\/p>\n<\/p><\/div>\n<div class=\"chcg-dietary\">\n<h3>Ern\u00e4hrungshinweise<\/h3>\n<ul>\n<li>Laktosefrei<\/li>\n<\/ul><\/div>\n<\/div>\n","protected":false},"excerpt":{"rendered":"<p>SWANSON Triple Magnesium Complex versorgt Sie mit 400 mg Magnesium aus drei Quellen (Oxid, Citrat, Aspartat) pro Kapsel \u2013 f\u00fcr Muskeln, Nerven und Energiestoffwechsel. 100 Kapseln pro Packung.<\/p>\n","protected":false},"featured_media":3957,"comment_status":"closed","ping_status":"open","template":"","meta":[],"product_brand":[16],"product_cat":[23,48,25,94,21],"product_tag":[],"class_list":{"0":"post-3956","1":"product","2":"type-product","3":"status-publish","4":"has-post-thumbnail","6":"product_brand-swanson","7":"product_cat-einige-mineralien","8":"product_cat-gesunde-ernaehrung","9":"product_cat-gesundheit-und-wohlbefinden","10":"product_cat-magnesium","11":"product_cat-vitamine-und-mineralstoffe","13":"first","14":"outofstock","15":"taxable","16":"shipping-taxable","17":"purchasable","18":"product-type-simple"},"yoast_head":"<!-- This site is optimized with the Yoast SEO plugin v27.5 - https:\/\/yoast.com\/product\/yoast-seo-wordpress\/ -->\n<title>Triple Magnesium Complex 100 Kapseln \u2013 SWANSON | ecosupplements.ch<\/title>\n<meta name=\"description\" content=\"400 mg Magnesium aus drei Quellen pro Kapsel \u2013 ideal f\u00fcr Muskeln, Nerven und Energiestoffwechsel. 100 Kapseln von SWANSON. Jetzt bestellen.\" \/>\n<meta name=\"robots\" content=\"index, follow, max-snippet:-1, max-image-preview:large, max-video-preview:-1\" \/>\n<link rel=\"canonical\" href=\"https:\/\/ecosupplements.ch\/?product=swanson-triple-magnesium-complex-100-kaps\" \/>\n<meta property=\"og:locale\" content=\"de_DE\" \/>\n<meta property=\"og:type\" content=\"article\" \/>\n<meta property=\"og:title\" content=\"Triple Magnesium Complex 100 Kapseln \u2013 SWANSON | ecosupplements.ch\" \/>\n<meta property=\"og:description\" content=\"400 mg Magnesium aus drei Quellen pro Kapsel \u2013 ideal f\u00fcr Muskeln, Nerven und Energiestoffwechsel. 100 Kapseln von SWANSON. Jetzt bestellen.\" \/>\n<meta property=\"og:url\" content=\"https:\/\/ecosupplements.ch\/?product=swanson-triple-magnesium-complex-100-kaps\" \/>\n<meta property=\"og:site_name\" content=\"Eco Supplements\" \/>\n<meta property=\"article:modified_time\" content=\"2026-05-13T07:24:12+00:00\" \/>\n<meta property=\"og:image\" content=\"https:\/\/ecosupplements.ch\/wp-content\/uploads\/2026\/05\/SWANSON-Triple-Magnesium-complex-100-kaps.jpg\" \/>\n\t<meta property=\"og:image:width\" content=\"1080\" \/>\n\t<meta property=\"og:image:height\" content=\"1080\" \/>\n\t<meta property=\"og:image:type\" content=\"image\/jpeg\" \/>\n<meta name=\"twitter:card\" content=\"summary_large_image\" \/>\n<meta name=\"twitter:label1\" content=\"Price\" \/>\n\t<meta name=\"twitter:data1\" content=\"&#067;&#072;&#070;&nbsp;7.51\" \/>\n\t<meta name=\"twitter:label2\" content=\"Availability\" \/>\n\t<meta name=\"twitter:data2\" content=\"Out of stock\" \/>\n<script type=\"application\/ld+json\" class=\"yoast-schema-graph\">{\"@context\":\"https:\\\/\\\/schema.org\",\"@graph\":[{\"@type\":\"WebPage\",\"@id\":\"https:\\\/\\\/ecosupplements.ch\\\/?product=swanson-triple-magnesium-complex-100-kaps\",\"url\":\"https:\\\/\\\/ecosupplements.ch\\\/?product=swanson-triple-magnesium-complex-100-kaps\",\"name\":\"Triple Magnesium Complex 100 Kapseln \u2013 SWANSON | ecosupplements.ch\",\"isPartOf\":{\"@id\":\"https:\\\/\\\/ecosupplements.ch\\\/#website\"},\"primaryImageOfPage\":{\"@id\":\"https:\\\/\\\/ecosupplements.ch\\\/?product=swanson-triple-magnesium-complex-100-kaps#primaryimage\"},\"image\":{\"@id\":\"https:\\\/\\\/ecosupplements.ch\\\/?product=swanson-triple-magnesium-complex-100-kaps#primaryimage\"},\"thumbnailUrl\":\"https:\\\/\\\/ecosupplements.ch\\\/wp-content\\\/uploads\\\/2026\\\/05\\\/SWANSON-Triple-Magnesium-complex-100-kaps.jpg\",\"datePublished\":\"2026-05-11T14:54:46+00:00\",\"dateModified\":\"2026-05-13T07:24:12+00:00\",\"description\":\"400 mg Magnesium aus drei Quellen pro Kapsel \u2013 ideal f\u00fcr Muskeln, Nerven und Energiestoffwechsel. 100 Kapseln von SWANSON. Jetzt bestellen.\",\"breadcrumb\":{\"@id\":\"https:\\\/\\\/ecosupplements.ch\\\/?product=swanson-triple-magnesium-complex-100-kaps#breadcrumb\"},\"inLanguage\":\"de-CH\",\"potentialAction\":[{\"@type\":\"ReadAction\",\"target\":[\"https:\\\/\\\/ecosupplements.ch\\\/?product=swanson-triple-magnesium-complex-100-kaps\"]}]},{\"@type\":\"ImageObject\",\"inLanguage\":\"de-CH\",\"@id\":\"https:\\\/\\\/ecosupplements.ch\\\/?product=swanson-triple-magnesium-complex-100-kaps#primaryimage\",\"url\":\"https:\\\/\\\/ecosupplements.ch\\\/wp-content\\\/uploads\\\/2026\\\/05\\\/SWANSON-Triple-Magnesium-complex-100-kaps.jpg\",\"contentUrl\":\"https:\\\/\\\/ecosupplements.ch\\\/wp-content\\\/uploads\\\/2026\\\/05\\\/SWANSON-Triple-Magnesium-complex-100-kaps.jpg\",\"width\":1080,\"height\":1080,\"caption\":\"SWANSON Triple Magnesium complex 100 kaps\"},{\"@type\":\"BreadcrumbList\",\"@id\":\"https:\\\/\\\/ecosupplements.ch\\\/?product=swanson-triple-magnesium-complex-100-kaps#breadcrumb\",\"itemListElement\":[{\"@type\":\"ListItem\",\"position\":1,\"name\":\"Home\",\"item\":\"https:\\\/\\\/ecosupplements.ch\\\/\"},{\"@type\":\"ListItem\",\"position\":2,\"name\":\"Shop\",\"item\":\"https:\\\/\\\/ecosupplements.ch\\\/?page_id=14\"},{\"@type\":\"ListItem\",\"position\":3,\"name\":\"SWANSON Triple Magnesium complex 100 kaps\"}]},{\"@type\":\"WebSite\",\"@id\":\"https:\\\/\\\/ecosupplements.ch\\\/#website\",\"url\":\"https:\\\/\\\/ecosupplements.ch\\\/\",\"name\":\"Eco Supplements\",\"description\":\"\",\"potentialAction\":[{\"@type\":\"SearchAction\",\"target\":{\"@type\":\"EntryPoint\",\"urlTemplate\":\"https:\\\/\\\/ecosupplements.ch\\\/?s={search_term_string}\"},\"query-input\":{\"@type\":\"PropertyValueSpecification\",\"valueRequired\":true,\"valueName\":\"search_term_string\"}}],\"inLanguage\":\"de-CH\"}]}<\/script>\n<meta property=\"product:price:amount\" content=\"7.51\" \/>\n<meta property=\"product:price:currency\" content=\"CHF\" \/>\n<meta property=\"og:availability\" content=\"out of stock\" \/>\n<meta property=\"product:availability\" content=\"out of stock\" \/>\n<meta property=\"product:retailer_item_id\" content=\"087614018089\" \/>\n<meta property=\"product:condition\" content=\"new\" \/>\n<!-- \/ Yoast SEO plugin. -->","yoast_head_json":{"title":"Triple Magnesium Complex 100 Kapseln \u2013 SWANSON | ecosupplements.ch","description":"400 mg Magnesium aus drei Quellen pro Kapsel \u2013 ideal f\u00fcr Muskeln, Nerven und Energiestoffwechsel. 100 Kapseln von SWANSON. Jetzt bestellen.","robots":{"index":"index","follow":"follow","max-snippet":"max-snippet:-1","max-image-preview":"max-image-preview:large","max-video-preview":"max-video-preview:-1"},"canonical":"https:\/\/ecosupplements.ch\/?product=swanson-triple-magnesium-complex-100-kaps","og_locale":"de_DE","og_type":"article","og_title":"Triple Magnesium Complex 100 Kapseln \u2013 SWANSON | ecosupplements.ch","og_description":"400 mg Magnesium aus drei Quellen pro Kapsel \u2013 ideal f\u00fcr Muskeln, Nerven und Energiestoffwechsel. 100 Kapseln von SWANSON. Jetzt bestellen.","og_url":"https:\/\/ecosupplements.ch\/?product=swanson-triple-magnesium-complex-100-kaps","og_site_name":"Eco Supplements","article_modified_time":"2026-05-13T07:24:12+00:00","og_image":[{"width":1080,"height":1080,"url":"https:\/\/ecosupplements.ch\/wp-content\/uploads\/2026\/05\/SWANSON-Triple-Magnesium-complex-100-kaps.jpg","type":"image\/jpeg"}],"twitter_card":"summary_large_image","twitter_misc":{"Price":"&#67;&#72;&#70;&nbsp;7.51","Availability":"Out of stock"},"schema":{"@context":"https:\/\/schema.org","@graph":[{"@type":"WebPage","@id":"https:\/\/ecosupplements.ch\/?product=swanson-triple-magnesium-complex-100-kaps","url":"https:\/\/ecosupplements.ch\/?product=swanson-triple-magnesium-complex-100-kaps","name":"Triple Magnesium Complex 100 Kapseln \u2013 SWANSON | ecosupplements.ch","isPartOf":{"@id":"https:\/\/ecosupplements.ch\/#website"},"primaryImageOfPage":{"@id":"https:\/\/ecosupplements.ch\/?product=swanson-triple-magnesium-complex-100-kaps#primaryimage"},"image":{"@id":"https:\/\/ecosupplements.ch\/?product=swanson-triple-magnesium-complex-100-kaps#primaryimage"},"thumbnailUrl":"https:\/\/ecosupplements.ch\/wp-content\/uploads\/2026\/05\/SWANSON-Triple-Magnesium-complex-100-kaps.jpg","datePublished":"2026-05-11T14:54:46+00:00","dateModified":"2026-05-13T07:24:12+00:00","description":"400 mg Magnesium aus drei Quellen pro Kapsel \u2013 ideal f\u00fcr Muskeln, Nerven und Energiestoffwechsel. 100 Kapseln von SWANSON. Jetzt bestellen.","breadcrumb":{"@id":"https:\/\/ecosupplements.ch\/?product=swanson-triple-magnesium-complex-100-kaps#breadcrumb"},"inLanguage":"de-CH","potentialAction":[{"@type":"ReadAction","target":["https:\/\/ecosupplements.ch\/?product=swanson-triple-magnesium-complex-100-kaps"]}]},{"@type":"ImageObject","inLanguage":"de-CH","@id":"https:\/\/ecosupplements.ch\/?product=swanson-triple-magnesium-complex-100-kaps#primaryimage","url":"https:\/\/ecosupplements.ch\/wp-content\/uploads\/2026\/05\/SWANSON-Triple-Magnesium-complex-100-kaps.jpg","contentUrl":"https:\/\/ecosupplements.ch\/wp-content\/uploads\/2026\/05\/SWANSON-Triple-Magnesium-complex-100-kaps.jpg","width":1080,"height":1080,"caption":"SWANSON Triple Magnesium complex 100 kaps"},{"@type":"BreadcrumbList","@id":"https:\/\/ecosupplements.ch\/?product=swanson-triple-magnesium-complex-100-kaps#breadcrumb","itemListElement":[{"@type":"ListItem","position":1,"name":"Home","item":"https:\/\/ecosupplements.ch\/"},{"@type":"ListItem","position":2,"name":"Shop","item":"https:\/\/ecosupplements.ch\/?page_id=14"},{"@type":"ListItem","position":3,"name":"SWANSON Triple Magnesium complex 100 kaps"}]},{"@type":"WebSite","@id":"https:\/\/ecosupplements.ch\/#website","url":"https:\/\/ecosupplements.ch\/","name":"Eco Supplements","description":"","potentialAction":[{"@type":"SearchAction","target":{"@type":"EntryPoint","urlTemplate":"https:\/\/ecosupplements.ch\/?s={search_term_string}"},"query-input":{"@type":"PropertyValueSpecification","valueRequired":true,"valueName":"search_term_string"}}],"inLanguage":"de-CH"}]},"product_price_amount":"7.51","product_price_currency":"CHF","og_availability":"out of stock","product_availability":"out of stock","product_retailer_item_id":"087614018089","product_condition":"new"},"_links":{"self":[{"href":"https:\/\/ecosupplements.ch\/index.php?rest_route=\/wp\/v2\/product\/3956","targetHints":{"allow":["GET"]}}],"collection":[{"href":"https:\/\/ecosupplements.ch\/index.php?rest_route=\/wp\/v2\/product"}],"about":[{"href":"https:\/\/ecosupplements.ch\/index.php?rest_route=\/wp\/v2\/types\/product"}],"replies":[{"embeddable":true,"href":"https:\/\/ecosupplements.ch\/index.php?rest_route=%2Fwp%2Fv2%2Fcomments&post=3956"}],"wp:featuredmedia":[{"embeddable":true,"href":"https:\/\/ecosupplements.ch\/index.php?rest_route=\/wp\/v2\/media\/3957"}],"wp:attachment":[{"href":"https:\/\/ecosupplements.ch\/index.php?rest_route=%2Fwp%2Fv2%2Fmedia&parent=3956"}],"wp:term":[{"taxonomy":"product_brand","embeddable":true,"href":"https:\/\/ecosupplements.ch\/index.php?rest_route=%2Fwp%2Fv2%2Fproduct_brand&post=3956"},{"taxonomy":"product_cat","embeddable":true,"href":"https:\/\/ecosupplements.ch\/index.php?rest_route=%2Fwp%2Fv2%2Fproduct_cat&post=3956"},{"taxonomy":"product_tag","embeddable":true,"href":"https:\/\/ecosupplements.ch\/index.php?rest_route=%2Fwp%2Fv2%2Fproduct_tag&post=3956"}],"curies":[{"name":"wp","href":"https:\/\/api.w.org\/{rel}","templated":true}]}}