{"id":3960,"date":"2026-05-11T14:54:47","date_gmt":"2026-05-11T14:54:47","guid":{"rendered":"https:\/\/ecosupplements.ch\/?product=swanson-ultimate-16-strain-formula-60dr-vca"},"modified":"2026-05-13T07:23:48","modified_gmt":"2026-05-13T07:23:48","slug":"swanson-ultimate-16-strain-formula-60dr-vca","status":"publish","type":"product","link":"https:\/\/ecosupplements.ch\/?product=swanson-ultimate-16-strain-formula-60dr-vca","title":{"rendered":"SWANSON Ultimate 16 strain formula 60dr vca"},"content":{"rendered":"<div class=\"chcg-product-description\">\n<h2 class=\"chcg-heading\">\u00dcber Swanson \u2013 Ultimate 16 Strain Formula 60dr vca<\/h2>\n<div class=\"chcg-intro\">\n<p>Die <strong>Swanson Ultimate 16 Strain Formula<\/strong> ist ein hochwertiges Probiotikum mit 16 sorgf\u00e4ltig ausgew\u00e4hlten Bakterienst\u00e4mmen und insgesamt 3,2 Milliarden KBE (koloniebildenden Einheiten) pro Kapsel. Die Formel kombiniert bew\u00e4hrte Bifidobacterium- und Lactobacillus-St\u00e4mme, um eine breite Abdeckung der mikrobiellen Vielfalt im Darm zu unterst\u00fctzen. Erg\u00e4nzt wird die Mischung durch FOS (Fructooligosaccharide) als pr\u00e4biotische Ballaststoffquelle, die den enthaltenen Probiotika als Nahrungsgrundlage dient.<\/p>\n<p>Die veganen Kapseln bestehen aus Hypromellose (EMBO CAPS\u00ae AP) \u2013 ohne tierische Bestandteile \u2013 und sind daher f\u00fcr vegane und vegetarische Ern\u00e4hrungsweisen geeignet. Das Produkt ist zudem glutenfrei und ohne gentechnisch ver\u00e4nderte Organismen (Non-GMO) hergestellt. Eine K\u00fchlung ist nicht erforderlich, was die t\u00e4gliche Anwendung besonders praktisch macht.<\/p>\n<p>Mit 60 Kapseln pro Packung bietet dieses Produkt eine vollst\u00e4ndige Zweimonats-Versorgung bei t\u00e4glicher Einnahme. Die Formel eignet sich f\u00fcr Erwachsene, die ihre t\u00e4gliche Ern\u00e4hrung mit einer vielf\u00e4ltigen Auswahl an probiotischen Kulturen erg\u00e4nzen m\u00f6chten.<\/p>\n<\/p><\/div>\n<div class=\"chcg-nutrition\">\n<h3>N\u00e4hrwertangaben<\/h3>\n<table class=\"chcg-nutrition-table\">\n<thead>\n<tr>\n<th>N\u00e4hrstoff<\/th>\n<th>Pro Portion (1 vegane Kapsel)<\/th>\n<\/tr>\n<\/thead>\n<tbody>\n<tr>\n<td>FOS (Fructooligosaccharide)<\/td>\n<td>50 mg<\/td>\n<\/tr>\n<tr>\n<td>16-St\u00e4mme-Probiotika-Mischung<\/td>\n<td>20,21 mg (3,2 Milliarden KBE gesamt\u2020)<\/td>\n<\/tr>\n<tr>\n<td>\u2013 Bifidobacterium longum<\/td>\n<td>430 Millionen KBE<\/td>\n<\/tr>\n<tr>\n<td>\u2013 Lactobacillus acidophilus<\/td>\n<td>430 Millionen KBE<\/td>\n<\/tr>\n<tr>\n<td>\u2013 Bifidobacterium bifidum<\/td>\n<td>180 Millionen KBE<\/td>\n<\/tr>\n<tr>\n<td>\u2013 Bifidobacterium breve<\/td>\n<td>180 Millionen KBE<\/td>\n<\/tr>\n<tr>\n<td>\u2013 Bifidobacterium lactis<\/td>\n<td>180 Millionen KBE<\/td>\n<\/tr>\n<tr>\n<td>\u2013 Lactobacillus brevis<\/td>\n<td>180 Millionen KBE<\/td>\n<\/tr>\n<tr>\n<td>\u2013 Lactobacillus casei<\/td>\n<td>180 Millionen KBE<\/td>\n<\/tr>\n<tr>\n<td>\u2013 Lactobacillus helveticus<\/td>\n<td>180 Millionen KBE<\/td>\n<\/tr>\n<tr>\n<td>\u2013 Lactobacillus paracasei<\/td>\n<td>180 Millionen KBE<\/td>\n<\/tr>\n<tr>\n<td>\u2013 Lactobacillus plantarum<\/td>\n<td>180 Millionen KBE<\/td>\n<\/tr>\n<tr>\n<td>\u2013 Lactobacillus reuteri<\/td>\n<td>180 Millionen KBE<\/td>\n<\/tr>\n<tr>\n<td>\u2013 Lactobacillus rhamnosus<\/td>\n<td>180 Millionen KBE<\/td>\n<\/tr>\n<tr>\n<td>\u2013 Lactobacillus salivarius<\/td>\n<td>180 Millionen KBE<\/td>\n<\/tr>\n<tr>\n<td>\u2013 Lactococcus lactis<\/td>\n<td>180 Millionen KBE<\/td>\n<\/tr>\n<tr>\n<td>\u2013 Streptococcus thermophilus<\/td>\n<td>180 Millionen KBE<\/td>\n<\/tr>\n<tr>\n<td>\u2013 Lactobacillus gasseri<\/td>\n<td>90 Millionen KBE<\/td>\n<\/tr>\n<\/tbody>\n<\/table>\n<p class=\"chcg-footnote\">\u2020 Enth\u00e4lt insgesamt 3,2 Milliarden KBE (koloniebildende Einheiten) zum Zeitpunkt der Herstellung.<\/p>\n<\/p><\/div>\n<div class=\"chcg-ingredients\">\n<h3>Zutaten<\/h3>\n<p>FOS (Fructooligosaccharide) 50 mg; 16-St\u00e4mme-Probiotika-Mischung 20,21 mg: Bifidobacterium longum 430 Millionen KBE, Lactobacillus acidophilus 430 Millionen KBE, Bifidobacterium bifidum 180 Millionen KBE, Bifidobacterium breve 180 Millionen KBE, Bifidobacterium lactis 180 Millionen KBE, Lactobacillus brevis 180 Millionen KBE, Lactobacillus casei 180 Millionen KBE, Lactobacillus helveticus 180 Millionen KBE, Lactobacillus paracasei 180 Millionen KBE, Lactobacillus plantarum 180 Millionen KBE, Lactobacillus reuteri 180 Millionen KBE, Lactobacillus rhamnosus 180 Millionen KBE, Lactobacillus salivarius 180 Millionen KBE, Lactococcus lactis 180 Millionen KBE, Streptococcus thermophilus 180 Millionen KBE, Lactobacillus gasseri 90 Millionen KBE. Weitere Zutaten: Mikrokristalline Cellulose (Pflanzenfaser), vegane Kapsel (Hypromellose) (EMBO CAPS\u00ae AP), Concentrace\u00ae Spurenmineralien, Alfalfa, Siliciumdioxid, Magnesiumstearat.<\/p>\n<p class=\"chcg-capsule-shell\">Kapselh\u00fclle: Vegane Kapsel (Hypromellose) (EMBO CAPS\u00ae AP)<\/p>\n<\/p><\/div>\n<div class=\"chcg-dosage\">\n<h3>Verzehrempfehlung<\/h3>\n<p>Als Nahrungserg\u00e4nzungsmittel t\u00e4glich eine vegane Kapsel mit Wasser oder Saft einnehmen.<\/p>\n<\/p><\/div>\n<div class=\"chcg-warnings\">\n<h3>Warnhinweise<\/h3>\n<p>Nur f\u00fcr Erwachsene. Konsultieren Sie Ihren Arzt, bevor Sie dieses oder ein anderes Produkt verwenden, wenn Sie schwanger sind oder stillen, Medikamente einnehmen oder an einer Erkrankung leiden. Ausserhalb der Reichweite von Kindern aufbewahren. Nicht verwenden, wenn die Versiegelung besch\u00e4digt ist. Nahrungserg\u00e4nzungsmittel sind kein Ersatz f\u00fcr eine ausgewogene und abwechslungsreiche Ern\u00e4hrung sowie eine gesunde Lebensweise.<\/p>\n<\/p><\/div>\n<div class=\"chcg-allergens\">\n<h3>Allergeninformationen<\/h3>\n<p>Auf der Etikette sind keine Allergene deklariert. Das Produkt ist gem\u00e4ss Herstellerangaben glutenfrei, vegan, vegetarisch und Non-GMO. Enth\u00e4lt Alfalfa (eine Pflanze aus der H\u00fclsenfruchtfamilie). Keine Soja-, Milch-, Weizen- oder Nussallergene deklariert.<\/p>\n<\/p><\/div>\n<div class=\"chcg-storage\">\n<h3>Lagerung<\/h3>\n<p>Keine K\u00fchlung erforderlich. An einem k\u00fchlen, trockenen Ort aufbewahren. Nach dem \u00d6ffnen fest verschliessen.<\/p>\n<\/p><\/div>\n<div class=\"chcg-dietary\">\n<h3>Ern\u00e4hrungshinweise<\/h3>\n<ul>\n<li>Vegan<\/li>\n<li>Vegetarisch<\/li>\n<li>Glutenfrei<\/li>\n<\/ul><\/div>\n<\/div>\n","protected":false},"excerpt":{"rendered":"<p>Swanson Ultimate 16 Strain Formula liefert 16 probiotische Kulturen mit 3,2 Mrd. KBE pro veganer Kapsel, erg\u00e4nzt durch pr\u00e4biotische FOS. 60 Kapseln pro Packung \u2013 vegan, glutenfrei und ohne K\u00fchlung lagerbar.<\/p>\n","protected":false},"featured_media":3961,"comment_status":"closed","ping_status":"open","template":"","meta":[],"product_brand":[16],"product_cat":[48,25,104,21],"product_tag":[],"class_list":{"0":"post-3960","1":"product","2":"type-product","3":"status-publish","4":"has-post-thumbnail","6":"product_brand-swanson","7":"product_cat-gesunde-ernaehrung","8":"product_cat-gesundheit-und-wohlbefinden","9":"product_cat-probiotika","10":"product_cat-vitamine-und-mineralstoffe","12":"first","13":"outofstock","14":"taxable","15":"shipping-taxable","16":"purchasable","17":"product-type-simple"},"yoast_head":"<!-- This site is optimized with the Yoast SEO plugin v27.5 - https:\/\/yoast.com\/product\/yoast-seo-wordpress\/ -->\n<title>Swanson Ultimate 16 Strain Formula \u2013 Probiotika | ecosupplements.ch<\/title>\n<meta name=\"description\" content=\"16 probiotische St\u00e4mme mit 3,2 Mrd. KBE pro veganer Kapsel, plus pr\u00e4biotische FOS \u2013 glutenfrei, vegan, 60 Kapseln. Jetzt bestellen.\" \/>\n<meta name=\"robots\" content=\"index, follow, max-snippet:-1, max-image-preview:large, max-video-preview:-1\" \/>\n<link rel=\"canonical\" href=\"https:\/\/ecosupplements.ch\/?product=swanson-ultimate-16-strain-formula-60dr-vca\" \/>\n<meta property=\"og:locale\" content=\"de_DE\" \/>\n<meta property=\"og:type\" content=\"article\" \/>\n<meta property=\"og:title\" content=\"Swanson Ultimate 16 Strain Formula \u2013 Probiotika | ecosupplements.ch\" \/>\n<meta property=\"og:description\" content=\"16 probiotische St\u00e4mme mit 3,2 Mrd. KBE pro veganer Kapsel, plus pr\u00e4biotische FOS \u2013 glutenfrei, vegan, 60 Kapseln. Jetzt bestellen.\" \/>\n<meta property=\"og:url\" content=\"https:\/\/ecosupplements.ch\/?product=swanson-ultimate-16-strain-formula-60dr-vca\" \/>\n<meta property=\"og:site_name\" content=\"Eco Supplements\" \/>\n<meta property=\"article:modified_time\" content=\"2026-05-13T07:23:48+00:00\" \/>\n<meta property=\"og:image\" content=\"https:\/\/ecosupplements.ch\/wp-content\/uploads\/2026\/05\/SWANSON-Ultimate-16-strain-formula-60dr-vca-1.jpg\" \/>\n\t<meta property=\"og:image:width\" content=\"315\" \/>\n\t<meta property=\"og:image:height\" content=\"512\" \/>\n\t<meta property=\"og:image:type\" content=\"image\/jpeg\" \/>\n<meta name=\"twitter:card\" content=\"summary_large_image\" \/>\n<meta name=\"twitter:label1\" content=\"Price\" \/>\n\t<meta name=\"twitter:data1\" content=\"&#067;&#072;&#070;&nbsp;10.11\" \/>\n\t<meta name=\"twitter:label2\" content=\"Availability\" \/>\n\t<meta name=\"twitter:data2\" content=\"Out of stock\" \/>\n<script type=\"application\/ld+json\" class=\"yoast-schema-graph\">{\"@context\":\"https:\\\/\\\/schema.org\",\"@graph\":[{\"@type\":\"WebPage\",\"@id\":\"https:\\\/\\\/ecosupplements.ch\\\/?product=swanson-ultimate-16-strain-formula-60dr-vca\",\"url\":\"https:\\\/\\\/ecosupplements.ch\\\/?product=swanson-ultimate-16-strain-formula-60dr-vca\",\"name\":\"Swanson Ultimate 16 Strain Formula \u2013 Probiotika | ecosupplements.ch\",\"isPartOf\":{\"@id\":\"https:\\\/\\\/ecosupplements.ch\\\/#website\"},\"primaryImageOfPage\":{\"@id\":\"https:\\\/\\\/ecosupplements.ch\\\/?product=swanson-ultimate-16-strain-formula-60dr-vca#primaryimage\"},\"image\":{\"@id\":\"https:\\\/\\\/ecosupplements.ch\\\/?product=swanson-ultimate-16-strain-formula-60dr-vca#primaryimage\"},\"thumbnailUrl\":\"https:\\\/\\\/ecosupplements.ch\\\/wp-content\\\/uploads\\\/2026\\\/05\\\/SWANSON-Ultimate-16-strain-formula-60dr-vca-1.jpg\",\"datePublished\":\"2026-05-11T14:54:47+00:00\",\"dateModified\":\"2026-05-13T07:23:48+00:00\",\"description\":\"16 probiotische St\u00e4mme mit 3,2 Mrd. KBE pro veganer Kapsel, plus pr\u00e4biotische FOS \u2013 glutenfrei, vegan, 60 Kapseln. Jetzt bestellen.\",\"breadcrumb\":{\"@id\":\"https:\\\/\\\/ecosupplements.ch\\\/?product=swanson-ultimate-16-strain-formula-60dr-vca#breadcrumb\"},\"inLanguage\":\"de-CH\",\"potentialAction\":[{\"@type\":\"ReadAction\",\"target\":[\"https:\\\/\\\/ecosupplements.ch\\\/?product=swanson-ultimate-16-strain-formula-60dr-vca\"]}]},{\"@type\":\"ImageObject\",\"inLanguage\":\"de-CH\",\"@id\":\"https:\\\/\\\/ecosupplements.ch\\\/?product=swanson-ultimate-16-strain-formula-60dr-vca#primaryimage\",\"url\":\"https:\\\/\\\/ecosupplements.ch\\\/wp-content\\\/uploads\\\/2026\\\/05\\\/SWANSON-Ultimate-16-strain-formula-60dr-vca-1.jpg\",\"contentUrl\":\"https:\\\/\\\/ecosupplements.ch\\\/wp-content\\\/uploads\\\/2026\\\/05\\\/SWANSON-Ultimate-16-strain-formula-60dr-vca-1.jpg\",\"width\":315,\"height\":512,\"caption\":\"SWANSON Ultimate 16 strain formula 60dr vca\"},{\"@type\":\"BreadcrumbList\",\"@id\":\"https:\\\/\\\/ecosupplements.ch\\\/?product=swanson-ultimate-16-strain-formula-60dr-vca#breadcrumb\",\"itemListElement\":[{\"@type\":\"ListItem\",\"position\":1,\"name\":\"Home\",\"item\":\"https:\\\/\\\/ecosupplements.ch\\\/\"},{\"@type\":\"ListItem\",\"position\":2,\"name\":\"Shop\",\"item\":\"https:\\\/\\\/ecosupplements.ch\\\/?page_id=14\"},{\"@type\":\"ListItem\",\"position\":3,\"name\":\"SWANSON Ultimate 16 strain formula 60dr vca\"}]},{\"@type\":\"WebSite\",\"@id\":\"https:\\\/\\\/ecosupplements.ch\\\/#website\",\"url\":\"https:\\\/\\\/ecosupplements.ch\\\/\",\"name\":\"Eco Supplements\",\"description\":\"\",\"potentialAction\":[{\"@type\":\"SearchAction\",\"target\":{\"@type\":\"EntryPoint\",\"urlTemplate\":\"https:\\\/\\\/ecosupplements.ch\\\/?s={search_term_string}\"},\"query-input\":{\"@type\":\"PropertyValueSpecification\",\"valueRequired\":true,\"valueName\":\"search_term_string\"}}],\"inLanguage\":\"de-CH\"}]}<\/script>\n<meta property=\"product:price:amount\" content=\"10.11\" \/>\n<meta property=\"product:price:currency\" content=\"CHF\" \/>\n<meta property=\"og:availability\" content=\"out of stock\" \/>\n<meta property=\"product:availability\" content=\"out of stock\" \/>\n<meta property=\"product:retailer_item_id\" content=\"087614190518\" \/>\n<meta property=\"product:condition\" content=\"new\" \/>\n<!-- \/ Yoast SEO plugin. -->","yoast_head_json":{"title":"Swanson Ultimate 16 Strain Formula \u2013 Probiotika | ecosupplements.ch","description":"16 probiotische St\u00e4mme mit 3,2 Mrd. KBE pro veganer Kapsel, plus pr\u00e4biotische FOS \u2013 glutenfrei, vegan, 60 Kapseln. Jetzt bestellen.","robots":{"index":"index","follow":"follow","max-snippet":"max-snippet:-1","max-image-preview":"max-image-preview:large","max-video-preview":"max-video-preview:-1"},"canonical":"https:\/\/ecosupplements.ch\/?product=swanson-ultimate-16-strain-formula-60dr-vca","og_locale":"de_DE","og_type":"article","og_title":"Swanson Ultimate 16 Strain Formula \u2013 Probiotika | ecosupplements.ch","og_description":"16 probiotische St\u00e4mme mit 3,2 Mrd. KBE pro veganer Kapsel, plus pr\u00e4biotische FOS \u2013 glutenfrei, vegan, 60 Kapseln. Jetzt bestellen.","og_url":"https:\/\/ecosupplements.ch\/?product=swanson-ultimate-16-strain-formula-60dr-vca","og_site_name":"Eco Supplements","article_modified_time":"2026-05-13T07:23:48+00:00","og_image":[{"width":315,"height":512,"url":"https:\/\/ecosupplements.ch\/wp-content\/uploads\/2026\/05\/SWANSON-Ultimate-16-strain-formula-60dr-vca-1.jpg","type":"image\/jpeg"}],"twitter_card":"summary_large_image","twitter_misc":{"Price":"&#67;&#72;&#70;&nbsp;10.11","Availability":"Out of stock"},"schema":{"@context":"https:\/\/schema.org","@graph":[{"@type":"WebPage","@id":"https:\/\/ecosupplements.ch\/?product=swanson-ultimate-16-strain-formula-60dr-vca","url":"https:\/\/ecosupplements.ch\/?product=swanson-ultimate-16-strain-formula-60dr-vca","name":"Swanson Ultimate 16 Strain Formula \u2013 Probiotika | ecosupplements.ch","isPartOf":{"@id":"https:\/\/ecosupplements.ch\/#website"},"primaryImageOfPage":{"@id":"https:\/\/ecosupplements.ch\/?product=swanson-ultimate-16-strain-formula-60dr-vca#primaryimage"},"image":{"@id":"https:\/\/ecosupplements.ch\/?product=swanson-ultimate-16-strain-formula-60dr-vca#primaryimage"},"thumbnailUrl":"https:\/\/ecosupplements.ch\/wp-content\/uploads\/2026\/05\/SWANSON-Ultimate-16-strain-formula-60dr-vca-1.jpg","datePublished":"2026-05-11T14:54:47+00:00","dateModified":"2026-05-13T07:23:48+00:00","description":"16 probiotische St\u00e4mme mit 3,2 Mrd. KBE pro veganer Kapsel, plus pr\u00e4biotische FOS \u2013 glutenfrei, vegan, 60 Kapseln. Jetzt bestellen.","breadcrumb":{"@id":"https:\/\/ecosupplements.ch\/?product=swanson-ultimate-16-strain-formula-60dr-vca#breadcrumb"},"inLanguage":"de-CH","potentialAction":[{"@type":"ReadAction","target":["https:\/\/ecosupplements.ch\/?product=swanson-ultimate-16-strain-formula-60dr-vca"]}]},{"@type":"ImageObject","inLanguage":"de-CH","@id":"https:\/\/ecosupplements.ch\/?product=swanson-ultimate-16-strain-formula-60dr-vca#primaryimage","url":"https:\/\/ecosupplements.ch\/wp-content\/uploads\/2026\/05\/SWANSON-Ultimate-16-strain-formula-60dr-vca-1.jpg","contentUrl":"https:\/\/ecosupplements.ch\/wp-content\/uploads\/2026\/05\/SWANSON-Ultimate-16-strain-formula-60dr-vca-1.jpg","width":315,"height":512,"caption":"SWANSON Ultimate 16 strain formula 60dr vca"},{"@type":"BreadcrumbList","@id":"https:\/\/ecosupplements.ch\/?product=swanson-ultimate-16-strain-formula-60dr-vca#breadcrumb","itemListElement":[{"@type":"ListItem","position":1,"name":"Home","item":"https:\/\/ecosupplements.ch\/"},{"@type":"ListItem","position":2,"name":"Shop","item":"https:\/\/ecosupplements.ch\/?page_id=14"},{"@type":"ListItem","position":3,"name":"SWANSON Ultimate 16 strain formula 60dr vca"}]},{"@type":"WebSite","@id":"https:\/\/ecosupplements.ch\/#website","url":"https:\/\/ecosupplements.ch\/","name":"Eco Supplements","description":"","potentialAction":[{"@type":"SearchAction","target":{"@type":"EntryPoint","urlTemplate":"https:\/\/ecosupplements.ch\/?s={search_term_string}"},"query-input":{"@type":"PropertyValueSpecification","valueRequired":true,"valueName":"search_term_string"}}],"inLanguage":"de-CH"}]},"product_price_amount":"10.11","product_price_currency":"CHF","og_availability":"out of stock","product_availability":"out of stock","product_retailer_item_id":"087614190518","product_condition":"new"},"_links":{"self":[{"href":"https:\/\/ecosupplements.ch\/index.php?rest_route=\/wp\/v2\/product\/3960","targetHints":{"allow":["GET"]}}],"collection":[{"href":"https:\/\/ecosupplements.ch\/index.php?rest_route=\/wp\/v2\/product"}],"about":[{"href":"https:\/\/ecosupplements.ch\/index.php?rest_route=\/wp\/v2\/types\/product"}],"replies":[{"embeddable":true,"href":"https:\/\/ecosupplements.ch\/index.php?rest_route=%2Fwp%2Fv2%2Fcomments&post=3960"}],"wp:featuredmedia":[{"embeddable":true,"href":"https:\/\/ecosupplements.ch\/index.php?rest_route=\/wp\/v2\/media\/3961"}],"wp:attachment":[{"href":"https:\/\/ecosupplements.ch\/index.php?rest_route=%2Fwp%2Fv2%2Fmedia&parent=3960"}],"wp:term":[{"taxonomy":"product_brand","embeddable":true,"href":"https:\/\/ecosupplements.ch\/index.php?rest_route=%2Fwp%2Fv2%2Fproduct_brand&post=3960"},{"taxonomy":"product_cat","embeddable":true,"href":"https:\/\/ecosupplements.ch\/index.php?rest_route=%2Fwp%2Fv2%2Fproduct_cat&post=3960"},{"taxonomy":"product_tag","embeddable":true,"href":"https:\/\/ecosupplements.ch\/index.php?rest_route=%2Fwp%2Fv2%2Fproduct_tag&post=3960"}],"curies":[{"name":"wp","href":"https:\/\/api.w.org\/{rel}","templated":true}]}}