{"id":3992,"date":"2026-05-11T14:54:59","date_gmt":"2026-05-11T14:54:59","guid":{"rendered":"https:\/\/ecosupplements.ch\/?product=swanson-witamina-d-3-2000iu-250kaps"},"modified":"2026-05-13T07:22:42","modified_gmt":"2026-05-13T07:22:42","slug":"swanson-witamina-d-3-2000iu-250kaps","status":"publish","type":"product","link":"https:\/\/ecosupplements.ch\/?product=swanson-witamina-d-3-2000iu-250kaps","title":{"rendered":"SWANSON Witamina D-3 2000IU 250kaps"},"content":{"rendered":"<div class=\"chcg-product-description\">\n<h2 class=\"chcg-heading\">\u00dcber Swanson \u2013 Vitamin D-3 2000 IU \u2013 250 Kapseln<\/h2>\n<div class=\"chcg-intro\">\n<p>Vitamin D-3 (Cholecalciferol) ist die k\u00f6rpereigene Form von Vitamin D, die durch Sonnenlicht in der Haut gebildet wird. Swanson Vitamin D-3 2000 IU liefert pro Kapsel 50 mcg Cholecalciferol \u2013 das entspricht 500 % des empfohlenen Tagesbedarfs \u2013 und unterst\u00fctzt damit eine gezielte und bequeme Erg\u00e4nzung der t\u00e4glichen Versorgung.<\/p>\n<p>Vitamin D tr\u00e4gt zur normalen Aufnahme und Verwertung von Calcium und Phosphor bei, unterst\u00fctzt die Erhaltung normaler Knochen und Z\u00e4hne und tr\u00e4gt zur normalen Muskelfunktion sowie zur Funktion des Immunsystems bei. Gerade in den sonnenarmen Herbst- und Wintermonaten kann eine ausreichende Versorgung \u00fcber die Ern\u00e4hrung und Sonneneinstrahlung schwierig sein.<\/p>\n<p>Swanson Vitamin D-3 2000 IU ist in einer wirtschaftlichen Packung mit 250 Kapseln erh\u00e4ltlich und bietet damit eine langfristige Versorgung f\u00fcr den Alltag. Die kompakten Kapseln sind einfach einzunehmen und lassen sich problemlos in die t\u00e4gliche Routine integrieren.<\/p>\n<\/p><\/div>\n<div class=\"chcg-nutrition\">\n<h3>N\u00e4hrwertangaben<\/h3>\n<table class=\"chcg-nutrition-table\">\n<thead>\n<tr>\n<th>N\u00e4hrstoff<\/th>\n<th>Pro Portion (1 Kapsel)<\/th>\n<\/tr>\n<\/thead>\n<tbody>\n<tr>\n<td>Vitamin D-3 (als Cholecalciferol)<\/td>\n<td>2000 IU (50 mcg) | 500 % des Tagesbedarfs<\/td>\n<\/tr>\n<\/tbody>\n<\/table><\/div>\n<div class=\"chcg-ingredients\">\n<h3>Zutaten<\/h3>\n<p>Vitamin D-3 (als Cholecalciferol) 2000 IU (50 mcg). Weitere Zutaten: Reismehl, Gelatine, modifizierte Lebensmittelst\u00e4rke, Saccharose, Natriumascorbat, mittelkettige Triglyceride, Siliciumdioxid, dl-alpha-Tocopherol.<\/p>\n<p class=\"chcg-capsule-shell\">Kapselh\u00fclle: Gelatine<\/p>\n<\/p><\/div>\n<div class=\"chcg-dosage\">\n<h3>Verzehrempfehlung<\/h3>\n<p>Als Nahrungserg\u00e4nzungsmittel eine Kapsel t\u00e4glich zu einer Mahlzeit mit ausreichend Wasser einnehmen. Nur f\u00fcr Erwachsene.<\/p>\n<\/p><\/div>\n<div class=\"chcg-warnings\">\n<h3>Warnhinweise<\/h3>\n<p>Vor der Einnahme einen Arzt oder eine \u00c4rztin konsultieren, wenn Sie schwanger sind oder stillen, wenn Sie an einer Erkrankung leiden oder wenn Sie verschreibungspflichtige Medikamente einnehmen. Nur f\u00fcr Erwachsene. Die empfohlene Tagesdosis nicht \u00fcberschreiten. Ausserhalb der Reichweite von Kindern aufbewahren.<\/p>\n<\/p><\/div>\n<div class=\"chcg-allergens\">\n<h3>Allergeninformationen<\/h3>\n<p>Enth\u00e4lt Gelatine (tierischen Ursprungs). Keine weiteren Allergene auf dem Etikett deklariert.<\/p>\n<\/p><\/div>\n<div class=\"chcg-storage\">\n<h3>Lagerung<\/h3>\n<p>Bei Raumtemperatur lagern, ausserhalb der Reichweite von Kindern. An einem k\u00fchlen, trockenen Ort, gesch\u00fctzt vor Licht und W\u00e4rme aufbewahren.<\/p>\n<\/p><\/div>\n<div class=\"chcg-dietary\">\n<h3>Ern\u00e4hrungshinweise<\/h3>\n<ul>\n<li>Nicht vegan (enth\u00e4lt Gelatine tierischen Ursprungs)<\/li>\n<li>Nicht vegetarisch (enth\u00e4lt Gelatine tierischen Ursprungs)<\/li>\n<\/ul><\/div>\n<\/div>\n","protected":false},"excerpt":{"rendered":"<p>Swanson Vitamin D-3 2000 IU liefert 50 mcg Cholecalciferol pro Kapsel und unterst\u00fctzt Knochen, Z\u00e4hne, Muskeln und das Immunsystem. Praktische Packung mit 250 Kapseln f\u00fcr eine langfristige t\u00e4gliche Versorgung.<\/p>\n","protected":false},"featured_media":3993,"comment_status":"closed","ping_status":"open","template":"","meta":[],"product_brand":[16],"product_cat":[27,48,25,30,21],"product_tag":[],"class_list":{"0":"post-3992","1":"product","2":"type-product","3":"status-publish","4":"has-post-thumbnail","6":"product_brand-swanson","7":"product_cat-einige-vitamine","8":"product_cat-gesunde-ernaehrung","9":"product_cat-gesundheit-und-wohlbefinden","10":"product_cat-vitamin-d","11":"product_cat-vitamine-und-mineralstoffe","13":"first","14":"outofstock","15":"taxable","16":"shipping-taxable","17":"purchasable","18":"product-type-simple"},"yoast_head":"<!-- This site is optimized with the Yoast SEO plugin v27.5 - https:\/\/yoast.com\/product\/yoast-seo-wordpress\/ -->\n<title>Vitamin D-3 2000 IU 250 Kapseln \u2013 Swanson | ecosupplements.ch<\/title>\n<meta name=\"description\" content=\"Swanson Vitamin D-3 2000 IU (50 mcg) unterst\u00fctzt Knochen, Z\u00e4hne und das Immunsystem \u2013 250 Kapseln f\u00fcr den Alltag. Jetzt bestellen.\" \/>\n<meta name=\"robots\" content=\"index, follow, max-snippet:-1, max-image-preview:large, max-video-preview:-1\" \/>\n<link rel=\"canonical\" href=\"https:\/\/ecosupplements.ch\/?product=swanson-witamina-d-3-2000iu-250kaps\" \/>\n<meta property=\"og:locale\" content=\"de_DE\" \/>\n<meta property=\"og:type\" content=\"article\" \/>\n<meta property=\"og:title\" content=\"Vitamin D-3 2000 IU 250 Kapseln \u2013 Swanson | ecosupplements.ch\" \/>\n<meta property=\"og:description\" content=\"Swanson Vitamin D-3 2000 IU (50 mcg) unterst\u00fctzt Knochen, Z\u00e4hne und das Immunsystem \u2013 250 Kapseln f\u00fcr den Alltag. Jetzt bestellen.\" \/>\n<meta property=\"og:url\" content=\"https:\/\/ecosupplements.ch\/?product=swanson-witamina-d-3-2000iu-250kaps\" \/>\n<meta property=\"og:site_name\" content=\"Eco Supplements\" \/>\n<meta property=\"article:modified_time\" content=\"2026-05-13T07:22:42+00:00\" \/>\n<meta property=\"og:image\" content=\"https:\/\/ecosupplements.ch\/wp-content\/uploads\/2026\/05\/SWANSON-Witamina-D-3-2000IU-250kaps.jpg\" \/>\n\t<meta property=\"og:image:width\" content=\"1080\" \/>\n\t<meta property=\"og:image:height\" content=\"1080\" \/>\n\t<meta property=\"og:image:type\" content=\"image\/jpeg\" \/>\n<meta name=\"twitter:card\" content=\"summary_large_image\" \/>\n<meta name=\"twitter:label1\" content=\"Price\" \/>\n\t<meta name=\"twitter:data1\" content=\"&#067;&#072;&#070;&nbsp;9.39\" \/>\n\t<meta name=\"twitter:label2\" content=\"Availability\" \/>\n\t<meta name=\"twitter:data2\" content=\"Out of stock\" \/>\n<script type=\"application\/ld+json\" class=\"yoast-schema-graph\">{\"@context\":\"https:\\\/\\\/schema.org\",\"@graph\":[{\"@type\":\"WebPage\",\"@id\":\"https:\\\/\\\/ecosupplements.ch\\\/?product=swanson-witamina-d-3-2000iu-250kaps\",\"url\":\"https:\\\/\\\/ecosupplements.ch\\\/?product=swanson-witamina-d-3-2000iu-250kaps\",\"name\":\"Vitamin D-3 2000 IU 250 Kapseln \u2013 Swanson | ecosupplements.ch\",\"isPartOf\":{\"@id\":\"https:\\\/\\\/ecosupplements.ch\\\/#website\"},\"primaryImageOfPage\":{\"@id\":\"https:\\\/\\\/ecosupplements.ch\\\/?product=swanson-witamina-d-3-2000iu-250kaps#primaryimage\"},\"image\":{\"@id\":\"https:\\\/\\\/ecosupplements.ch\\\/?product=swanson-witamina-d-3-2000iu-250kaps#primaryimage\"},\"thumbnailUrl\":\"https:\\\/\\\/ecosupplements.ch\\\/wp-content\\\/uploads\\\/2026\\\/05\\\/SWANSON-Witamina-D-3-2000IU-250kaps.jpg\",\"datePublished\":\"2026-05-11T14:54:59+00:00\",\"dateModified\":\"2026-05-13T07:22:42+00:00\",\"description\":\"Swanson Vitamin D-3 2000 IU (50 mcg) unterst\u00fctzt Knochen, Z\u00e4hne und das Immunsystem \u2013 250 Kapseln f\u00fcr den Alltag. Jetzt bestellen.\",\"breadcrumb\":{\"@id\":\"https:\\\/\\\/ecosupplements.ch\\\/?product=swanson-witamina-d-3-2000iu-250kaps#breadcrumb\"},\"inLanguage\":\"de-CH\",\"potentialAction\":[{\"@type\":\"ReadAction\",\"target\":[\"https:\\\/\\\/ecosupplements.ch\\\/?product=swanson-witamina-d-3-2000iu-250kaps\"]}]},{\"@type\":\"ImageObject\",\"inLanguage\":\"de-CH\",\"@id\":\"https:\\\/\\\/ecosupplements.ch\\\/?product=swanson-witamina-d-3-2000iu-250kaps#primaryimage\",\"url\":\"https:\\\/\\\/ecosupplements.ch\\\/wp-content\\\/uploads\\\/2026\\\/05\\\/SWANSON-Witamina-D-3-2000IU-250kaps.jpg\",\"contentUrl\":\"https:\\\/\\\/ecosupplements.ch\\\/wp-content\\\/uploads\\\/2026\\\/05\\\/SWANSON-Witamina-D-3-2000IU-250kaps.jpg\",\"width\":1080,\"height\":1080,\"caption\":\"SWANSON Witamina D-3 2000IU 250kaps\"},{\"@type\":\"BreadcrumbList\",\"@id\":\"https:\\\/\\\/ecosupplements.ch\\\/?product=swanson-witamina-d-3-2000iu-250kaps#breadcrumb\",\"itemListElement\":[{\"@type\":\"ListItem\",\"position\":1,\"name\":\"Home\",\"item\":\"https:\\\/\\\/ecosupplements.ch\\\/\"},{\"@type\":\"ListItem\",\"position\":2,\"name\":\"Shop\",\"item\":\"https:\\\/\\\/ecosupplements.ch\\\/?page_id=14\"},{\"@type\":\"ListItem\",\"position\":3,\"name\":\"SWANSON Witamina D-3 2000IU 250kaps\"}]},{\"@type\":\"WebSite\",\"@id\":\"https:\\\/\\\/ecosupplements.ch\\\/#website\",\"url\":\"https:\\\/\\\/ecosupplements.ch\\\/\",\"name\":\"Eco Supplements\",\"description\":\"\",\"potentialAction\":[{\"@type\":\"SearchAction\",\"target\":{\"@type\":\"EntryPoint\",\"urlTemplate\":\"https:\\\/\\\/ecosupplements.ch\\\/?s={search_term_string}\"},\"query-input\":{\"@type\":\"PropertyValueSpecification\",\"valueRequired\":true,\"valueName\":\"search_term_string\"}}],\"inLanguage\":\"de-CH\"}]}<\/script>\n<meta property=\"product:price:amount\" content=\"9.39\" \/>\n<meta property=\"product:price:currency\" content=\"CHF\" \/>\n<meta property=\"og:availability\" content=\"out of stock\" \/>\n<meta property=\"product:availability\" content=\"out of stock\" \/>\n<meta property=\"product:retailer_item_id\" content=\"087614112107\" \/>\n<meta property=\"product:condition\" content=\"new\" \/>\n<!-- \/ Yoast SEO plugin. -->","yoast_head_json":{"title":"Vitamin D-3 2000 IU 250 Kapseln \u2013 Swanson | ecosupplements.ch","description":"Swanson Vitamin D-3 2000 IU (50 mcg) unterst\u00fctzt Knochen, Z\u00e4hne und das Immunsystem \u2013 250 Kapseln f\u00fcr den Alltag. Jetzt bestellen.","robots":{"index":"index","follow":"follow","max-snippet":"max-snippet:-1","max-image-preview":"max-image-preview:large","max-video-preview":"max-video-preview:-1"},"canonical":"https:\/\/ecosupplements.ch\/?product=swanson-witamina-d-3-2000iu-250kaps","og_locale":"de_DE","og_type":"article","og_title":"Vitamin D-3 2000 IU 250 Kapseln \u2013 Swanson | ecosupplements.ch","og_description":"Swanson Vitamin D-3 2000 IU (50 mcg) unterst\u00fctzt Knochen, Z\u00e4hne und das Immunsystem \u2013 250 Kapseln f\u00fcr den Alltag. Jetzt bestellen.","og_url":"https:\/\/ecosupplements.ch\/?product=swanson-witamina-d-3-2000iu-250kaps","og_site_name":"Eco Supplements","article_modified_time":"2026-05-13T07:22:42+00:00","og_image":[{"width":1080,"height":1080,"url":"https:\/\/ecosupplements.ch\/wp-content\/uploads\/2026\/05\/SWANSON-Witamina-D-3-2000IU-250kaps.jpg","type":"image\/jpeg"}],"twitter_card":"summary_large_image","twitter_misc":{"Price":"&#67;&#72;&#70;&nbsp;9.39","Availability":"Out of stock"},"schema":{"@context":"https:\/\/schema.org","@graph":[{"@type":"WebPage","@id":"https:\/\/ecosupplements.ch\/?product=swanson-witamina-d-3-2000iu-250kaps","url":"https:\/\/ecosupplements.ch\/?product=swanson-witamina-d-3-2000iu-250kaps","name":"Vitamin D-3 2000 IU 250 Kapseln \u2013 Swanson | ecosupplements.ch","isPartOf":{"@id":"https:\/\/ecosupplements.ch\/#website"},"primaryImageOfPage":{"@id":"https:\/\/ecosupplements.ch\/?product=swanson-witamina-d-3-2000iu-250kaps#primaryimage"},"image":{"@id":"https:\/\/ecosupplements.ch\/?product=swanson-witamina-d-3-2000iu-250kaps#primaryimage"},"thumbnailUrl":"https:\/\/ecosupplements.ch\/wp-content\/uploads\/2026\/05\/SWANSON-Witamina-D-3-2000IU-250kaps.jpg","datePublished":"2026-05-11T14:54:59+00:00","dateModified":"2026-05-13T07:22:42+00:00","description":"Swanson Vitamin D-3 2000 IU (50 mcg) unterst\u00fctzt Knochen, Z\u00e4hne und das Immunsystem \u2013 250 Kapseln f\u00fcr den Alltag. Jetzt bestellen.","breadcrumb":{"@id":"https:\/\/ecosupplements.ch\/?product=swanson-witamina-d-3-2000iu-250kaps#breadcrumb"},"inLanguage":"de-CH","potentialAction":[{"@type":"ReadAction","target":["https:\/\/ecosupplements.ch\/?product=swanson-witamina-d-3-2000iu-250kaps"]}]},{"@type":"ImageObject","inLanguage":"de-CH","@id":"https:\/\/ecosupplements.ch\/?product=swanson-witamina-d-3-2000iu-250kaps#primaryimage","url":"https:\/\/ecosupplements.ch\/wp-content\/uploads\/2026\/05\/SWANSON-Witamina-D-3-2000IU-250kaps.jpg","contentUrl":"https:\/\/ecosupplements.ch\/wp-content\/uploads\/2026\/05\/SWANSON-Witamina-D-3-2000IU-250kaps.jpg","width":1080,"height":1080,"caption":"SWANSON Witamina D-3 2000IU 250kaps"},{"@type":"BreadcrumbList","@id":"https:\/\/ecosupplements.ch\/?product=swanson-witamina-d-3-2000iu-250kaps#breadcrumb","itemListElement":[{"@type":"ListItem","position":1,"name":"Home","item":"https:\/\/ecosupplements.ch\/"},{"@type":"ListItem","position":2,"name":"Shop","item":"https:\/\/ecosupplements.ch\/?page_id=14"},{"@type":"ListItem","position":3,"name":"SWANSON Witamina D-3 2000IU 250kaps"}]},{"@type":"WebSite","@id":"https:\/\/ecosupplements.ch\/#website","url":"https:\/\/ecosupplements.ch\/","name":"Eco Supplements","description":"","potentialAction":[{"@type":"SearchAction","target":{"@type":"EntryPoint","urlTemplate":"https:\/\/ecosupplements.ch\/?s={search_term_string}"},"query-input":{"@type":"PropertyValueSpecification","valueRequired":true,"valueName":"search_term_string"}}],"inLanguage":"de-CH"}]},"product_price_amount":"9.39","product_price_currency":"CHF","og_availability":"out of stock","product_availability":"out of stock","product_retailer_item_id":"087614112107","product_condition":"new"},"_links":{"self":[{"href":"https:\/\/ecosupplements.ch\/index.php?rest_route=\/wp\/v2\/product\/3992","targetHints":{"allow":["GET"]}}],"collection":[{"href":"https:\/\/ecosupplements.ch\/index.php?rest_route=\/wp\/v2\/product"}],"about":[{"href":"https:\/\/ecosupplements.ch\/index.php?rest_route=\/wp\/v2\/types\/product"}],"replies":[{"embeddable":true,"href":"https:\/\/ecosupplements.ch\/index.php?rest_route=%2Fwp%2Fv2%2Fcomments&post=3992"}],"wp:featuredmedia":[{"embeddable":true,"href":"https:\/\/ecosupplements.ch\/index.php?rest_route=\/wp\/v2\/media\/3993"}],"wp:attachment":[{"href":"https:\/\/ecosupplements.ch\/index.php?rest_route=%2Fwp%2Fv2%2Fmedia&parent=3992"}],"wp:term":[{"taxonomy":"product_brand","embeddable":true,"href":"https:\/\/ecosupplements.ch\/index.php?rest_route=%2Fwp%2Fv2%2Fproduct_brand&post=3992"},{"taxonomy":"product_cat","embeddable":true,"href":"https:\/\/ecosupplements.ch\/index.php?rest_route=%2Fwp%2Fv2%2Fproduct_cat&post=3992"},{"taxonomy":"product_tag","embeddable":true,"href":"https:\/\/ecosupplements.ch\/index.php?rest_route=%2Fwp%2Fv2%2Fproduct_tag&post=3992"}],"curies":[{"name":"wp","href":"https:\/\/api.w.org\/{rel}","templated":true}]}}