{"id":4121,"date":"2026-05-11T14:55:57","date_gmt":"2026-05-11T14:55:57","guid":{"rendered":"https:\/\/ecosupplements.ch\/?product=natural-factors-coenzyme-q10-100-natural-100-mg-60-softgels"},"modified":"2026-05-13T07:27:16","modified_gmt":"2026-05-13T07:27:16","slug":"natural-factors-coenzyme-q10-100-natural-100-mg-60-softgels","status":"publish","type":"product","link":"https:\/\/ecosupplements.ch\/?product=natural-factors-coenzyme-q10-100-natural-100-mg-60-softgels","title":{"rendered":"Natural Factors Coenzyme Q10 100 % Natural 100 mg (60 Softgels)"},"content":{"rendered":"<div class=\"chcg-product-description\">\n<h2 class=\"chcg-heading\">\u00dcber Natural Factors \u2013 Coenzyme Q10 100 % Natural 100 mg (60 Softgels)<\/h2>\n<div class=\"chcg-intro\">\n<p>Coenzym Q10 (CoQ10) ist ein k\u00f6rpereigenes, fettl\u00f6sliches Antioxidans, das in jeder Zelle des menschlichen K\u00f6rpers vorkommt und eine zentrale Rolle im Energiestoffwechsel spielt. Mit zunehmendem Alter nimmt die nat\u00fcrliche CoQ10-Produktion des K\u00f6rpers ab, weshalb eine gezielte Erg\u00e4nzung sinnvoll sein kann. Natural Factors liefert mit dieser Formel 100 mg reines, 100 % nat\u00fcrliches Coenzym Q10 pro Softgel.<\/p>\n<p>Das CoQ10 ist in Reiskleie\u00f6l eingebettet \u2013 eine bew\u00e4hrte Kombination, da CoQ10 als fettl\u00f6sliche Verbindung zusammen mit einer Lipidquelle besser aufgenommen wird. Erg\u00e4nzt wird die Formel durch nat\u00fcrliches Vitamin E, das als zus\u00e4tzliches Antioxidans wirkt und die Stabilit\u00e4t des Pr\u00e4parats unterst\u00fctzt.<\/p>\n<p>Natural Factors setzt auf h\u00f6chste Qualit\u00e4tsstandards: Das Produkt enth\u00e4lt keine k\u00fcnstlichen Farb- oder Konservierungsstoffe, keine gentechnisch ver\u00e4nderten Organismen (GVO) und ist frei von Gluten sowie einer Vielzahl weiterer h\u00e4ufiger Allergene. Mit 60 Softgels pro Packung ist eine Versorgung f\u00fcr bis zu zwei Monate gew\u00e4hrleistet.<\/p>\n<\/p><\/div>\n<div class=\"chcg-nutrition\">\n<h3>N\u00e4hrwertangaben<\/h3>\n<table class=\"chcg-nutrition-table\">\n<thead>\n<tr>\n<th>N\u00e4hrstoff<\/th>\n<th>Pro Portion (1 Softgel)<\/th>\n<\/tr>\n<\/thead>\n<tbody>\n<tr>\n<td>Coenzyme Q10<\/td>\n<td>100 mg<\/td>\n<\/tr>\n<\/tbody>\n<\/table>\n<p class=\"chcg-footnote\">* Kein festgelegter Tagesreferenzwert vorhanden.<\/p>\n<\/p><\/div>\n<div class=\"chcg-ingredients\">\n<h3>Zutaten<\/h3>\n<p>Wirkstoff: Coenzyme Q10 100 mg. Weitere Zutaten: Reiskleie\u00f6l, nat\u00fcrliches Vitamin E.<\/p>\n<p class=\"chcg-capsule-shell\">Kapselh\u00fclle (Softgel): Gelatine, Glycerin, gereinigtes Wasser, Johannisbrot.<\/p>\n<\/p><\/div>\n<div class=\"chcg-dosage\">\n<h3>Verzehrempfehlung<\/h3>\n<p>1 Softgel, 1 bis 2 Mal t\u00e4glich oder gem\u00e4ss Anweisung einer Fachperson des Gesundheitswesens.<\/p>\n<\/p><\/div>\n<div class=\"chcg-warnings\">\n<h3>Warnhinweise<\/h3>\n<p>Wie bei allen Nahrungserg\u00e4nzungsmitteln empfiehlt sich vor der Einnahme eine R\u00fccksprache mit einer Fachperson des Gesundheitswesens, wenn Sie schwanger sind, stillen oder versuchen, schwanger zu werden, Medikamente einnehmen, an einer Erkrankung leiden oder einen chirurgischen Eingriff planen. Ausserhalb der Reichweite von Kindern aufbewahren. Nicht verwenden, wenn die Versiegelung besch\u00e4digt ist.<\/p>\n<\/p><\/div>\n<div class=\"chcg-allergens\">\n<h3>Allergeninformationen<\/h3>\n<p>Enth\u00e4lt keine k\u00fcnstlichen Farbstoffe, Konservierungsstoffe oder S\u00fcssungsmittel; keine Milchprodukte, St\u00e4rke, Zucker, Weizen, Gluten, Hefe, Mais, Ei, Fisch, Schalentiere, Salz, Baumn\u00fcsse oder GVO.<\/p>\n<\/p><\/div>\n<div class=\"chcg-storage\">\n<h3>Lagerung<\/h3>\n<p>An einem k\u00fchlen, trockenen Ort lagern. Versiegelt zu Ihrem Schutz.<\/p>\n<\/p><\/div>\n<div class=\"chcg-dietary\">\n<h3>Ern\u00e4hrungshinweise<\/h3>\n<ul>\n<li>Glutenfrei<\/li>\n<li>Laktosefrei<\/li>\n<\/ul><\/div>\n<\/div>\n","protected":false},"excerpt":{"rendered":"<p>Natural Factors Coenzyme Q10 100 mg liefert pro Softgel 100 % nat\u00fcrliches CoQ10 in Reiskleie\u00f6l f\u00fcr optimale Aufnahme. Glutenfrei und frei von k\u00fcnstlichen Zusatzstoffen. 60 Softgels pro Packung.<\/p>\n","protected":false},"featured_media":4122,"comment_status":"closed","ping_status":"open","template":"","meta":[],"product_brand":[296],"product_cat":[25,21],"product_tag":[],"class_list":{"0":"post-4121","1":"product","2":"type-product","3":"status-publish","4":"has-post-thumbnail","6":"product_brand-natural-factors","7":"product_cat-gesundheit-und-wohlbefinden","8":"product_cat-vitamine-und-mineralstoffe","10":"first","11":"outofstock","12":"taxable","13":"shipping-taxable","14":"purchasable","15":"product-type-simple"},"yoast_head":"<!-- This site is optimized with the Yoast SEO plugin v27.5 - https:\/\/yoast.com\/product\/yoast-seo-wordpress\/ -->\n<title>Coenzyme Q10 100 mg (60 Softgels) \u2013 Natural Factors | ecosupplements.ch<\/title>\n<meta name=\"description\" content=\"100 % nat\u00fcrliches Coenzyme Q10 (100 mg) in praktischen Softgels \u2013 glutenfrei, ohne k\u00fcnstliche Zusatzstoffe, 60 St\u00fcck. Jetzt bestellen.\" \/>\n<meta name=\"robots\" content=\"index, follow, max-snippet:-1, max-image-preview:large, max-video-preview:-1\" \/>\n<link rel=\"canonical\" href=\"https:\/\/ecosupplements.ch\/?product=natural-factors-coenzyme-q10-100-natural-100-mg-60-softgels\" \/>\n<meta property=\"og:locale\" content=\"de_DE\" \/>\n<meta property=\"og:type\" content=\"article\" \/>\n<meta property=\"og:title\" content=\"Coenzyme Q10 100 mg (60 Softgels) \u2013 Natural Factors | ecosupplements.ch\" \/>\n<meta property=\"og:description\" content=\"100 % nat\u00fcrliches Coenzyme Q10 (100 mg) in praktischen Softgels \u2013 glutenfrei, ohne k\u00fcnstliche Zusatzstoffe, 60 St\u00fcck. Jetzt bestellen.\" \/>\n<meta property=\"og:url\" content=\"https:\/\/ecosupplements.ch\/?product=natural-factors-coenzyme-q10-100-natural-100-mg-60-softgels\" \/>\n<meta property=\"og:site_name\" content=\"Eco Supplements\" \/>\n<meta property=\"article:modified_time\" content=\"2026-05-13T07:27:16+00:00\" \/>\n<meta property=\"og:image\" content=\"https:\/\/ecosupplements.ch\/wp-content\/uploads\/2026\/05\/Natural-Factors-Coenzyme-Q10-100-Natural-100-mg-60-Softgels.webp\" \/>\n\t<meta property=\"og:image:width\" content=\"1000\" \/>\n\t<meta property=\"og:image:height\" content=\"1000\" \/>\n\t<meta property=\"og:image:type\" content=\"image\/jpeg\" \/>\n<meta name=\"twitter:card\" content=\"summary_large_image\" \/>\n<meta name=\"twitter:label1\" content=\"Price\" \/>\n\t<meta name=\"twitter:data1\" content=\"&#067;&#072;&#070;&nbsp;10.47\" \/>\n\t<meta name=\"twitter:label2\" content=\"Availability\" \/>\n\t<meta name=\"twitter:data2\" content=\"Out of stock\" \/>\n<script type=\"application\/ld+json\" class=\"yoast-schema-graph\">{\"@context\":\"https:\\\/\\\/schema.org\",\"@graph\":[{\"@type\":\"WebPage\",\"@id\":\"https:\\\/\\\/ecosupplements.ch\\\/?product=natural-factors-coenzyme-q10-100-natural-100-mg-60-softgels\",\"url\":\"https:\\\/\\\/ecosupplements.ch\\\/?product=natural-factors-coenzyme-q10-100-natural-100-mg-60-softgels\",\"name\":\"Coenzyme Q10 100 mg (60 Softgels) \u2013 Natural Factors | ecosupplements.ch\",\"isPartOf\":{\"@id\":\"https:\\\/\\\/ecosupplements.ch\\\/#website\"},\"primaryImageOfPage\":{\"@id\":\"https:\\\/\\\/ecosupplements.ch\\\/?product=natural-factors-coenzyme-q10-100-natural-100-mg-60-softgels#primaryimage\"},\"image\":{\"@id\":\"https:\\\/\\\/ecosupplements.ch\\\/?product=natural-factors-coenzyme-q10-100-natural-100-mg-60-softgels#primaryimage\"},\"thumbnailUrl\":\"https:\\\/\\\/ecosupplements.ch\\\/wp-content\\\/uploads\\\/2026\\\/05\\\/Natural-Factors-Coenzyme-Q10-100-Natural-100-mg-60-Softgels.webp\",\"datePublished\":\"2026-05-11T14:55:57+00:00\",\"dateModified\":\"2026-05-13T07:27:16+00:00\",\"description\":\"100 % nat\u00fcrliches Coenzyme Q10 (100 mg) in praktischen Softgels \u2013 glutenfrei, ohne k\u00fcnstliche Zusatzstoffe, 60 St\u00fcck. Jetzt bestellen.\",\"breadcrumb\":{\"@id\":\"https:\\\/\\\/ecosupplements.ch\\\/?product=natural-factors-coenzyme-q10-100-natural-100-mg-60-softgels#breadcrumb\"},\"inLanguage\":\"de-CH\",\"potentialAction\":[{\"@type\":\"ReadAction\",\"target\":[\"https:\\\/\\\/ecosupplements.ch\\\/?product=natural-factors-coenzyme-q10-100-natural-100-mg-60-softgels\"]}]},{\"@type\":\"ImageObject\",\"inLanguage\":\"de-CH\",\"@id\":\"https:\\\/\\\/ecosupplements.ch\\\/?product=natural-factors-coenzyme-q10-100-natural-100-mg-60-softgels#primaryimage\",\"url\":\"https:\\\/\\\/ecosupplements.ch\\\/wp-content\\\/uploads\\\/2026\\\/05\\\/Natural-Factors-Coenzyme-Q10-100-Natural-100-mg-60-Softgels.webp\",\"contentUrl\":\"https:\\\/\\\/ecosupplements.ch\\\/wp-content\\\/uploads\\\/2026\\\/05\\\/Natural-Factors-Coenzyme-Q10-100-Natural-100-mg-60-Softgels.webp\",\"width\":1000,\"height\":1000,\"caption\":\"Natural Factors Coenzyme Q10 100 % Natural 100 mg (60 Softgels)\"},{\"@type\":\"BreadcrumbList\",\"@id\":\"https:\\\/\\\/ecosupplements.ch\\\/?product=natural-factors-coenzyme-q10-100-natural-100-mg-60-softgels#breadcrumb\",\"itemListElement\":[{\"@type\":\"ListItem\",\"position\":1,\"name\":\"Home\",\"item\":\"https:\\\/\\\/ecosupplements.ch\\\/\"},{\"@type\":\"ListItem\",\"position\":2,\"name\":\"Shop\",\"item\":\"https:\\\/\\\/ecosupplements.ch\\\/?page_id=14\"},{\"@type\":\"ListItem\",\"position\":3,\"name\":\"Natural Factors Coenzyme Q10 100 % Natural 100 mg (60 Softgels)\"}]},{\"@type\":\"WebSite\",\"@id\":\"https:\\\/\\\/ecosupplements.ch\\\/#website\",\"url\":\"https:\\\/\\\/ecosupplements.ch\\\/\",\"name\":\"Eco Supplements\",\"description\":\"\",\"potentialAction\":[{\"@type\":\"SearchAction\",\"target\":{\"@type\":\"EntryPoint\",\"urlTemplate\":\"https:\\\/\\\/ecosupplements.ch\\\/?s={search_term_string}\"},\"query-input\":{\"@type\":\"PropertyValueSpecification\",\"valueRequired\":true,\"valueName\":\"search_term_string\"}}],\"inLanguage\":\"de-CH\"}]}<\/script>\n<meta property=\"product:price:amount\" content=\"10.47\" \/>\n<meta property=\"product:price:currency\" content=\"CHF\" \/>\n<meta property=\"og:availability\" content=\"out of stock\" \/>\n<meta property=\"product:availability\" content=\"out of stock\" \/>\n<meta property=\"product:retailer_item_id\" content=\"068958020716\" \/>\n<meta property=\"product:condition\" content=\"new\" \/>\n<!-- \/ Yoast SEO plugin. -->","yoast_head_json":{"title":"Coenzyme Q10 100 mg (60 Softgels) \u2013 Natural Factors | ecosupplements.ch","description":"100 % nat\u00fcrliches Coenzyme Q10 (100 mg) in praktischen Softgels \u2013 glutenfrei, ohne k\u00fcnstliche Zusatzstoffe, 60 St\u00fcck. Jetzt bestellen.","robots":{"index":"index","follow":"follow","max-snippet":"max-snippet:-1","max-image-preview":"max-image-preview:large","max-video-preview":"max-video-preview:-1"},"canonical":"https:\/\/ecosupplements.ch\/?product=natural-factors-coenzyme-q10-100-natural-100-mg-60-softgels","og_locale":"de_DE","og_type":"article","og_title":"Coenzyme Q10 100 mg (60 Softgels) \u2013 Natural Factors | ecosupplements.ch","og_description":"100 % nat\u00fcrliches Coenzyme Q10 (100 mg) in praktischen Softgels \u2013 glutenfrei, ohne k\u00fcnstliche Zusatzstoffe, 60 St\u00fcck. Jetzt bestellen.","og_url":"https:\/\/ecosupplements.ch\/?product=natural-factors-coenzyme-q10-100-natural-100-mg-60-softgels","og_site_name":"Eco Supplements","article_modified_time":"2026-05-13T07:27:16+00:00","og_image":[{"width":1000,"height":1000,"url":"https:\/\/ecosupplements.ch\/wp-content\/uploads\/2026\/05\/Natural-Factors-Coenzyme-Q10-100-Natural-100-mg-60-Softgels.webp","type":"image\/jpeg"}],"twitter_card":"summary_large_image","twitter_misc":{"Price":"&#67;&#72;&#70;&nbsp;10.47","Availability":"Out of stock"},"schema":{"@context":"https:\/\/schema.org","@graph":[{"@type":"WebPage","@id":"https:\/\/ecosupplements.ch\/?product=natural-factors-coenzyme-q10-100-natural-100-mg-60-softgels","url":"https:\/\/ecosupplements.ch\/?product=natural-factors-coenzyme-q10-100-natural-100-mg-60-softgels","name":"Coenzyme Q10 100 mg (60 Softgels) \u2013 Natural Factors | ecosupplements.ch","isPartOf":{"@id":"https:\/\/ecosupplements.ch\/#website"},"primaryImageOfPage":{"@id":"https:\/\/ecosupplements.ch\/?product=natural-factors-coenzyme-q10-100-natural-100-mg-60-softgels#primaryimage"},"image":{"@id":"https:\/\/ecosupplements.ch\/?product=natural-factors-coenzyme-q10-100-natural-100-mg-60-softgels#primaryimage"},"thumbnailUrl":"https:\/\/ecosupplements.ch\/wp-content\/uploads\/2026\/05\/Natural-Factors-Coenzyme-Q10-100-Natural-100-mg-60-Softgels.webp","datePublished":"2026-05-11T14:55:57+00:00","dateModified":"2026-05-13T07:27:16+00:00","description":"100 % nat\u00fcrliches Coenzyme Q10 (100 mg) in praktischen Softgels \u2013 glutenfrei, ohne k\u00fcnstliche Zusatzstoffe, 60 St\u00fcck. Jetzt bestellen.","breadcrumb":{"@id":"https:\/\/ecosupplements.ch\/?product=natural-factors-coenzyme-q10-100-natural-100-mg-60-softgels#breadcrumb"},"inLanguage":"de-CH","potentialAction":[{"@type":"ReadAction","target":["https:\/\/ecosupplements.ch\/?product=natural-factors-coenzyme-q10-100-natural-100-mg-60-softgels"]}]},{"@type":"ImageObject","inLanguage":"de-CH","@id":"https:\/\/ecosupplements.ch\/?product=natural-factors-coenzyme-q10-100-natural-100-mg-60-softgels#primaryimage","url":"https:\/\/ecosupplements.ch\/wp-content\/uploads\/2026\/05\/Natural-Factors-Coenzyme-Q10-100-Natural-100-mg-60-Softgels.webp","contentUrl":"https:\/\/ecosupplements.ch\/wp-content\/uploads\/2026\/05\/Natural-Factors-Coenzyme-Q10-100-Natural-100-mg-60-Softgels.webp","width":1000,"height":1000,"caption":"Natural Factors Coenzyme Q10 100 % Natural 100 mg (60 Softgels)"},{"@type":"BreadcrumbList","@id":"https:\/\/ecosupplements.ch\/?product=natural-factors-coenzyme-q10-100-natural-100-mg-60-softgels#breadcrumb","itemListElement":[{"@type":"ListItem","position":1,"name":"Home","item":"https:\/\/ecosupplements.ch\/"},{"@type":"ListItem","position":2,"name":"Shop","item":"https:\/\/ecosupplements.ch\/?page_id=14"},{"@type":"ListItem","position":3,"name":"Natural Factors Coenzyme Q10 100 % Natural 100 mg (60 Softgels)"}]},{"@type":"WebSite","@id":"https:\/\/ecosupplements.ch\/#website","url":"https:\/\/ecosupplements.ch\/","name":"Eco Supplements","description":"","potentialAction":[{"@type":"SearchAction","target":{"@type":"EntryPoint","urlTemplate":"https:\/\/ecosupplements.ch\/?s={search_term_string}"},"query-input":{"@type":"PropertyValueSpecification","valueRequired":true,"valueName":"search_term_string"}}],"inLanguage":"de-CH"}]},"product_price_amount":"10.47","product_price_currency":"CHF","og_availability":"out of stock","product_availability":"out of stock","product_retailer_item_id":"068958020716","product_condition":"new"},"_links":{"self":[{"href":"https:\/\/ecosupplements.ch\/index.php?rest_route=\/wp\/v2\/product\/4121","targetHints":{"allow":["GET"]}}],"collection":[{"href":"https:\/\/ecosupplements.ch\/index.php?rest_route=\/wp\/v2\/product"}],"about":[{"href":"https:\/\/ecosupplements.ch\/index.php?rest_route=\/wp\/v2\/types\/product"}],"replies":[{"embeddable":true,"href":"https:\/\/ecosupplements.ch\/index.php?rest_route=%2Fwp%2Fv2%2Fcomments&post=4121"}],"wp:featuredmedia":[{"embeddable":true,"href":"https:\/\/ecosupplements.ch\/index.php?rest_route=\/wp\/v2\/media\/4122"}],"wp:attachment":[{"href":"https:\/\/ecosupplements.ch\/index.php?rest_route=%2Fwp%2Fv2%2Fmedia&parent=4121"}],"wp:term":[{"taxonomy":"product_brand","embeddable":true,"href":"https:\/\/ecosupplements.ch\/index.php?rest_route=%2Fwp%2Fv2%2Fproduct_brand&post=4121"},{"taxonomy":"product_cat","embeddable":true,"href":"https:\/\/ecosupplements.ch\/index.php?rest_route=%2Fwp%2Fv2%2Fproduct_cat&post=4121"},{"taxonomy":"product_tag","embeddable":true,"href":"https:\/\/ecosupplements.ch\/index.php?rest_route=%2Fwp%2Fv2%2Fproduct_tag&post=4121"}],"curies":[{"name":"wp","href":"https:\/\/api.w.org\/{rel}","templated":true}]}}