{"id":4787,"date":"2026-05-11T15:01:21","date_gmt":"2026-05-11T15:01:21","guid":{"rendered":"https:\/\/ecosupplements.ch\/?product=glucomannan-from-konjac-root-575mg-180-caps"},"modified":"2026-05-13T07:23:07","modified_gmt":"2026-05-13T07:23:07","slug":"glucomannan-from-konjac-root-575mg-180-caps","status":"publish","type":"product","link":"https:\/\/ecosupplements.ch\/?product=glucomannan-from-konjac-root-575mg-180-caps","title":{"rendered":"Glucomannan from Konjac Root, 575mg &#8211; 180 caps"},"content":{"rendered":"<div class=\"chcg-product-description\">\n<h2 class=\"chcg-heading\">\u00dcber NOW Foods \u2013 Glucomannan from Konjac Root, 575mg \u2013 180 Kapseln<\/h2>\n<div class=\"chcg-intro\">\n<p>Glucomannan ist ein nat\u00fcrlicher Ballaststoff, der aus der Konjac-Wurzel (Amorphophallus konjac) gewonnen wird. Er zeichnet sich durch sein aussergew\u00f6hnliches Wasserbindeverm\u00f6gen aus und gilt als einer der visk\u00f6sesten bekannten Nahrungsfasern. NOW Foods bietet diesen Wirkstoff in einer hochdosierten Formulierung mit 575 mg pro Kapsel an \u2013 konzipiert f\u00fcr eine unkomplizierte, t\u00e4gliche Anwendung.<\/p>\n<p>Glucomannan tr\u00e4gt bei einer t\u00e4glichen Aufnahme von 3 g, eingenommen in drei Portionen \u00e0 1 g mit ausreichend Wasser vor den Mahlzeiten, zur Aufrechterhaltung eines normalen Cholesterinspiegels im Blut bei. Zudem tr\u00e4gt Glucomannan im Rahmen einer kalorienreduzierten Ern\u00e4hrung zur Gewichtsabnahme bei. Diese Aussagen sind durch die EFSA wissenschaftlich belegt und beh\u00f6rdlich zugelassen.<\/p>\n<p>Die vegetarischen Kapseln von NOW Foods sind frei von tierischen Gelatine-Bestandteilen und eignen sich damit f\u00fcr eine vegane und vegetarische Lebensweise. Das Produkt wird in einer nach GMP-Standards zertifizierten Produktionsst\u00e4tte hergestellt und steht f\u00fcr die gewohnte Qualit\u00e4t der Marke NOW Foods.<\/p>\n<\/p><\/div>\n<div class=\"chcg-nutrition\">\n<h3>N\u00e4hrwertangaben<\/h3>\n<table class=\"chcg-nutrition-table\">\n<thead>\n<tr>\n<th>N\u00e4hrstoff<\/th>\n<th>Pro Portion (3 Kapseln)<\/th>\n<\/tr>\n<\/thead>\n<tbody>\n<tr>\n<td>Glucomannan (aus Konjac-Wurzel)<\/td>\n<td>1725 mg*<\/td>\n<\/tr>\n<\/tbody>\n<\/table>\n<p class=\"chcg-footnote\">* Kein festgelegter Tagesbedarf (NRV) vorhanden.<\/p>\n<p class=\"chcg-footnote\">Portionsgr\u00f6sse: 3 Kapseln | Portionen pro Packung: 60<\/p>\n<\/p><\/div>\n<div class=\"chcg-ingredients\">\n<h3>Zutaten<\/h3>\n<p>Glucomannan (aus Konjac-Wurzel). Weitere Zutaten: Hydroxypropylmethylcellulose (Cellulose-Kapsel), Hydroxypropylcellulose, Siliziumdioxid, mikrokristalline Cellulose und Stearins\u00e4ure (pflanzliche Quelle).<\/p>\n<p class=\"chcg-capsule-shell\">Kapselh\u00fclle: Hydroxypropylmethylcellulose (Cellulose-Kapsel)<\/p>\n<\/p><\/div>\n<div class=\"chcg-dosage\">\n<h3>Verzehrempfehlung<\/h3>\n<p>1- bis 2-mal t\u00e4glich 3 Kapseln mit mindestens 2,4 dl (ca. 240 ml) Wasser, 30\u201345 Minuten vor einer Mahlzeit einnehmen.<\/p>\n<\/p><\/div>\n<div class=\"chcg-warnings\">\n<h3>Warnhinweise<\/h3>\n<p>Nur f\u00fcr Erwachsene. Dieses Produkt ausschliesslich gem\u00e4ss der Empfehlung einnehmen. Ohne ausreichende Fl\u00fcssigkeitszufuhr kann das Produkt im Hals aufquellen und zu einer Blockade oder einem Erstickungsrisiko f\u00fchren. Nicht verwenden, wenn bei Ihnen jemals eine Verengung der Speiser\u00f6hre oder Schluckbeschwerden bestanden haben. Bei Schwangerschaft oder Stillzeit, bei gleichzeitiger Einnahme von Medikamenten oder bei bestehenden gesundheitlichen Beschwerden ist vor der Anwendung ein Arzt zu konsultieren. Ausserhalb der Reichweite von Kindern aufbewahren. Den beiliegenden Frischhaltebeutel nicht essen.<\/p>\n<\/p><\/div>\n<div class=\"chcg-allergens\">\n<h3>Allergeninformationen<\/h3>\n<p>Nicht hergestellt mit Weizen, Gluten, Soja, Milch, Ei, Fisch, Schalentieren oder Baumn\u00fcssen. Produziert in einer GMP-zertifizierten Anlage, die auch andere Zutaten verarbeitet, welche diese Allergene enthalten k\u00f6nnen.<\/p>\n<\/p><\/div>\n<div class=\"chcg-storage\">\n<h3>Lagerung<\/h3>\n<p>Nach dem \u00d6ffnen an einem k\u00fchlen, trockenen Ort aufbewahren.<\/p>\n<\/p><\/div>\n<div class=\"chcg-dietary\">\n<h3>Ern\u00e4hrungshinweise<\/h3>\n<ul>\n<li>Vegan<\/li>\n<li>Vegetarisch<\/li>\n<li>Glutenfrei<\/li>\n<li>Laktosefrei<\/li>\n<\/ul><\/div>\n<\/div>\n","protected":false},"excerpt":{"rendered":"<p>Glucomannan aus der Konjac-Wurzel unterst\u00fctzt als nat\u00fcrlicher Ballaststoff eine ausgewogene Ern\u00e4hrung. 180 vegane Kapseln \u00e0 575 mg \u2013 3 Kapseln pro Portion, 60 Portionen pro Packung. Jetzt bei ecosupplements.ch bestellen.<\/p>\n","protected":false},"featured_media":4788,"comment_status":"closed","ping_status":"open","template":"","meta":[],"product_brand":[454],"product_cat":[90,48,25,38,44,22,21],"product_tag":[],"class_list":{"0":"post-4787","1":"product","2":"type-product","3":"status-publish","4":"has-post-thumbnail","6":"product_brand-nownow-foods","7":"product_cat-fitness-training","8":"product_cat-gesunde-ernaehrung","9":"product_cat-gesundheit-und-wohlbefinden","10":"product_cat-gewichtskontrolle","11":"product_cat-pflanzliche-nahrungsergaenzungsmittel","12":"product_cat-vegane-produkte","13":"product_cat-vitamine-und-mineralstoffe","15":"first","16":"outofstock","17":"taxable","18":"shipping-taxable","19":"purchasable","20":"product-type-simple"},"yoast_head":"<!-- This site is optimized with the Yoast SEO plugin v27.5 - https:\/\/yoast.com\/product\/yoast-seo-wordpress\/ -->\n<title>Glucomannan Konjac Root 575mg \u2013 NOW Foods | ecosupplements.ch<\/title>\n<meta name=\"description\" content=\"Glucomannan aus Konjac-Wurzel als nat\u00fcrlicher Ballaststoff \u2013 180 vegane Kapseln von NOW Foods. Jetzt bestellen.\" \/>\n<meta name=\"robots\" content=\"index, follow, max-snippet:-1, max-image-preview:large, max-video-preview:-1\" \/>\n<link rel=\"canonical\" href=\"https:\/\/ecosupplements.ch\/?product=glucomannan-from-konjac-root-575mg-180-caps\" \/>\n<meta property=\"og:locale\" content=\"de_DE\" \/>\n<meta property=\"og:type\" content=\"article\" \/>\n<meta property=\"og:title\" content=\"Glucomannan Konjac Root 575mg \u2013 NOW Foods | ecosupplements.ch\" \/>\n<meta property=\"og:description\" content=\"Glucomannan aus Konjac-Wurzel als nat\u00fcrlicher Ballaststoff \u2013 180 vegane Kapseln von NOW Foods. Jetzt bestellen.\" \/>\n<meta property=\"og:url\" content=\"https:\/\/ecosupplements.ch\/?product=glucomannan-from-konjac-root-575mg-180-caps\" \/>\n<meta property=\"og:site_name\" content=\"Eco Supplements\" \/>\n<meta property=\"article:modified_time\" content=\"2026-05-13T07:23:07+00:00\" \/>\n<meta property=\"og:image\" content=\"https:\/\/ecosupplements.ch\/wp-content\/uploads\/2026\/05\/Glucomannan-from-Konjac-Root-575mg-180-caps.webp\" \/>\n\t<meta property=\"og:image:width\" content=\"1000\" \/>\n\t<meta property=\"og:image:height\" content=\"1000\" \/>\n\t<meta property=\"og:image:type\" content=\"image\/jpeg\" \/>\n<meta name=\"twitter:card\" content=\"summary_large_image\" \/>\n<meta name=\"twitter:label1\" content=\"Price\" \/>\n\t<meta name=\"twitter:data1\" content=\"&#067;&#072;&#070;&nbsp;22.75\" \/>\n\t<meta name=\"twitter:label2\" content=\"Availability\" \/>\n\t<meta name=\"twitter:data2\" content=\"Out of stock\" \/>\n<script type=\"application\/ld+json\" class=\"yoast-schema-graph\">{\"@context\":\"https:\\\/\\\/schema.org\",\"@graph\":[{\"@type\":\"WebPage\",\"@id\":\"https:\\\/\\\/ecosupplements.ch\\\/?product=glucomannan-from-konjac-root-575mg-180-caps\",\"url\":\"https:\\\/\\\/ecosupplements.ch\\\/?product=glucomannan-from-konjac-root-575mg-180-caps\",\"name\":\"Glucomannan Konjac Root 575mg \u2013 NOW Foods | ecosupplements.ch\",\"isPartOf\":{\"@id\":\"https:\\\/\\\/ecosupplements.ch\\\/#website\"},\"primaryImageOfPage\":{\"@id\":\"https:\\\/\\\/ecosupplements.ch\\\/?product=glucomannan-from-konjac-root-575mg-180-caps#primaryimage\"},\"image\":{\"@id\":\"https:\\\/\\\/ecosupplements.ch\\\/?product=glucomannan-from-konjac-root-575mg-180-caps#primaryimage\"},\"thumbnailUrl\":\"https:\\\/\\\/ecosupplements.ch\\\/wp-content\\\/uploads\\\/2026\\\/05\\\/Glucomannan-from-Konjac-Root-575mg-180-caps.webp\",\"datePublished\":\"2026-05-11T15:01:21+00:00\",\"dateModified\":\"2026-05-13T07:23:07+00:00\",\"description\":\"Glucomannan aus Konjac-Wurzel als nat\u00fcrlicher Ballaststoff \u2013 180 vegane Kapseln von NOW Foods. Jetzt bestellen.\",\"breadcrumb\":{\"@id\":\"https:\\\/\\\/ecosupplements.ch\\\/?product=glucomannan-from-konjac-root-575mg-180-caps#breadcrumb\"},\"inLanguage\":\"de-CH\",\"potentialAction\":[{\"@type\":\"ReadAction\",\"target\":[\"https:\\\/\\\/ecosupplements.ch\\\/?product=glucomannan-from-konjac-root-575mg-180-caps\"]}]},{\"@type\":\"ImageObject\",\"inLanguage\":\"de-CH\",\"@id\":\"https:\\\/\\\/ecosupplements.ch\\\/?product=glucomannan-from-konjac-root-575mg-180-caps#primaryimage\",\"url\":\"https:\\\/\\\/ecosupplements.ch\\\/wp-content\\\/uploads\\\/2026\\\/05\\\/Glucomannan-from-Konjac-Root-575mg-180-caps.webp\",\"contentUrl\":\"https:\\\/\\\/ecosupplements.ch\\\/wp-content\\\/uploads\\\/2026\\\/05\\\/Glucomannan-from-Konjac-Root-575mg-180-caps.webp\",\"width\":1000,\"height\":1000,\"caption\":\"Glucomannan from Konjac Root\"},{\"@type\":\"BreadcrumbList\",\"@id\":\"https:\\\/\\\/ecosupplements.ch\\\/?product=glucomannan-from-konjac-root-575mg-180-caps#breadcrumb\",\"itemListElement\":[{\"@type\":\"ListItem\",\"position\":1,\"name\":\"Home\",\"item\":\"https:\\\/\\\/ecosupplements.ch\\\/\"},{\"@type\":\"ListItem\",\"position\":2,\"name\":\"Shop\",\"item\":\"https:\\\/\\\/ecosupplements.ch\\\/?page_id=14\"},{\"@type\":\"ListItem\",\"position\":3,\"name\":\"Glucomannan from Konjac Root, 575mg &#8211; 180 caps\"}]},{\"@type\":\"WebSite\",\"@id\":\"https:\\\/\\\/ecosupplements.ch\\\/#website\",\"url\":\"https:\\\/\\\/ecosupplements.ch\\\/\",\"name\":\"Eco Supplements\",\"description\":\"\",\"potentialAction\":[{\"@type\":\"SearchAction\",\"target\":{\"@type\":\"EntryPoint\",\"urlTemplate\":\"https:\\\/\\\/ecosupplements.ch\\\/?s={search_term_string}\"},\"query-input\":{\"@type\":\"PropertyValueSpecification\",\"valueRequired\":true,\"valueName\":\"search_term_string\"}}],\"inLanguage\":\"de-CH\"}]}<\/script>\n<meta property=\"product:price:amount\" content=\"22.75\" \/>\n<meta property=\"product:price:currency\" content=\"CHF\" \/>\n<meta property=\"og:availability\" content=\"out of stock\" \/>\n<meta property=\"product:availability\" content=\"out of stock\" \/>\n<meta property=\"product:retailer_item_id\" content=\"733739065124\" \/>\n<meta property=\"product:condition\" content=\"new\" \/>\n<!-- \/ Yoast SEO plugin. -->","yoast_head_json":{"title":"Glucomannan Konjac Root 575mg \u2013 NOW Foods | ecosupplements.ch","description":"Glucomannan aus Konjac-Wurzel als nat\u00fcrlicher Ballaststoff \u2013 180 vegane Kapseln von NOW Foods. Jetzt bestellen.","robots":{"index":"index","follow":"follow","max-snippet":"max-snippet:-1","max-image-preview":"max-image-preview:large","max-video-preview":"max-video-preview:-1"},"canonical":"https:\/\/ecosupplements.ch\/?product=glucomannan-from-konjac-root-575mg-180-caps","og_locale":"de_DE","og_type":"article","og_title":"Glucomannan Konjac Root 575mg \u2013 NOW Foods | ecosupplements.ch","og_description":"Glucomannan aus Konjac-Wurzel als nat\u00fcrlicher Ballaststoff \u2013 180 vegane Kapseln von NOW Foods. Jetzt bestellen.","og_url":"https:\/\/ecosupplements.ch\/?product=glucomannan-from-konjac-root-575mg-180-caps","og_site_name":"Eco Supplements","article_modified_time":"2026-05-13T07:23:07+00:00","og_image":[{"width":1000,"height":1000,"url":"https:\/\/ecosupplements.ch\/wp-content\/uploads\/2026\/05\/Glucomannan-from-Konjac-Root-575mg-180-caps.webp","type":"image\/jpeg"}],"twitter_card":"summary_large_image","twitter_misc":{"Price":"&#67;&#72;&#70;&nbsp;22.75","Availability":"Out of stock"},"schema":{"@context":"https:\/\/schema.org","@graph":[{"@type":"WebPage","@id":"https:\/\/ecosupplements.ch\/?product=glucomannan-from-konjac-root-575mg-180-caps","url":"https:\/\/ecosupplements.ch\/?product=glucomannan-from-konjac-root-575mg-180-caps","name":"Glucomannan Konjac Root 575mg \u2013 NOW Foods | ecosupplements.ch","isPartOf":{"@id":"https:\/\/ecosupplements.ch\/#website"},"primaryImageOfPage":{"@id":"https:\/\/ecosupplements.ch\/?product=glucomannan-from-konjac-root-575mg-180-caps#primaryimage"},"image":{"@id":"https:\/\/ecosupplements.ch\/?product=glucomannan-from-konjac-root-575mg-180-caps#primaryimage"},"thumbnailUrl":"https:\/\/ecosupplements.ch\/wp-content\/uploads\/2026\/05\/Glucomannan-from-Konjac-Root-575mg-180-caps.webp","datePublished":"2026-05-11T15:01:21+00:00","dateModified":"2026-05-13T07:23:07+00:00","description":"Glucomannan aus Konjac-Wurzel als nat\u00fcrlicher Ballaststoff \u2013 180 vegane Kapseln von NOW Foods. Jetzt bestellen.","breadcrumb":{"@id":"https:\/\/ecosupplements.ch\/?product=glucomannan-from-konjac-root-575mg-180-caps#breadcrumb"},"inLanguage":"de-CH","potentialAction":[{"@type":"ReadAction","target":["https:\/\/ecosupplements.ch\/?product=glucomannan-from-konjac-root-575mg-180-caps"]}]},{"@type":"ImageObject","inLanguage":"de-CH","@id":"https:\/\/ecosupplements.ch\/?product=glucomannan-from-konjac-root-575mg-180-caps#primaryimage","url":"https:\/\/ecosupplements.ch\/wp-content\/uploads\/2026\/05\/Glucomannan-from-Konjac-Root-575mg-180-caps.webp","contentUrl":"https:\/\/ecosupplements.ch\/wp-content\/uploads\/2026\/05\/Glucomannan-from-Konjac-Root-575mg-180-caps.webp","width":1000,"height":1000,"caption":"Glucomannan from Konjac Root"},{"@type":"BreadcrumbList","@id":"https:\/\/ecosupplements.ch\/?product=glucomannan-from-konjac-root-575mg-180-caps#breadcrumb","itemListElement":[{"@type":"ListItem","position":1,"name":"Home","item":"https:\/\/ecosupplements.ch\/"},{"@type":"ListItem","position":2,"name":"Shop","item":"https:\/\/ecosupplements.ch\/?page_id=14"},{"@type":"ListItem","position":3,"name":"Glucomannan from Konjac Root, 575mg &#8211; 180 caps"}]},{"@type":"WebSite","@id":"https:\/\/ecosupplements.ch\/#website","url":"https:\/\/ecosupplements.ch\/","name":"Eco Supplements","description":"","potentialAction":[{"@type":"SearchAction","target":{"@type":"EntryPoint","urlTemplate":"https:\/\/ecosupplements.ch\/?s={search_term_string}"},"query-input":{"@type":"PropertyValueSpecification","valueRequired":true,"valueName":"search_term_string"}}],"inLanguage":"de-CH"}]},"product_price_amount":"22.75","product_price_currency":"CHF","og_availability":"out of stock","product_availability":"out of stock","product_retailer_item_id":"733739065124","product_condition":"new"},"_links":{"self":[{"href":"https:\/\/ecosupplements.ch\/index.php?rest_route=\/wp\/v2\/product\/4787","targetHints":{"allow":["GET"]}}],"collection":[{"href":"https:\/\/ecosupplements.ch\/index.php?rest_route=\/wp\/v2\/product"}],"about":[{"href":"https:\/\/ecosupplements.ch\/index.php?rest_route=\/wp\/v2\/types\/product"}],"replies":[{"embeddable":true,"href":"https:\/\/ecosupplements.ch\/index.php?rest_route=%2Fwp%2Fv2%2Fcomments&post=4787"}],"wp:featuredmedia":[{"embeddable":true,"href":"https:\/\/ecosupplements.ch\/index.php?rest_route=\/wp\/v2\/media\/4788"}],"wp:attachment":[{"href":"https:\/\/ecosupplements.ch\/index.php?rest_route=%2Fwp%2Fv2%2Fmedia&parent=4787"}],"wp:term":[{"taxonomy":"product_brand","embeddable":true,"href":"https:\/\/ecosupplements.ch\/index.php?rest_route=%2Fwp%2Fv2%2Fproduct_brand&post=4787"},{"taxonomy":"product_cat","embeddable":true,"href":"https:\/\/ecosupplements.ch\/index.php?rest_route=%2Fwp%2Fv2%2Fproduct_cat&post=4787"},{"taxonomy":"product_tag","embeddable":true,"href":"https:\/\/ecosupplements.ch\/index.php?rest_route=%2Fwp%2Fv2%2Fproduct_tag&post=4787"}],"curies":[{"name":"wp","href":"https:\/\/api.w.org\/{rel}","templated":true}]}}