{"id":4823,"date":"2026-05-11T15:01:39","date_gmt":"2026-05-11T15:01:39","guid":{"rendered":"https:\/\/ecosupplements.ch\/?product=inulin-prebiotic-pure-powder-227g"},"modified":"2026-05-13T07:23:10","modified_gmt":"2026-05-13T07:23:10","slug":"inulin-prebiotic-pure-powder-227g","status":"publish","type":"product","link":"https:\/\/ecosupplements.ch\/?product=inulin-prebiotic-pure-powder-227g","title":{"rendered":"Inulin Prebiotic Pure Powder &#8211; 227g"},"content":{"rendered":"<div class=\"chcg-product-description\">\n<h2 class=\"chcg-heading\">\u00dcber NOW Foods \u2013 Inulin Prebiotic Pure Pulver \u2013 227g<\/h2>\n<div class=\"chcg-intro\">\n<p>Das Inulin Prebiotic Pure Pulver von NOW Foods liefert reines Inulin (FOS) aus Blauagave \u2013 ein nat\u00fcrlich vorkommendes Pr\u00e4biotikum, das als Nahrungsquelle f\u00fcr n\u00fctzliche Darmbakterien dient und so zur Unterst\u00fctzung einer gesunden Darmflora beitragen kann. Jeder gestrichene Teel\u00f6ffel (ca. 4 g) enth\u00e4lt 3,30 g Inulin (FOS) \u2013 ohne jegliche Zusatzstoffe.<\/p>\n<p>Das Pulver ist geschmacksneutral und l\u00e4sst sich unkompliziert in Getr\u00e4nke oder Speisen einr\u00fchren, was es ideal f\u00fcr die t\u00e4gliche Anwendung macht. Das Produkt eignet sich hervorragend f\u00fcr alle, die ihre Ern\u00e4hrung gezielt mit einem reinen, hochwertigen Pr\u00e4biotikum erg\u00e4nzen m\u00f6chten.<\/p>\n<p>NOW Foods steht f\u00fcr h\u00f6chste Qualit\u00e4tsstandards: Das Produkt wird unter GMP-Bedingungen (Good Manufacturing Practice) hergestellt und ist frei von unn\u00f6tigen Zusatz- oder F\u00fcllstoffen. Mit ca. 57 Portionen pro Beh\u00e4lter bietet die 227-g-Dose ein hervorragendes Preis-Leistungs-Verh\u00e4ltnis.<\/p>\n<\/p><\/div>\n<div class=\"chcg-nutrition\">\n<h3>N\u00e4hrwertangaben<\/h3>\n<table class=\"chcg-nutrition-table\">\n<thead>\n<tr>\n<th>N\u00e4hrstoff<\/th>\n<th>Pro Portion (ca. 4 g)<\/th>\n<\/tr>\n<\/thead>\n<tbody>\n<tr>\n<td>Inulin (FOS) (aus Blauagave)<\/td>\n<td>3,30 g<\/td>\n<\/tr>\n<\/tbody>\n<\/table>\n<p class=\"chcg-footnote\">Portionsgr\u00f6sse: 1 gestrichener Teel\u00f6ffel (ca. 4 g) | Ca. 57 Portionen pro Beh\u00e4lter<\/p>\n<p class=\"chcg-footnote\">* Kein festgelegter Tagesbedarf.<\/p>\n<\/p><\/div>\n<div class=\"chcg-ingredients\">\n<h3>Zutaten<\/h3>\n<p>Inulin (FOS) (aus Blauagave). Weitere Zutaten: Keine.<\/p>\n<\/p><\/div>\n<div class=\"chcg-dosage\">\n<h3>Verzehrempfehlung<\/h3>\n<p>1 gestrichenen Teel\u00f6ffel 1- bis 3-mal t\u00e4glich einnehmen. In ein bevorzugtes Getr\u00e4nk oder Speise einr\u00fchren. Mit 1 Teel\u00f6ffel pro Tag beginnen und die Dosierung langsam steigern, um Magen-Darm-Beschwerden zu begrenzen.<\/p>\n<\/p><\/div>\n<div class=\"chcg-warnings\">\n<h3>Warnhinweise<\/h3>\n<p>Nur f\u00fcr Erwachsene. Kann leichte, vor\u00fcbergehende Magen-Darm-Beschwerden verursachen. Bei Schwangerschaft oder Stillzeit, bei Einnahme von Medikamenten oder bei bestehenden gesundheitlichen Beschwerden vor der Einnahme einen Arzt konsultieren. Ausserhalb der Reichweite von Kindern aufbewahren. Das beiliegende Frischepaket nicht verzehren. Nat\u00fcrliche Farbvariationen des Produkts sind m\u00f6glich. Dieses Produkt wird nach Gewicht und nicht nach Volumen verkauft.<\/p>\n<\/p><\/div>\n<div class=\"chcg-allergens\">\n<h3>Allergeninformationen<\/h3>\n<p>Nicht hergestellt mit Hefe, Weizen, Gluten, Soja, Milch, Ei, Fisch, Schalentieren, Baumn\u00fcssen oder Sesam. Hergestellt in einem GMP-Betrieb, der andere Zutaten verarbeitet, die diese Allergene enthalten k\u00f6nnen.<\/p>\n<\/p><\/div>\n<div class=\"chcg-storage\">\n<h3>Lagerung<\/h3>\n<p>Nach dem \u00d6ffnen k\u00fchl und trocken lagern.<\/p>\n<\/p><\/div>\n<div class=\"chcg-dietary\">\n<h3>Ern\u00e4hrungshinweise<\/h3>\n<ul>\n<li>Vegan<\/li>\n<li>Vegetarisch<\/li>\n<li>Glutenfrei<\/li>\n<li>Laktosefrei<\/li>\n<\/ul><\/div>\n<\/div>\n","protected":false},"excerpt":{"rendered":"<p>Reines Inulin (FOS) aus Blauagave zur t\u00e4glichen Unterst\u00fctzung einer gesunden Darmflora. Geschmacksneutrales Pulver, leicht in Getr\u00e4nke oder Speisen einr\u00fchrbar. 227 g mit ca. 57 Portionen pro Beh\u00e4lter.<\/p>\n","protected":false},"featured_media":4824,"comment_status":"closed","ping_status":"open","template":"","meta":[],"product_brand":[454],"product_cat":[48,25,22,171,21],"product_tag":[],"class_list":{"0":"post-4823","1":"product","2":"type-product","3":"status-publish","4":"has-post-thumbnail","6":"product_brand-nownow-foods","7":"product_cat-gesunde-ernaehrung","8":"product_cat-gesundheit-und-wohlbefinden","9":"product_cat-vegane-produkte","10":"product_cat-vitamine-und-mineralien","11":"product_cat-vitamine-und-mineralstoffe","13":"first","14":"outofstock","15":"taxable","16":"shipping-taxable","17":"purchasable","18":"product-type-simple"},"yoast_head":"<!-- This site is optimized with the Yoast SEO plugin v27.5 - https:\/\/yoast.com\/product\/yoast-seo-wordpress\/ -->\n<title>Inulin Prebiotic Pure Pulver 227g \u2013 NOW Foods | ecosupplements.ch<\/title>\n<meta name=\"description\" content=\"Reines Inulin (FOS) aus Blauagave als geschmacksneutrales Pulver \u2013 ohne Zusatzstoffe, vegan und glutenfrei. 227 g mit ca. 57 Portionen. Jetzt bestellen.\" \/>\n<meta name=\"robots\" content=\"index, follow, max-snippet:-1, max-image-preview:large, max-video-preview:-1\" \/>\n<link rel=\"canonical\" href=\"https:\/\/ecosupplements.ch\/?product=inulin-prebiotic-pure-powder-227g\" \/>\n<meta property=\"og:locale\" content=\"de_DE\" \/>\n<meta property=\"og:type\" content=\"article\" \/>\n<meta property=\"og:title\" content=\"Inulin Prebiotic Pure Pulver 227g \u2013 NOW Foods | ecosupplements.ch\" \/>\n<meta property=\"og:description\" content=\"Reines Inulin (FOS) aus Blauagave als geschmacksneutrales Pulver \u2013 ohne Zusatzstoffe, vegan und glutenfrei. 227 g mit ca. 57 Portionen. Jetzt bestellen.\" \/>\n<meta property=\"og:url\" content=\"https:\/\/ecosupplements.ch\/?product=inulin-prebiotic-pure-powder-227g\" \/>\n<meta property=\"og:site_name\" content=\"Eco Supplements\" \/>\n<meta property=\"article:modified_time\" content=\"2026-05-13T07:23:10+00:00\" \/>\n<meta property=\"og:image\" content=\"https:\/\/ecosupplements.ch\/wp-content\/uploads\/2026\/05\/Inulin-Prebiotic-Pure-Powder-227g.webp\" \/>\n\t<meta property=\"og:image:width\" content=\"1000\" \/>\n\t<meta property=\"og:image:height\" content=\"1000\" \/>\n\t<meta property=\"og:image:type\" content=\"image\/jpeg\" \/>\n<meta name=\"twitter:card\" content=\"summary_large_image\" \/>\n<meta name=\"twitter:label1\" content=\"Price\" \/>\n\t<meta name=\"twitter:data1\" content=\"&#067;&#072;&#070;&nbsp;14.51\" \/>\n\t<meta name=\"twitter:label2\" content=\"Availability\" \/>\n\t<meta name=\"twitter:data2\" content=\"Out of stock\" \/>\n<script type=\"application\/ld+json\" class=\"yoast-schema-graph\">{\"@context\":\"https:\\\/\\\/schema.org\",\"@graph\":[{\"@type\":\"WebPage\",\"@id\":\"https:\\\/\\\/ecosupplements.ch\\\/?product=inulin-prebiotic-pure-powder-227g\",\"url\":\"https:\\\/\\\/ecosupplements.ch\\\/?product=inulin-prebiotic-pure-powder-227g\",\"name\":\"Inulin Prebiotic Pure Pulver 227g \u2013 NOW Foods | ecosupplements.ch\",\"isPartOf\":{\"@id\":\"https:\\\/\\\/ecosupplements.ch\\\/#website\"},\"primaryImageOfPage\":{\"@id\":\"https:\\\/\\\/ecosupplements.ch\\\/?product=inulin-prebiotic-pure-powder-227g#primaryimage\"},\"image\":{\"@id\":\"https:\\\/\\\/ecosupplements.ch\\\/?product=inulin-prebiotic-pure-powder-227g#primaryimage\"},\"thumbnailUrl\":\"https:\\\/\\\/ecosupplements.ch\\\/wp-content\\\/uploads\\\/2026\\\/05\\\/Inulin-Prebiotic-Pure-Powder-227g.webp\",\"datePublished\":\"2026-05-11T15:01:39+00:00\",\"dateModified\":\"2026-05-13T07:23:10+00:00\",\"description\":\"Reines Inulin (FOS) aus Blauagave als geschmacksneutrales Pulver \u2013 ohne Zusatzstoffe, vegan und glutenfrei. 227 g mit ca. 57 Portionen. Jetzt bestellen.\",\"breadcrumb\":{\"@id\":\"https:\\\/\\\/ecosupplements.ch\\\/?product=inulin-prebiotic-pure-powder-227g#breadcrumb\"},\"inLanguage\":\"de-CH\",\"potentialAction\":[{\"@type\":\"ReadAction\",\"target\":[\"https:\\\/\\\/ecosupplements.ch\\\/?product=inulin-prebiotic-pure-powder-227g\"]}]},{\"@type\":\"ImageObject\",\"inLanguage\":\"de-CH\",\"@id\":\"https:\\\/\\\/ecosupplements.ch\\\/?product=inulin-prebiotic-pure-powder-227g#primaryimage\",\"url\":\"https:\\\/\\\/ecosupplements.ch\\\/wp-content\\\/uploads\\\/2026\\\/05\\\/Inulin-Prebiotic-Pure-Powder-227g.webp\",\"contentUrl\":\"https:\\\/\\\/ecosupplements.ch\\\/wp-content\\\/uploads\\\/2026\\\/05\\\/Inulin-Prebiotic-Pure-Powder-227g.webp\",\"width\":1000,\"height\":1000,\"caption\":\"Inulin Prebiotic Pure Powder - 227g\"},{\"@type\":\"BreadcrumbList\",\"@id\":\"https:\\\/\\\/ecosupplements.ch\\\/?product=inulin-prebiotic-pure-powder-227g#breadcrumb\",\"itemListElement\":[{\"@type\":\"ListItem\",\"position\":1,\"name\":\"Home\",\"item\":\"https:\\\/\\\/ecosupplements.ch\\\/\"},{\"@type\":\"ListItem\",\"position\":2,\"name\":\"Shop\",\"item\":\"https:\\\/\\\/ecosupplements.ch\\\/?page_id=14\"},{\"@type\":\"ListItem\",\"position\":3,\"name\":\"Inulin Prebiotic Pure Powder &#8211; 227g\"}]},{\"@type\":\"WebSite\",\"@id\":\"https:\\\/\\\/ecosupplements.ch\\\/#website\",\"url\":\"https:\\\/\\\/ecosupplements.ch\\\/\",\"name\":\"Eco Supplements\",\"description\":\"\",\"potentialAction\":[{\"@type\":\"SearchAction\",\"target\":{\"@type\":\"EntryPoint\",\"urlTemplate\":\"https:\\\/\\\/ecosupplements.ch\\\/?s={search_term_string}\"},\"query-input\":{\"@type\":\"PropertyValueSpecification\",\"valueRequired\":true,\"valueName\":\"search_term_string\"}}],\"inLanguage\":\"de-CH\"}]}<\/script>\n<meta property=\"product:price:amount\" content=\"14.51\" \/>\n<meta property=\"product:price:currency\" content=\"CHF\" \/>\n<meta property=\"og:availability\" content=\"out of stock\" \/>\n<meta property=\"product:availability\" content=\"out of stock\" \/>\n<meta property=\"product:retailer_item_id\" content=\"733739029447\" \/>\n<meta property=\"product:condition\" content=\"new\" \/>\n<!-- \/ Yoast SEO plugin. -->","yoast_head_json":{"title":"Inulin Prebiotic Pure Pulver 227g \u2013 NOW Foods | ecosupplements.ch","description":"Reines Inulin (FOS) aus Blauagave als geschmacksneutrales Pulver \u2013 ohne Zusatzstoffe, vegan und glutenfrei. 227 g mit ca. 57 Portionen. Jetzt bestellen.","robots":{"index":"index","follow":"follow","max-snippet":"max-snippet:-1","max-image-preview":"max-image-preview:large","max-video-preview":"max-video-preview:-1"},"canonical":"https:\/\/ecosupplements.ch\/?product=inulin-prebiotic-pure-powder-227g","og_locale":"de_DE","og_type":"article","og_title":"Inulin Prebiotic Pure Pulver 227g \u2013 NOW Foods | ecosupplements.ch","og_description":"Reines Inulin (FOS) aus Blauagave als geschmacksneutrales Pulver \u2013 ohne Zusatzstoffe, vegan und glutenfrei. 227 g mit ca. 57 Portionen. Jetzt bestellen.","og_url":"https:\/\/ecosupplements.ch\/?product=inulin-prebiotic-pure-powder-227g","og_site_name":"Eco Supplements","article_modified_time":"2026-05-13T07:23:10+00:00","og_image":[{"width":1000,"height":1000,"url":"https:\/\/ecosupplements.ch\/wp-content\/uploads\/2026\/05\/Inulin-Prebiotic-Pure-Powder-227g.webp","type":"image\/jpeg"}],"twitter_card":"summary_large_image","twitter_misc":{"Price":"&#67;&#72;&#70;&nbsp;14.51","Availability":"Out of stock"},"schema":{"@context":"https:\/\/schema.org","@graph":[{"@type":"WebPage","@id":"https:\/\/ecosupplements.ch\/?product=inulin-prebiotic-pure-powder-227g","url":"https:\/\/ecosupplements.ch\/?product=inulin-prebiotic-pure-powder-227g","name":"Inulin Prebiotic Pure Pulver 227g \u2013 NOW Foods | ecosupplements.ch","isPartOf":{"@id":"https:\/\/ecosupplements.ch\/#website"},"primaryImageOfPage":{"@id":"https:\/\/ecosupplements.ch\/?product=inulin-prebiotic-pure-powder-227g#primaryimage"},"image":{"@id":"https:\/\/ecosupplements.ch\/?product=inulin-prebiotic-pure-powder-227g#primaryimage"},"thumbnailUrl":"https:\/\/ecosupplements.ch\/wp-content\/uploads\/2026\/05\/Inulin-Prebiotic-Pure-Powder-227g.webp","datePublished":"2026-05-11T15:01:39+00:00","dateModified":"2026-05-13T07:23:10+00:00","description":"Reines Inulin (FOS) aus Blauagave als geschmacksneutrales Pulver \u2013 ohne Zusatzstoffe, vegan und glutenfrei. 227 g mit ca. 57 Portionen. Jetzt bestellen.","breadcrumb":{"@id":"https:\/\/ecosupplements.ch\/?product=inulin-prebiotic-pure-powder-227g#breadcrumb"},"inLanguage":"de-CH","potentialAction":[{"@type":"ReadAction","target":["https:\/\/ecosupplements.ch\/?product=inulin-prebiotic-pure-powder-227g"]}]},{"@type":"ImageObject","inLanguage":"de-CH","@id":"https:\/\/ecosupplements.ch\/?product=inulin-prebiotic-pure-powder-227g#primaryimage","url":"https:\/\/ecosupplements.ch\/wp-content\/uploads\/2026\/05\/Inulin-Prebiotic-Pure-Powder-227g.webp","contentUrl":"https:\/\/ecosupplements.ch\/wp-content\/uploads\/2026\/05\/Inulin-Prebiotic-Pure-Powder-227g.webp","width":1000,"height":1000,"caption":"Inulin Prebiotic Pure Powder - 227g"},{"@type":"BreadcrumbList","@id":"https:\/\/ecosupplements.ch\/?product=inulin-prebiotic-pure-powder-227g#breadcrumb","itemListElement":[{"@type":"ListItem","position":1,"name":"Home","item":"https:\/\/ecosupplements.ch\/"},{"@type":"ListItem","position":2,"name":"Shop","item":"https:\/\/ecosupplements.ch\/?page_id=14"},{"@type":"ListItem","position":3,"name":"Inulin Prebiotic Pure Powder &#8211; 227g"}]},{"@type":"WebSite","@id":"https:\/\/ecosupplements.ch\/#website","url":"https:\/\/ecosupplements.ch\/","name":"Eco Supplements","description":"","potentialAction":[{"@type":"SearchAction","target":{"@type":"EntryPoint","urlTemplate":"https:\/\/ecosupplements.ch\/?s={search_term_string}"},"query-input":{"@type":"PropertyValueSpecification","valueRequired":true,"valueName":"search_term_string"}}],"inLanguage":"de-CH"}]},"product_price_amount":"14.51","product_price_currency":"CHF","og_availability":"out of stock","product_availability":"out of stock","product_retailer_item_id":"733739029447","product_condition":"new"},"_links":{"self":[{"href":"https:\/\/ecosupplements.ch\/index.php?rest_route=\/wp\/v2\/product\/4823","targetHints":{"allow":["GET"]}}],"collection":[{"href":"https:\/\/ecosupplements.ch\/index.php?rest_route=\/wp\/v2\/product"}],"about":[{"href":"https:\/\/ecosupplements.ch\/index.php?rest_route=\/wp\/v2\/types\/product"}],"replies":[{"embeddable":true,"href":"https:\/\/ecosupplements.ch\/index.php?rest_route=%2Fwp%2Fv2%2Fcomments&post=4823"}],"wp:featuredmedia":[{"embeddable":true,"href":"https:\/\/ecosupplements.ch\/index.php?rest_route=\/wp\/v2\/media\/4824"}],"wp:attachment":[{"href":"https:\/\/ecosupplements.ch\/index.php?rest_route=%2Fwp%2Fv2%2Fmedia&parent=4823"}],"wp:term":[{"taxonomy":"product_brand","embeddable":true,"href":"https:\/\/ecosupplements.ch\/index.php?rest_route=%2Fwp%2Fv2%2Fproduct_brand&post=4823"},{"taxonomy":"product_cat","embeddable":true,"href":"https:\/\/ecosupplements.ch\/index.php?rest_route=%2Fwp%2Fv2%2Fproduct_cat&post=4823"},{"taxonomy":"product_tag","embeddable":true,"href":"https:\/\/ecosupplements.ch\/index.php?rest_route=%2Fwp%2Fv2%2Fproduct_tag&post=4823"}],"curies":[{"name":"wp","href":"https:\/\/api.w.org\/{rel}","templated":true}]}}