{"id":4871,"date":"2026-05-11T15:02:02","date_gmt":"2026-05-11T15:02:02","guid":{"rendered":"https:\/\/ecosupplements.ch\/?product=l-ornithine-500mg-120-vcaps"},"modified":"2026-05-13T07:23:12","modified_gmt":"2026-05-13T07:23:12","slug":"l-ornithine-500mg-120-vcaps","status":"publish","type":"product","link":"https:\/\/ecosupplements.ch\/?product=l-ornithine-500mg-120-vcaps","title":{"rendered":"L-Ornithine, 500mg &#8211; 120 vcaps"},"content":{"rendered":"<div class=\"chcg-product-description\">\n<h2 class=\"chcg-heading\">\u00dcber NOW Foods \u2013 L-Ornithine, 500mg \u2013 120 Vkaps<\/h2>\n<div class=\"chcg-intro\">\n<p>L-Ornithin ist eine nicht-proteinogene Aminos\u00e4ure, die im menschlichen K\u00f6rper eine zentrale Rolle im Harnstoffzyklus spielt. Sie wird nat\u00fcrlicherweise im Stoffwechsel gebildet und ist an der Verarbeitung von Stickstoffverbindungen beteiligt. Als Nahrungserg\u00e4nzungsmittel wird L-Ornithin von Sportlern und gesundheitsbewussten Personen gesch\u00e4tzt, die ihren Aminos\u00e4urestatus gezielt unterst\u00fctzen m\u00f6chten.<\/p>\n<p>Das Produkt von NOW Foods liefert pro Tagesportion (3 Veg-Kapseln) 1&#8217;500 mg reines L-Ornithin, gewonnen aus L-Ornithin-Hydrochlorid. Die vegetarischen Kapseln aus Hypromellose eignen sich f\u00fcr eine vegane und vegetarische Ern\u00e4hrungsweise und sind frei von Gluten sowie tierischen Bestandteilen.<\/p>\n<p>NOW Foods steht seit Jahrzehnten f\u00fcr hochwertige Nahrungserg\u00e4nzungsmittel, die unter strengen GMP-Bedingungen (Good Manufacturing Practice) produziert werden. Dieses Produkt enth\u00e4lt 120 Veg-Kapseln \u2013 genug f\u00fcr 40 Tagesportionen.<\/p>\n<\/p><\/div>\n<div class=\"chcg-nutrition\">\n<h3>N\u00e4hrwertangaben<\/h3>\n<table class=\"chcg-nutrition-table\">\n<thead>\n<tr>\n<th>N\u00e4hrstoff<\/th>\n<th>Pro Portion (3 Veg-Kapseln)<\/th>\n<\/tr>\n<\/thead>\n<tbody>\n<tr>\n<td>L-Ornithin (aus 1&#8217;913 mg L-Ornithin-Hydrochlorid)<\/td>\n<td>1,5 g (1&#8217;500 mg)*<\/td>\n<\/tr>\n<\/tbody>\n<\/table>\n<p class=\"chcg-footnote\">* Kein festgelegter Tagesreferenzwert vorhanden.<\/p>\n<p class=\"chcg-footnote\">Portionen pro Beh\u00e4lter: 40<\/p>\n<\/p><\/div>\n<div class=\"chcg-ingredients\">\n<h3>Zutaten<\/h3>\n<p>L-Ornithin (aus L-Ornithin-Hydrochlorid) 1,5 g (1&#8217;500 mg) pro Portion. Weitere Zutaten: Hypromellose (Zellulose-Kapsel), mikrokristalline Zellulose und Stearins\u00e4ure (pflanzlicher Herkunft).<\/p>\n<p class=\"chcg-capsule-shell\">Kapselh\u00fclle: Hypromellose (Zellulose-Kapsel)<\/p>\n<\/p><\/div>\n<div class=\"chcg-dosage\">\n<h3>Verzehrempfehlung<\/h3>\n<p>T\u00e4glich 3 Kapseln mit Saft oder Wasser auf n\u00fcchternen Magen einnehmen.<\/p>\n<\/p><\/div>\n<div class=\"chcg-warnings\">\n<h3>Warnhinweise<\/h3>\n<p>Nur f\u00fcr Erwachsene. Bei Schwangerschaft oder Stillzeit, bei Einnahme von Medikamenten oder bei Vorliegen einer Erkrankung ist vor der Einnahme ein Arzt zu konsultieren. Ausserhalb der Reichweite von Kindern aufbewahren. Bei diesem Produkt k\u00f6nnen nat\u00fcrliche Farbvariationen auftreten.<\/p>\n<\/p><\/div>\n<div class=\"chcg-allergens\">\n<h3>Allergeninformationen<\/h3>\n<p>Nicht hergestellt mit Hefe, Weizen, Gluten, Soja, Milch, Ei, Fisch, Schalentieren, Baumn\u00fcssen oder Sesam. Produziert in einem GMP-zertifizierten Betrieb, der andere Zutaten verarbeitet, die diese Allergene enthalten k\u00f6nnen.<\/p>\n<\/p><\/div>\n<div class=\"chcg-storage\">\n<h3>Lagerung<\/h3>\n<p>Nach dem \u00d6ffnen an einem k\u00fchlen, trockenen Ort aufbewahren.<\/p>\n<\/p><\/div>\n<div class=\"chcg-dietary\">\n<h3>Ern\u00e4hrungshinweise<\/h3>\n<ul>\n<li>Vegan<\/li>\n<li>Vegetarisch<\/li>\n<li>Glutenfrei<\/li>\n<li>Laktosefrei<\/li>\n<\/ul><\/div>\n<\/div>\n","protected":false},"excerpt":{"rendered":"<p>NOW Foods L-Ornithin liefert 1&#8217;500 mg L-Ornithin pro Tagesportion zur gezielten Unterst\u00fctzung des Aminos\u00e4urestatus. Erh\u00e4ltlich als vegane Kapseln, 120 St\u00fcck (40 Portionen). Glutenfrei und ohne tierische Bestandteile.<\/p>\n","protected":false},"featured_media":4872,"comment_status":"closed","ping_status":"open","template":"","meta":[],"product_brand":[454],"product_cat":[517,514,90,48,22,171,21,40],"product_tag":[],"class_list":{"0":"post-4871","1":"product","2":"type-product","3":"status-publish","4":"has-post-thumbnail","6":"product_brand-nownow-foods","7":"product_cat-aminosaeuremischungen-aminosaeuren-und-bcaas","8":"product_cat-aminosaeuren-und-bcaas","9":"product_cat-fitness-training","10":"product_cat-gesunde-ernaehrung","11":"product_cat-vegane-produkte","12":"product_cat-vitamine-und-mineralien","13":"product_cat-vitamine-und-mineralstoffe","14":"product_cat-vorher-nachher-training","16":"first","17":"outofstock","18":"taxable","19":"shipping-taxable","20":"purchasable","21":"product-type-simple"},"yoast_head":"<!-- This site is optimized with the Yoast SEO plugin v27.5 - https:\/\/yoast.com\/product\/yoast-seo-wordpress\/ -->\n<title>L-Ornithine 500mg, 120 Vkaps \u2013 NOW Foods | ecosupplements.ch<\/title>\n<meta name=\"description\" content=\"NOW Foods L-Ornithin, 1&#039;500 mg pro Portion, in 120 veganen Kapseln \u2013 glutenfrei und f\u00fcr 40 Tagesportionen. Jetzt bestellen.\" \/>\n<meta name=\"robots\" content=\"index, follow, max-snippet:-1, max-image-preview:large, max-video-preview:-1\" \/>\n<link rel=\"canonical\" href=\"https:\/\/ecosupplements.ch\/?product=l-ornithine-500mg-120-vcaps\" \/>\n<meta property=\"og:locale\" content=\"de_DE\" \/>\n<meta property=\"og:type\" content=\"article\" \/>\n<meta property=\"og:title\" content=\"L-Ornithine 500mg, 120 Vkaps \u2013 NOW Foods | ecosupplements.ch\" \/>\n<meta property=\"og:description\" content=\"NOW Foods L-Ornithin, 1&#039;500 mg pro Portion, in 120 veganen Kapseln \u2013 glutenfrei und f\u00fcr 40 Tagesportionen. Jetzt bestellen.\" \/>\n<meta property=\"og:url\" content=\"https:\/\/ecosupplements.ch\/?product=l-ornithine-500mg-120-vcaps\" \/>\n<meta property=\"og:site_name\" content=\"Eco Supplements\" \/>\n<meta property=\"article:modified_time\" content=\"2026-05-13T07:23:12+00:00\" \/>\n<meta property=\"og:image\" content=\"https:\/\/ecosupplements.ch\/wp-content\/uploads\/2026\/05\/L-Ornithine-500mg-120-vcaps.webp\" \/>\n\t<meta property=\"og:image:width\" content=\"1000\" \/>\n\t<meta property=\"og:image:height\" content=\"1000\" \/>\n\t<meta property=\"og:image:type\" content=\"image\/jpeg\" \/>\n<meta name=\"twitter:card\" content=\"summary_large_image\" \/>\n<meta name=\"twitter:label1\" content=\"Price\" \/>\n\t<meta name=\"twitter:data1\" content=\"&#067;&#072;&#070;&nbsp;22.45\" \/>\n\t<meta name=\"twitter:label2\" content=\"Availability\" \/>\n\t<meta name=\"twitter:data2\" content=\"Out of stock\" \/>\n<script type=\"application\/ld+json\" class=\"yoast-schema-graph\">{\"@context\":\"https:\\\/\\\/schema.org\",\"@graph\":[{\"@type\":\"WebPage\",\"@id\":\"https:\\\/\\\/ecosupplements.ch\\\/?product=l-ornithine-500mg-120-vcaps\",\"url\":\"https:\\\/\\\/ecosupplements.ch\\\/?product=l-ornithine-500mg-120-vcaps\",\"name\":\"L-Ornithine 500mg, 120 Vkaps \u2013 NOW Foods | ecosupplements.ch\",\"isPartOf\":{\"@id\":\"https:\\\/\\\/ecosupplements.ch\\\/#website\"},\"primaryImageOfPage\":{\"@id\":\"https:\\\/\\\/ecosupplements.ch\\\/?product=l-ornithine-500mg-120-vcaps#primaryimage\"},\"image\":{\"@id\":\"https:\\\/\\\/ecosupplements.ch\\\/?product=l-ornithine-500mg-120-vcaps#primaryimage\"},\"thumbnailUrl\":\"https:\\\/\\\/ecosupplements.ch\\\/wp-content\\\/uploads\\\/2026\\\/05\\\/L-Ornithine-500mg-120-vcaps.webp\",\"datePublished\":\"2026-05-11T15:02:02+00:00\",\"dateModified\":\"2026-05-13T07:23:12+00:00\",\"description\":\"NOW Foods L-Ornithin, 1'500 mg pro Portion, in 120 veganen Kapseln \u2013 glutenfrei und f\u00fcr 40 Tagesportionen. Jetzt bestellen.\",\"breadcrumb\":{\"@id\":\"https:\\\/\\\/ecosupplements.ch\\\/?product=l-ornithine-500mg-120-vcaps#breadcrumb\"},\"inLanguage\":\"de-CH\",\"potentialAction\":[{\"@type\":\"ReadAction\",\"target\":[\"https:\\\/\\\/ecosupplements.ch\\\/?product=l-ornithine-500mg-120-vcaps\"]}]},{\"@type\":\"ImageObject\",\"inLanguage\":\"de-CH\",\"@id\":\"https:\\\/\\\/ecosupplements.ch\\\/?product=l-ornithine-500mg-120-vcaps#primaryimage\",\"url\":\"https:\\\/\\\/ecosupplements.ch\\\/wp-content\\\/uploads\\\/2026\\\/05\\\/L-Ornithine-500mg-120-vcaps.webp\",\"contentUrl\":\"https:\\\/\\\/ecosupplements.ch\\\/wp-content\\\/uploads\\\/2026\\\/05\\\/L-Ornithine-500mg-120-vcaps.webp\",\"width\":1000,\"height\":1000,\"caption\":\"L-Ornithine\"},{\"@type\":\"BreadcrumbList\",\"@id\":\"https:\\\/\\\/ecosupplements.ch\\\/?product=l-ornithine-500mg-120-vcaps#breadcrumb\",\"itemListElement\":[{\"@type\":\"ListItem\",\"position\":1,\"name\":\"Home\",\"item\":\"https:\\\/\\\/ecosupplements.ch\\\/\"},{\"@type\":\"ListItem\",\"position\":2,\"name\":\"Shop\",\"item\":\"https:\\\/\\\/ecosupplements.ch\\\/?page_id=14\"},{\"@type\":\"ListItem\",\"position\":3,\"name\":\"L-Ornithine, 500mg &#8211; 120 vcaps\"}]},{\"@type\":\"WebSite\",\"@id\":\"https:\\\/\\\/ecosupplements.ch\\\/#website\",\"url\":\"https:\\\/\\\/ecosupplements.ch\\\/\",\"name\":\"Eco Supplements\",\"description\":\"\",\"potentialAction\":[{\"@type\":\"SearchAction\",\"target\":{\"@type\":\"EntryPoint\",\"urlTemplate\":\"https:\\\/\\\/ecosupplements.ch\\\/?s={search_term_string}\"},\"query-input\":{\"@type\":\"PropertyValueSpecification\",\"valueRequired\":true,\"valueName\":\"search_term_string\"}}],\"inLanguage\":\"de-CH\"}]}<\/script>\n<meta property=\"product:price:amount\" content=\"22.45\" \/>\n<meta property=\"product:price:currency\" content=\"CHF\" \/>\n<meta property=\"og:availability\" content=\"out of stock\" \/>\n<meta property=\"product:availability\" content=\"out of stock\" \/>\n<meta property=\"product:retailer_item_id\" content=\"733739001221\" \/>\n<meta property=\"product:condition\" content=\"new\" \/>\n<!-- \/ Yoast SEO plugin. -->","yoast_head_json":{"title":"L-Ornithine 500mg, 120 Vkaps \u2013 NOW Foods | ecosupplements.ch","description":"NOW Foods L-Ornithin, 1'500 mg pro Portion, in 120 veganen Kapseln \u2013 glutenfrei und f\u00fcr 40 Tagesportionen. Jetzt bestellen.","robots":{"index":"index","follow":"follow","max-snippet":"max-snippet:-1","max-image-preview":"max-image-preview:large","max-video-preview":"max-video-preview:-1"},"canonical":"https:\/\/ecosupplements.ch\/?product=l-ornithine-500mg-120-vcaps","og_locale":"de_DE","og_type":"article","og_title":"L-Ornithine 500mg, 120 Vkaps \u2013 NOW Foods | ecosupplements.ch","og_description":"NOW Foods L-Ornithin, 1'500 mg pro Portion, in 120 veganen Kapseln \u2013 glutenfrei und f\u00fcr 40 Tagesportionen. Jetzt bestellen.","og_url":"https:\/\/ecosupplements.ch\/?product=l-ornithine-500mg-120-vcaps","og_site_name":"Eco Supplements","article_modified_time":"2026-05-13T07:23:12+00:00","og_image":[{"width":1000,"height":1000,"url":"https:\/\/ecosupplements.ch\/wp-content\/uploads\/2026\/05\/L-Ornithine-500mg-120-vcaps.webp","type":"image\/jpeg"}],"twitter_card":"summary_large_image","twitter_misc":{"Price":"&#67;&#72;&#70;&nbsp;22.45","Availability":"Out of stock"},"schema":{"@context":"https:\/\/schema.org","@graph":[{"@type":"WebPage","@id":"https:\/\/ecosupplements.ch\/?product=l-ornithine-500mg-120-vcaps","url":"https:\/\/ecosupplements.ch\/?product=l-ornithine-500mg-120-vcaps","name":"L-Ornithine 500mg, 120 Vkaps \u2013 NOW Foods | ecosupplements.ch","isPartOf":{"@id":"https:\/\/ecosupplements.ch\/#website"},"primaryImageOfPage":{"@id":"https:\/\/ecosupplements.ch\/?product=l-ornithine-500mg-120-vcaps#primaryimage"},"image":{"@id":"https:\/\/ecosupplements.ch\/?product=l-ornithine-500mg-120-vcaps#primaryimage"},"thumbnailUrl":"https:\/\/ecosupplements.ch\/wp-content\/uploads\/2026\/05\/L-Ornithine-500mg-120-vcaps.webp","datePublished":"2026-05-11T15:02:02+00:00","dateModified":"2026-05-13T07:23:12+00:00","description":"NOW Foods L-Ornithin, 1'500 mg pro Portion, in 120 veganen Kapseln \u2013 glutenfrei und f\u00fcr 40 Tagesportionen. Jetzt bestellen.","breadcrumb":{"@id":"https:\/\/ecosupplements.ch\/?product=l-ornithine-500mg-120-vcaps#breadcrumb"},"inLanguage":"de-CH","potentialAction":[{"@type":"ReadAction","target":["https:\/\/ecosupplements.ch\/?product=l-ornithine-500mg-120-vcaps"]}]},{"@type":"ImageObject","inLanguage":"de-CH","@id":"https:\/\/ecosupplements.ch\/?product=l-ornithine-500mg-120-vcaps#primaryimage","url":"https:\/\/ecosupplements.ch\/wp-content\/uploads\/2026\/05\/L-Ornithine-500mg-120-vcaps.webp","contentUrl":"https:\/\/ecosupplements.ch\/wp-content\/uploads\/2026\/05\/L-Ornithine-500mg-120-vcaps.webp","width":1000,"height":1000,"caption":"L-Ornithine"},{"@type":"BreadcrumbList","@id":"https:\/\/ecosupplements.ch\/?product=l-ornithine-500mg-120-vcaps#breadcrumb","itemListElement":[{"@type":"ListItem","position":1,"name":"Home","item":"https:\/\/ecosupplements.ch\/"},{"@type":"ListItem","position":2,"name":"Shop","item":"https:\/\/ecosupplements.ch\/?page_id=14"},{"@type":"ListItem","position":3,"name":"L-Ornithine, 500mg &#8211; 120 vcaps"}]},{"@type":"WebSite","@id":"https:\/\/ecosupplements.ch\/#website","url":"https:\/\/ecosupplements.ch\/","name":"Eco Supplements","description":"","potentialAction":[{"@type":"SearchAction","target":{"@type":"EntryPoint","urlTemplate":"https:\/\/ecosupplements.ch\/?s={search_term_string}"},"query-input":{"@type":"PropertyValueSpecification","valueRequired":true,"valueName":"search_term_string"}}],"inLanguage":"de-CH"}]},"product_price_amount":"22.45","product_price_currency":"CHF","og_availability":"out of stock","product_availability":"out of stock","product_retailer_item_id":"733739001221","product_condition":"new"},"_links":{"self":[{"href":"https:\/\/ecosupplements.ch\/index.php?rest_route=\/wp\/v2\/product\/4871","targetHints":{"allow":["GET"]}}],"collection":[{"href":"https:\/\/ecosupplements.ch\/index.php?rest_route=\/wp\/v2\/product"}],"about":[{"href":"https:\/\/ecosupplements.ch\/index.php?rest_route=\/wp\/v2\/types\/product"}],"replies":[{"embeddable":true,"href":"https:\/\/ecosupplements.ch\/index.php?rest_route=%2Fwp%2Fv2%2Fcomments&post=4871"}],"wp:featuredmedia":[{"embeddable":true,"href":"https:\/\/ecosupplements.ch\/index.php?rest_route=\/wp\/v2\/media\/4872"}],"wp:attachment":[{"href":"https:\/\/ecosupplements.ch\/index.php?rest_route=%2Fwp%2Fv2%2Fmedia&parent=4871"}],"wp:term":[{"taxonomy":"product_brand","embeddable":true,"href":"https:\/\/ecosupplements.ch\/index.php?rest_route=%2Fwp%2Fv2%2Fproduct_brand&post=4871"},{"taxonomy":"product_cat","embeddable":true,"href":"https:\/\/ecosupplements.ch\/index.php?rest_route=%2Fwp%2Fv2%2Fproduct_cat&post=4871"},{"taxonomy":"product_tag","embeddable":true,"href":"https:\/\/ecosupplements.ch\/index.php?rest_route=%2Fwp%2Fv2%2Fproduct_tag&post=4871"}],"curies":[{"name":"wp","href":"https:\/\/api.w.org\/{rel}","templated":true}]}}