{"id":4886,"date":"2026-05-11T15:02:10","date_gmt":"2026-05-11T15:02:10","guid":{"rendered":"https:\/\/ecosupplements.ch\/?product=l-tryptophan-500mg-120-vcaps"},"modified":"2026-05-13T07:23:13","modified_gmt":"2026-05-13T07:23:13","slug":"l-tryptophan-500mg-120-vcaps","status":"publish","type":"product","link":"https:\/\/ecosupplements.ch\/?product=l-tryptophan-500mg-120-vcaps","title":{"rendered":"L-Tryptophan, 500mg &#8211; 120 vcaps"},"content":{"rendered":"<div class=\"chcg-product-description\">\n<h2 class=\"chcg-heading\">\u00dcber NOW Foods \u2013 L-Tryptophan, 500mg \u2013 120 Vkaps<\/h2>\n<div class=\"chcg-intro\">\n<p>L-Tryptophan ist eine essentielle Aminos\u00e4ure, die der K\u00f6rper nicht selbst herstellen kann und daher \u00fcber die Nahrung oder Nahrungserg\u00e4nzungsmittel zugef\u00fchrt werden muss. Als Vorstufe von Serotonin und Melatonin spielt L-Tryptophan eine wichtige Rolle im Stoffwechsel und tr\u00e4gt zu einem ausgeglichenen Wohlbefinden bei.<\/p>\n<p>NOW Foods verwendet L-Tryptophan in freier Form (Free-Form), was bedeutet, dass die Aminos\u00e4ure in ihrer reinsten, nicht gebundenen Form vorliegt und vom K\u00f6rper direkt aufgenommen werden kann. Jede Portion liefert 1.000 mg reines L-Tryptophan in zwei pflanzenbasierten Kapseln.<\/p>\n<p>Dieses Produkt wird nach GMP-Standards (Good Manufacturing Practice) hergestellt und ist vegan sowie glutenfrei \u2013 ideal f\u00fcr Menschen, die auf eine hochwertige und sorgf\u00e4ltig gepr\u00fcfte Aminos\u00e4urenerg\u00e4nzung achten.<\/p>\n<\/p><\/div>\n<div class=\"chcg-nutrition\">\n<h3>N\u00e4hrwertangaben<\/h3>\n<table class=\"chcg-nutrition-table\">\n<thead>\n<tr>\n<th>N\u00e4hrstoff<\/th>\n<th>Pro Portion (2 Vkaps)<\/th>\n<\/tr>\n<\/thead>\n<tbody>\n<tr>\n<td>L-Tryptophan (Freie Form)<\/td>\n<td>1 g (1.000 mg)*<\/td>\n<\/tr>\n<\/tbody>\n<\/table>\n<p class=\"chcg-footnote\">* Kein festgelegter Tagesbedarf vorhanden.<\/p>\n<p class=\"chcg-footnote\">Portionsgr\u00f6sse: 2 pflanzliche Kapseln | Portionen pro Packung: 60<\/p>\n<\/p><\/div>\n<div class=\"chcg-ingredients\">\n<h3>Zutaten<\/h3>\n<p>L-Tryptophan (Freie Form) 1 g (1.000 mg) pro Portion. Weitere Zutaten: Hydroxypropylmethylcellulose (Cellulosekapselh\u00fclle), Reismehl, Ascorbylpalmitat und Stearins\u00e4ure (pflanzliche Quelle).<\/p>\n<p class=\"chcg-capsule-shell\">Kapselh\u00fclle: Hydroxypropylmethylcellulose (Cellulose)<\/p>\n<\/p><\/div>\n<div class=\"chcg-dosage\">\n<h3>Verzehrempfehlung<\/h3>\n<p>1\u20132 Kapseln 2- bis 3-mal t\u00e4glich auf n\u00fcchternen Magen einnehmen, die letzte Dosis vor dem Schlafengehen, oder gem\u00e4ss Anweisung eines Arztes bzw. einer \u00c4rztin.<\/p>\n<\/p><\/div>\n<div class=\"chcg-warnings\">\n<h3>Warnhinweise<\/h3>\n<p>Nur f\u00fcr Erwachsene. Bei Schwangerschaft oder Stillzeit, bei der Einnahme von Medikamenten (insbesondere Antidepressiva wie SSRIs und MAOIs) oder bei bestehenden gesundheitlichen Beschwerden vor der Einnahme \u00e4rztlichen Rat einholen. Kann Schl\u00e4frigkeit verursachen. Nicht zusammen mit alkoholischen Getr\u00e4nken einnehmen und nicht beim Bedienen schwerer Maschinen verwenden. Ausserhalb der Reichweite von Kindern aufbewahren. Nat\u00fcrliche Farbschwankungen dieses Produkts sind m\u00f6glich.<\/p>\n<\/p><\/div>\n<div class=\"chcg-allergens\">\n<h3>Allergeninformationen<\/h3>\n<p>Nicht hergestellt mit Weizen, Gluten, Soja, Milch, Ei, Fisch, Schalentieren, Baumn\u00fcssen oder Sesam. Produziert in einer GMP-zertifizierten Anlage, die auch andere Zutaten verarbeitet, die diese Allergene enthalten.<\/p>\n<\/p><\/div>\n<div class=\"chcg-storage\">\n<h3>Lagerung<\/h3>\n<p>Nach dem \u00d6ffnen an einem k\u00fchlen, trockenen Ort aufbewahren.<\/p>\n<\/p><\/div>\n<div class=\"chcg-dietary\">\n<h3>Ern\u00e4hrungshinweise<\/h3>\n<ul>\n<li>Vegan<\/li>\n<li>Vegetarisch<\/li>\n<li>Glutenfrei<\/li>\n<li>Laktosefrei<\/li>\n<\/ul><\/div>\n<\/div>\n","protected":false},"excerpt":{"rendered":"<p>L-Tryptophan von NOW Foods in freier Form \u2013 1.000 mg pro Portion f\u00fcr optimale Bioverf\u00fcgbarkeit. 120 pflanzliche Kapseln, vegan und glutenfrei. Ideal zur t\u00e4glichen Erg\u00e4nzung einer ausgewogenen Ern\u00e4hrung.<\/p>\n","protected":false},"featured_media":4887,"comment_status":"closed","ping_status":"open","template":"","meta":[],"product_brand":[454],"product_cat":[514,90,48,25,522,83,22,21],"product_tag":[],"class_list":{"0":"post-4886","1":"product","2":"type-product","3":"status-publish","4":"has-post-thumbnail","6":"product_brand-nownow-foods","7":"product_cat-aminosaeuren-und-bcaas","8":"product_cat-fitness-training","9":"product_cat-gesunde-ernaehrung","10":"product_cat-gesundheit-und-wohlbefinden","11":"product_cat-l-tryptophan-aminosaeuren-und-bcaas","12":"product_cat-schlafunterstuetzung","13":"product_cat-vegane-produkte","14":"product_cat-vitamine-und-mineralstoffe","16":"first","17":"outofstock","18":"taxable","19":"shipping-taxable","20":"purchasable","21":"product-type-simple"},"yoast_head":"<!-- This site is optimized with the Yoast SEO plugin v27.5 - https:\/\/yoast.com\/product\/yoast-seo-wordpress\/ -->\n<title>L-Tryptophan 500mg \u2013 NOW Foods | ecosupplements.ch<\/title>\n<meta name=\"description\" content=\"L-Tryptophan in freier Form, 1.000 mg pro Portion \u2013 120 vegane Kapseln von NOW Foods, glutenfrei und nach GMP-Standard hergestellt. Jetzt bestellen.\" \/>\n<meta name=\"robots\" content=\"index, follow, max-snippet:-1, max-image-preview:large, max-video-preview:-1\" \/>\n<link rel=\"canonical\" href=\"https:\/\/ecosupplements.ch\/?product=l-tryptophan-500mg-120-vcaps\" \/>\n<meta property=\"og:locale\" content=\"de_DE\" \/>\n<meta property=\"og:type\" content=\"article\" \/>\n<meta property=\"og:title\" content=\"L-Tryptophan 500mg \u2013 NOW Foods | ecosupplements.ch\" \/>\n<meta property=\"og:description\" content=\"L-Tryptophan in freier Form, 1.000 mg pro Portion \u2013 120 vegane Kapseln von NOW Foods, glutenfrei und nach GMP-Standard hergestellt. Jetzt bestellen.\" \/>\n<meta property=\"og:url\" content=\"https:\/\/ecosupplements.ch\/?product=l-tryptophan-500mg-120-vcaps\" \/>\n<meta property=\"og:site_name\" content=\"Eco Supplements\" \/>\n<meta property=\"article:modified_time\" content=\"2026-05-13T07:23:13+00:00\" \/>\n<meta property=\"og:image\" content=\"https:\/\/ecosupplements.ch\/wp-content\/uploads\/2026\/05\/L-Tryptophan-500mg-120-vcaps.webp\" \/>\n\t<meta property=\"og:image:width\" content=\"1000\" \/>\n\t<meta property=\"og:image:height\" content=\"1000\" \/>\n\t<meta property=\"og:image:type\" content=\"image\/jpeg\" \/>\n<meta name=\"twitter:card\" content=\"summary_large_image\" \/>\n<meta name=\"twitter:label1\" content=\"Price\" \/>\n\t<meta name=\"twitter:data1\" content=\"&#067;&#072;&#070;&nbsp;29.38\" \/>\n\t<meta name=\"twitter:label2\" content=\"Availability\" \/>\n\t<meta name=\"twitter:data2\" content=\"Out of stock\" \/>\n<script type=\"application\/ld+json\" class=\"yoast-schema-graph\">{\"@context\":\"https:\\\/\\\/schema.org\",\"@graph\":[{\"@type\":\"WebPage\",\"@id\":\"https:\\\/\\\/ecosupplements.ch\\\/?product=l-tryptophan-500mg-120-vcaps\",\"url\":\"https:\\\/\\\/ecosupplements.ch\\\/?product=l-tryptophan-500mg-120-vcaps\",\"name\":\"L-Tryptophan 500mg \u2013 NOW Foods | ecosupplements.ch\",\"isPartOf\":{\"@id\":\"https:\\\/\\\/ecosupplements.ch\\\/#website\"},\"primaryImageOfPage\":{\"@id\":\"https:\\\/\\\/ecosupplements.ch\\\/?product=l-tryptophan-500mg-120-vcaps#primaryimage\"},\"image\":{\"@id\":\"https:\\\/\\\/ecosupplements.ch\\\/?product=l-tryptophan-500mg-120-vcaps#primaryimage\"},\"thumbnailUrl\":\"https:\\\/\\\/ecosupplements.ch\\\/wp-content\\\/uploads\\\/2026\\\/05\\\/L-Tryptophan-500mg-120-vcaps.webp\",\"datePublished\":\"2026-05-11T15:02:10+00:00\",\"dateModified\":\"2026-05-13T07:23:13+00:00\",\"description\":\"L-Tryptophan in freier Form, 1.000 mg pro Portion \u2013 120 vegane Kapseln von NOW Foods, glutenfrei und nach GMP-Standard hergestellt. Jetzt bestellen.\",\"breadcrumb\":{\"@id\":\"https:\\\/\\\/ecosupplements.ch\\\/?product=l-tryptophan-500mg-120-vcaps#breadcrumb\"},\"inLanguage\":\"de-CH\",\"potentialAction\":[{\"@type\":\"ReadAction\",\"target\":[\"https:\\\/\\\/ecosupplements.ch\\\/?product=l-tryptophan-500mg-120-vcaps\"]}]},{\"@type\":\"ImageObject\",\"inLanguage\":\"de-CH\",\"@id\":\"https:\\\/\\\/ecosupplements.ch\\\/?product=l-tryptophan-500mg-120-vcaps#primaryimage\",\"url\":\"https:\\\/\\\/ecosupplements.ch\\\/wp-content\\\/uploads\\\/2026\\\/05\\\/L-Tryptophan-500mg-120-vcaps.webp\",\"contentUrl\":\"https:\\\/\\\/ecosupplements.ch\\\/wp-content\\\/uploads\\\/2026\\\/05\\\/L-Tryptophan-500mg-120-vcaps.webp\",\"width\":1000,\"height\":1000,\"caption\":\"L-Tryptophan\"},{\"@type\":\"BreadcrumbList\",\"@id\":\"https:\\\/\\\/ecosupplements.ch\\\/?product=l-tryptophan-500mg-120-vcaps#breadcrumb\",\"itemListElement\":[{\"@type\":\"ListItem\",\"position\":1,\"name\":\"Home\",\"item\":\"https:\\\/\\\/ecosupplements.ch\\\/\"},{\"@type\":\"ListItem\",\"position\":2,\"name\":\"Shop\",\"item\":\"https:\\\/\\\/ecosupplements.ch\\\/?page_id=14\"},{\"@type\":\"ListItem\",\"position\":3,\"name\":\"L-Tryptophan, 500mg &#8211; 120 vcaps\"}]},{\"@type\":\"WebSite\",\"@id\":\"https:\\\/\\\/ecosupplements.ch\\\/#website\",\"url\":\"https:\\\/\\\/ecosupplements.ch\\\/\",\"name\":\"Eco Supplements\",\"description\":\"\",\"potentialAction\":[{\"@type\":\"SearchAction\",\"target\":{\"@type\":\"EntryPoint\",\"urlTemplate\":\"https:\\\/\\\/ecosupplements.ch\\\/?s={search_term_string}\"},\"query-input\":{\"@type\":\"PropertyValueSpecification\",\"valueRequired\":true,\"valueName\":\"search_term_string\"}}],\"inLanguage\":\"de-CH\"}]}<\/script>\n<meta property=\"product:price:amount\" content=\"29.38\" \/>\n<meta property=\"product:price:currency\" content=\"CHF\" \/>\n<meta property=\"og:availability\" content=\"out of stock\" \/>\n<meta property=\"product:availability\" content=\"out of stock\" \/>\n<meta property=\"product:retailer_item_id\" content=\"733739001672\" \/>\n<meta property=\"product:condition\" content=\"new\" \/>\n<!-- \/ Yoast SEO plugin. -->","yoast_head_json":{"title":"L-Tryptophan 500mg \u2013 NOW Foods | ecosupplements.ch","description":"L-Tryptophan in freier Form, 1.000 mg pro Portion \u2013 120 vegane Kapseln von NOW Foods, glutenfrei und nach GMP-Standard hergestellt. Jetzt bestellen.","robots":{"index":"index","follow":"follow","max-snippet":"max-snippet:-1","max-image-preview":"max-image-preview:large","max-video-preview":"max-video-preview:-1"},"canonical":"https:\/\/ecosupplements.ch\/?product=l-tryptophan-500mg-120-vcaps","og_locale":"de_DE","og_type":"article","og_title":"L-Tryptophan 500mg \u2013 NOW Foods | ecosupplements.ch","og_description":"L-Tryptophan in freier Form, 1.000 mg pro Portion \u2013 120 vegane Kapseln von NOW Foods, glutenfrei und nach GMP-Standard hergestellt. Jetzt bestellen.","og_url":"https:\/\/ecosupplements.ch\/?product=l-tryptophan-500mg-120-vcaps","og_site_name":"Eco Supplements","article_modified_time":"2026-05-13T07:23:13+00:00","og_image":[{"width":1000,"height":1000,"url":"https:\/\/ecosupplements.ch\/wp-content\/uploads\/2026\/05\/L-Tryptophan-500mg-120-vcaps.webp","type":"image\/jpeg"}],"twitter_card":"summary_large_image","twitter_misc":{"Price":"&#67;&#72;&#70;&nbsp;29.38","Availability":"Out of stock"},"schema":{"@context":"https:\/\/schema.org","@graph":[{"@type":"WebPage","@id":"https:\/\/ecosupplements.ch\/?product=l-tryptophan-500mg-120-vcaps","url":"https:\/\/ecosupplements.ch\/?product=l-tryptophan-500mg-120-vcaps","name":"L-Tryptophan 500mg \u2013 NOW Foods | ecosupplements.ch","isPartOf":{"@id":"https:\/\/ecosupplements.ch\/#website"},"primaryImageOfPage":{"@id":"https:\/\/ecosupplements.ch\/?product=l-tryptophan-500mg-120-vcaps#primaryimage"},"image":{"@id":"https:\/\/ecosupplements.ch\/?product=l-tryptophan-500mg-120-vcaps#primaryimage"},"thumbnailUrl":"https:\/\/ecosupplements.ch\/wp-content\/uploads\/2026\/05\/L-Tryptophan-500mg-120-vcaps.webp","datePublished":"2026-05-11T15:02:10+00:00","dateModified":"2026-05-13T07:23:13+00:00","description":"L-Tryptophan in freier Form, 1.000 mg pro Portion \u2013 120 vegane Kapseln von NOW Foods, glutenfrei und nach GMP-Standard hergestellt. Jetzt bestellen.","breadcrumb":{"@id":"https:\/\/ecosupplements.ch\/?product=l-tryptophan-500mg-120-vcaps#breadcrumb"},"inLanguage":"de-CH","potentialAction":[{"@type":"ReadAction","target":["https:\/\/ecosupplements.ch\/?product=l-tryptophan-500mg-120-vcaps"]}]},{"@type":"ImageObject","inLanguage":"de-CH","@id":"https:\/\/ecosupplements.ch\/?product=l-tryptophan-500mg-120-vcaps#primaryimage","url":"https:\/\/ecosupplements.ch\/wp-content\/uploads\/2026\/05\/L-Tryptophan-500mg-120-vcaps.webp","contentUrl":"https:\/\/ecosupplements.ch\/wp-content\/uploads\/2026\/05\/L-Tryptophan-500mg-120-vcaps.webp","width":1000,"height":1000,"caption":"L-Tryptophan"},{"@type":"BreadcrumbList","@id":"https:\/\/ecosupplements.ch\/?product=l-tryptophan-500mg-120-vcaps#breadcrumb","itemListElement":[{"@type":"ListItem","position":1,"name":"Home","item":"https:\/\/ecosupplements.ch\/"},{"@type":"ListItem","position":2,"name":"Shop","item":"https:\/\/ecosupplements.ch\/?page_id=14"},{"@type":"ListItem","position":3,"name":"L-Tryptophan, 500mg &#8211; 120 vcaps"}]},{"@type":"WebSite","@id":"https:\/\/ecosupplements.ch\/#website","url":"https:\/\/ecosupplements.ch\/","name":"Eco Supplements","description":"","potentialAction":[{"@type":"SearchAction","target":{"@type":"EntryPoint","urlTemplate":"https:\/\/ecosupplements.ch\/?s={search_term_string}"},"query-input":{"@type":"PropertyValueSpecification","valueRequired":true,"valueName":"search_term_string"}}],"inLanguage":"de-CH"}]},"product_price_amount":"29.38","product_price_currency":"CHF","og_availability":"out of stock","product_availability":"out of stock","product_retailer_item_id":"733739001672","product_condition":"new"},"_links":{"self":[{"href":"https:\/\/ecosupplements.ch\/index.php?rest_route=\/wp\/v2\/product\/4886","targetHints":{"allow":["GET"]}}],"collection":[{"href":"https:\/\/ecosupplements.ch\/index.php?rest_route=\/wp\/v2\/product"}],"about":[{"href":"https:\/\/ecosupplements.ch\/index.php?rest_route=\/wp\/v2\/types\/product"}],"replies":[{"embeddable":true,"href":"https:\/\/ecosupplements.ch\/index.php?rest_route=%2Fwp%2Fv2%2Fcomments&post=4886"}],"wp:featuredmedia":[{"embeddable":true,"href":"https:\/\/ecosupplements.ch\/index.php?rest_route=\/wp\/v2\/media\/4887"}],"wp:attachment":[{"href":"https:\/\/ecosupplements.ch\/index.php?rest_route=%2Fwp%2Fv2%2Fmedia&parent=4886"}],"wp:term":[{"taxonomy":"product_brand","embeddable":true,"href":"https:\/\/ecosupplements.ch\/index.php?rest_route=%2Fwp%2Fv2%2Fproduct_brand&post=4886"},{"taxonomy":"product_cat","embeddable":true,"href":"https:\/\/ecosupplements.ch\/index.php?rest_route=%2Fwp%2Fv2%2Fproduct_cat&post=4886"},{"taxonomy":"product_tag","embeddable":true,"href":"https:\/\/ecosupplements.ch\/index.php?rest_route=%2Fwp%2Fv2%2Fproduct_tag&post=4886"}],"curies":[{"name":"wp","href":"https:\/\/api.w.org\/{rel}","templated":true}]}}