{"id":4952,"date":"2026-05-11T15:02:42","date_gmt":"2026-05-11T15:02:42","guid":{"rendered":"https:\/\/ecosupplements.ch\/?product=magnesium-glycinate-with-bioperine-60-vcaps"},"modified":"2026-05-13T07:27:07","modified_gmt":"2026-05-13T07:27:07","slug":"magnesium-glycinate-with-bioperine-60-vcaps","status":"publish","type":"product","link":"https:\/\/ecosupplements.ch\/?product=magnesium-glycinate-with-bioperine-60-vcaps","title":{"rendered":"Magnesium Glycinate with BioPerine &#8211; 60 vcaps"},"content":{"rendered":"<div class=\"chcg-product-description\">\n<h2 class=\"chcg-heading\">\u00dcber NOW Foods \u2013 Magnesium Glycinate mit BioPerine\u00ae \u2013 60 Veg Kapseln<\/h2>\n<div class=\"chcg-intro\">\n<p>Magnesium ist ein essenzielles Mineral, das an \u00fcber 300 enzymatischen Prozessen im K\u00f6rper beteiligt ist. Es tr\u00e4gt zur normalen Muskelfunktion, zur Reduzierung von M\u00fcdigkeit und Ersch\u00f6pfung sowie zur normalen Funktion des Nervensystems bei. NOW Foods setzt dabei auf Magnesium Bisglycinate in der Albion\u2122-Qualit\u00e4t \u2013 eine chelatierte Form, die f\u00fcr ihre gute Vertr\u00e4glichkeit und hohe Bioverf\u00fcgbarkeit bekannt ist.<\/p>\n<p>Erg\u00e4nzt wird die Formel durch BioPerine\u00ae \u2013 einen standardisierten Schwarzpfefferextrakt (min. 96% Piperin) aus Piper nigrum. BioPerine\u00ae ist ein weltweit anerkannter patentierter Extrakt, der zur Unterst\u00fctzung der N\u00e4hrstoffaufnahme eingesetzt wird. Die Kombination aus hochwertigem Magnesium Bisglycinate und BioPerine\u00ae macht dieses Produkt zu einer pr\u00e4zise abgestimmten Erg\u00e4nzung f\u00fcr den t\u00e4glichen Bedarf.<\/p>\n<p>Die veganen Kapselh\u00fcllen aus Hypromellose (pflanzliche Zellulose) machen dieses Pr\u00e4parat geeignet f\u00fcr eine vegane und vegetarische Ern\u00e4hrungsweise. Mit 60 Kapseln pro Packung enth\u00e4lt das Produkt je nach Dosierung 30 bis 60 Tagesdosen.<\/p>\n<\/p><\/div>\n<div class=\"chcg-nutrition\">\n<h3>N\u00e4hrwertangaben<\/h3>\n<table class=\"chcg-nutrition-table\">\n<thead>\n<tr>\n<th>N\u00e4hrstoff<\/th>\n<th>Pro Portion (2 Veg Kapseln)<\/th>\n<\/tr>\n<\/thead>\n<tbody>\n<tr>\n<td>Magnesium (elementar)<\/td>\n<td>200 mg (48% Tagesbedarf)<\/td>\n<\/tr>\n<tr>\n<td>\u2013 aus Magnesium Bisglycinate (Albion\u2122)<\/td>\n<td><\/td>\n<\/tr>\n<tr>\n<td>Schwarzpfefferfr\u00fcchteextrakt (Piper nigrum) (BioPerine\u00ae) [mind. 96% Piperin]<\/td>\n<td>2,5 mg *<\/td>\n<\/tr>\n<\/tbody>\n<\/table>\n<p class=\"chcg-footnote\">* Kein festgelegter Tagesbedarf.<\/p>\n<p class=\"chcg-footnote\">Portionsgr\u00f6sse: 2 Veg Kapseln | Portionen pro Packung: 30<\/p>\n<\/p><\/div>\n<div class=\"chcg-ingredients\">\n<h3>Zutaten<\/h3>\n<p>Magnesium (elementar) 200 mg \/ 48% Tagesbedarf (aus Magnesium Bisglycinate) (Albion\u2122), Schwarzpfefferfr\u00fcchteextrakt (Piper nigrum) (BioPerine\u00ae) 2,5 mg (mind. 96% Piperin). Weitere Zutaten: Hypromellose (pflanzliche Kapselh\u00fclle), Zitronens\u00e4ure, Ascorbylpalmitat, mikrokristalline Zellulose und Siliziumdioxid.<\/p>\n<p class=\"chcg-capsule-shell\">Kapselh\u00fclle: Hypromellose (pflanzliche Zellulose)<\/p>\n<\/p><\/div>\n<div class=\"chcg-dosage\">\n<h3>Verzehrempfehlung<\/h3>\n<p>2 Kapseln 1- bis 2-mal t\u00e4glich zu einer Mahlzeit einnehmen. Alternativ: 1 Kapsel t\u00e4glich mit einem Glas Wasser (1 Kapsel liefert 100 mg Magnesium \/ 26% NRV sowie 1,25 mg BioPerine\u00ae).<\/p>\n<\/p><\/div>\n<div class=\"chcg-warnings\">\n<h3>Warnhinweise<\/h3>\n<p>Nur f\u00fcr Erwachsene. Bei Schwangerschaft oder Stillzeit, bei der Einnahme von Medikamenten oder bei bestehenden gesundheitlichen Beschwerden ist vor der Einnahme ein Arzt zu konsultieren. Ausserhalb der Reichweite von Kindern aufbewahren. Nat\u00fcrliche Farbschwankungen des Produkts sind m\u00f6glich.<\/p>\n<\/p><\/div>\n<div class=\"chcg-allergens\">\n<h3>Allergeninformationen<\/h3>\n<p>Nicht hergestellt mit Weizen, Gluten, Soja, Milch, Ei, Fisch, Schalentieren, Baumn\u00fcssen oder Sesam.<\/p>\n<\/p><\/div>\n<div class=\"chcg-storage\">\n<h3>Lagerung<\/h3>\n<p>Nach dem \u00d6ffnen k\u00fchl und trocken lagern.<\/p>\n<\/p><\/div>\n<div class=\"chcg-dietary\">\n<h3>Ern\u00e4hrungshinweise<\/h3>\n<ul>\n<li>Vegan<\/li>\n<li>Vegetarisch<\/li>\n<li>Glutenfrei<\/li>\n<li>Laktosefrei<\/li>\n<\/ul><\/div>\n<\/div>\n","protected":false},"excerpt":{"rendered":"<p>Magnesium Glycinate mit BioPerine\u00ae von NOW Foods unterst\u00fctzt Muskelfunktion, Nervensystem und hilft M\u00fcdigkeit zu reduzieren. 60 vegane Kapseln, gut vertr\u00e4glich dank chelatierter Albion\u2122-Form.<\/p>\n","protected":false},"featured_media":4953,"comment_status":"closed","ping_status":"open","template":"","meta":[],"product_brand":[454],"product_cat":[23,48,25,94,21],"product_tag":[],"class_list":{"0":"post-4952","1":"product","2":"type-product","3":"status-publish","4":"has-post-thumbnail","6":"product_brand-nownow-foods","7":"product_cat-einige-mineralien","8":"product_cat-gesunde-ernaehrung","9":"product_cat-gesundheit-und-wohlbefinden","10":"product_cat-magnesium","11":"product_cat-vitamine-und-mineralstoffe","13":"first","14":"outofstock","15":"taxable","16":"shipping-taxable","17":"purchasable","18":"product-type-simple"},"yoast_head":"<!-- This site is optimized with the Yoast SEO plugin v27.5 - https:\/\/yoast.com\/product\/yoast-seo-wordpress\/ -->\n<title>Magnesium Glycinate mit BioPerine\u00ae \u2013 NOW Foods | ecosupplements.ch<\/title>\n<meta name=\"description\" content=\"Hochdosiertes Magnesium Bisglycinate (Albion\u2122) mit BioPerine\u00ae \u2013 60 vegane Kapseln f\u00fcr Muskel- und Nervenfunktion. Jetzt bestellen.\" \/>\n<meta name=\"robots\" content=\"index, follow, max-snippet:-1, max-image-preview:large, max-video-preview:-1\" \/>\n<link rel=\"canonical\" href=\"https:\/\/ecosupplements.ch\/?product=magnesium-glycinate-with-bioperine-60-vcaps\" \/>\n<meta property=\"og:locale\" content=\"de_DE\" \/>\n<meta property=\"og:type\" content=\"article\" \/>\n<meta property=\"og:title\" content=\"Magnesium Glycinate mit BioPerine\u00ae \u2013 NOW Foods | ecosupplements.ch\" \/>\n<meta property=\"og:description\" content=\"Hochdosiertes Magnesium Bisglycinate (Albion\u2122) mit BioPerine\u00ae \u2013 60 vegane Kapseln f\u00fcr Muskel- und Nervenfunktion. Jetzt bestellen.\" \/>\n<meta property=\"og:url\" content=\"https:\/\/ecosupplements.ch\/?product=magnesium-glycinate-with-bioperine-60-vcaps\" \/>\n<meta property=\"og:site_name\" content=\"Eco Supplements\" \/>\n<meta property=\"article:modified_time\" content=\"2026-05-13T07:27:07+00:00\" \/>\n<meta property=\"og:image\" content=\"https:\/\/ecosupplements.ch\/wp-content\/uploads\/2026\/05\/Magnesium-Glycinate-with-BioPerine-60-vcaps.webp\" \/>\n\t<meta property=\"og:image:width\" content=\"1000\" \/>\n\t<meta property=\"og:image:height\" content=\"1000\" \/>\n\t<meta property=\"og:image:type\" content=\"image\/jpeg\" \/>\n<meta name=\"twitter:card\" content=\"summary_large_image\" \/>\n<meta name=\"twitter:label1\" content=\"Price\" \/>\n\t<meta name=\"twitter:data1\" content=\"&#067;&#072;&#070;&nbsp;13.98\" \/>\n\t<meta name=\"twitter:label2\" content=\"Availability\" \/>\n\t<meta name=\"twitter:data2\" content=\"Out of stock\" \/>\n<script type=\"application\/ld+json\" class=\"yoast-schema-graph\">{\"@context\":\"https:\\\/\\\/schema.org\",\"@graph\":[{\"@type\":\"WebPage\",\"@id\":\"https:\\\/\\\/ecosupplements.ch\\\/?product=magnesium-glycinate-with-bioperine-60-vcaps\",\"url\":\"https:\\\/\\\/ecosupplements.ch\\\/?product=magnesium-glycinate-with-bioperine-60-vcaps\",\"name\":\"Magnesium Glycinate mit BioPerine\u00ae \u2013 NOW Foods | ecosupplements.ch\",\"isPartOf\":{\"@id\":\"https:\\\/\\\/ecosupplements.ch\\\/#website\"},\"primaryImageOfPage\":{\"@id\":\"https:\\\/\\\/ecosupplements.ch\\\/?product=magnesium-glycinate-with-bioperine-60-vcaps#primaryimage\"},\"image\":{\"@id\":\"https:\\\/\\\/ecosupplements.ch\\\/?product=magnesium-glycinate-with-bioperine-60-vcaps#primaryimage\"},\"thumbnailUrl\":\"https:\\\/\\\/ecosupplements.ch\\\/wp-content\\\/uploads\\\/2026\\\/05\\\/Magnesium-Glycinate-with-BioPerine-60-vcaps.webp\",\"datePublished\":\"2026-05-11T15:02:42+00:00\",\"dateModified\":\"2026-05-13T07:27:07+00:00\",\"description\":\"Hochdosiertes Magnesium Bisglycinate (Albion\u2122) mit BioPerine\u00ae \u2013 60 vegane Kapseln f\u00fcr Muskel- und Nervenfunktion. Jetzt bestellen.\",\"breadcrumb\":{\"@id\":\"https:\\\/\\\/ecosupplements.ch\\\/?product=magnesium-glycinate-with-bioperine-60-vcaps#breadcrumb\"},\"inLanguage\":\"de-CH\",\"potentialAction\":[{\"@type\":\"ReadAction\",\"target\":[\"https:\\\/\\\/ecosupplements.ch\\\/?product=magnesium-glycinate-with-bioperine-60-vcaps\"]}]},{\"@type\":\"ImageObject\",\"inLanguage\":\"de-CH\",\"@id\":\"https:\\\/\\\/ecosupplements.ch\\\/?product=magnesium-glycinate-with-bioperine-60-vcaps#primaryimage\",\"url\":\"https:\\\/\\\/ecosupplements.ch\\\/wp-content\\\/uploads\\\/2026\\\/05\\\/Magnesium-Glycinate-with-BioPerine-60-vcaps.webp\",\"contentUrl\":\"https:\\\/\\\/ecosupplements.ch\\\/wp-content\\\/uploads\\\/2026\\\/05\\\/Magnesium-Glycinate-with-BioPerine-60-vcaps.webp\",\"width\":1000,\"height\":1000,\"caption\":\"Magnesium Glycinate with BioPerine - 60 vcaps\"},{\"@type\":\"BreadcrumbList\",\"@id\":\"https:\\\/\\\/ecosupplements.ch\\\/?product=magnesium-glycinate-with-bioperine-60-vcaps#breadcrumb\",\"itemListElement\":[{\"@type\":\"ListItem\",\"position\":1,\"name\":\"Home\",\"item\":\"https:\\\/\\\/ecosupplements.ch\\\/\"},{\"@type\":\"ListItem\",\"position\":2,\"name\":\"Shop\",\"item\":\"https:\\\/\\\/ecosupplements.ch\\\/?page_id=14\"},{\"@type\":\"ListItem\",\"position\":3,\"name\":\"Magnesium Glycinate with BioPerine &#8211; 60 vcaps\"}]},{\"@type\":\"WebSite\",\"@id\":\"https:\\\/\\\/ecosupplements.ch\\\/#website\",\"url\":\"https:\\\/\\\/ecosupplements.ch\\\/\",\"name\":\"Eco Supplements\",\"description\":\"\",\"potentialAction\":[{\"@type\":\"SearchAction\",\"target\":{\"@type\":\"EntryPoint\",\"urlTemplate\":\"https:\\\/\\\/ecosupplements.ch\\\/?s={search_term_string}\"},\"query-input\":{\"@type\":\"PropertyValueSpecification\",\"valueRequired\":true,\"valueName\":\"search_term_string\"}}],\"inLanguage\":\"de-CH\"}]}<\/script>\n<meta property=\"product:price:amount\" content=\"13.98\" \/>\n<meta property=\"product:price:currency\" content=\"CHF\" \/>\n<meta property=\"og:availability\" content=\"out of stock\" \/>\n<meta property=\"product:availability\" content=\"out of stock\" \/>\n<meta property=\"product:retailer_item_id\" content=\"733739012845\" \/>\n<meta property=\"product:condition\" content=\"new\" \/>\n<!-- \/ Yoast SEO plugin. -->","yoast_head_json":{"title":"Magnesium Glycinate mit BioPerine\u00ae \u2013 NOW Foods | ecosupplements.ch","description":"Hochdosiertes Magnesium Bisglycinate (Albion\u2122) mit BioPerine\u00ae \u2013 60 vegane Kapseln f\u00fcr Muskel- und Nervenfunktion. Jetzt bestellen.","robots":{"index":"index","follow":"follow","max-snippet":"max-snippet:-1","max-image-preview":"max-image-preview:large","max-video-preview":"max-video-preview:-1"},"canonical":"https:\/\/ecosupplements.ch\/?product=magnesium-glycinate-with-bioperine-60-vcaps","og_locale":"de_DE","og_type":"article","og_title":"Magnesium Glycinate mit BioPerine\u00ae \u2013 NOW Foods | ecosupplements.ch","og_description":"Hochdosiertes Magnesium Bisglycinate (Albion\u2122) mit BioPerine\u00ae \u2013 60 vegane Kapseln f\u00fcr Muskel- und Nervenfunktion. Jetzt bestellen.","og_url":"https:\/\/ecosupplements.ch\/?product=magnesium-glycinate-with-bioperine-60-vcaps","og_site_name":"Eco Supplements","article_modified_time":"2026-05-13T07:27:07+00:00","og_image":[{"width":1000,"height":1000,"url":"https:\/\/ecosupplements.ch\/wp-content\/uploads\/2026\/05\/Magnesium-Glycinate-with-BioPerine-60-vcaps.webp","type":"image\/jpeg"}],"twitter_card":"summary_large_image","twitter_misc":{"Price":"&#67;&#72;&#70;&nbsp;13.98","Availability":"Out of stock"},"schema":{"@context":"https:\/\/schema.org","@graph":[{"@type":"WebPage","@id":"https:\/\/ecosupplements.ch\/?product=magnesium-glycinate-with-bioperine-60-vcaps","url":"https:\/\/ecosupplements.ch\/?product=magnesium-glycinate-with-bioperine-60-vcaps","name":"Magnesium Glycinate mit BioPerine\u00ae \u2013 NOW Foods | ecosupplements.ch","isPartOf":{"@id":"https:\/\/ecosupplements.ch\/#website"},"primaryImageOfPage":{"@id":"https:\/\/ecosupplements.ch\/?product=magnesium-glycinate-with-bioperine-60-vcaps#primaryimage"},"image":{"@id":"https:\/\/ecosupplements.ch\/?product=magnesium-glycinate-with-bioperine-60-vcaps#primaryimage"},"thumbnailUrl":"https:\/\/ecosupplements.ch\/wp-content\/uploads\/2026\/05\/Magnesium-Glycinate-with-BioPerine-60-vcaps.webp","datePublished":"2026-05-11T15:02:42+00:00","dateModified":"2026-05-13T07:27:07+00:00","description":"Hochdosiertes Magnesium Bisglycinate (Albion\u2122) mit BioPerine\u00ae \u2013 60 vegane Kapseln f\u00fcr Muskel- und Nervenfunktion. Jetzt bestellen.","breadcrumb":{"@id":"https:\/\/ecosupplements.ch\/?product=magnesium-glycinate-with-bioperine-60-vcaps#breadcrumb"},"inLanguage":"de-CH","potentialAction":[{"@type":"ReadAction","target":["https:\/\/ecosupplements.ch\/?product=magnesium-glycinate-with-bioperine-60-vcaps"]}]},{"@type":"ImageObject","inLanguage":"de-CH","@id":"https:\/\/ecosupplements.ch\/?product=magnesium-glycinate-with-bioperine-60-vcaps#primaryimage","url":"https:\/\/ecosupplements.ch\/wp-content\/uploads\/2026\/05\/Magnesium-Glycinate-with-BioPerine-60-vcaps.webp","contentUrl":"https:\/\/ecosupplements.ch\/wp-content\/uploads\/2026\/05\/Magnesium-Glycinate-with-BioPerine-60-vcaps.webp","width":1000,"height":1000,"caption":"Magnesium Glycinate with BioPerine - 60 vcaps"},{"@type":"BreadcrumbList","@id":"https:\/\/ecosupplements.ch\/?product=magnesium-glycinate-with-bioperine-60-vcaps#breadcrumb","itemListElement":[{"@type":"ListItem","position":1,"name":"Home","item":"https:\/\/ecosupplements.ch\/"},{"@type":"ListItem","position":2,"name":"Shop","item":"https:\/\/ecosupplements.ch\/?page_id=14"},{"@type":"ListItem","position":3,"name":"Magnesium Glycinate with BioPerine &#8211; 60 vcaps"}]},{"@type":"WebSite","@id":"https:\/\/ecosupplements.ch\/#website","url":"https:\/\/ecosupplements.ch\/","name":"Eco Supplements","description":"","potentialAction":[{"@type":"SearchAction","target":{"@type":"EntryPoint","urlTemplate":"https:\/\/ecosupplements.ch\/?s={search_term_string}"},"query-input":{"@type":"PropertyValueSpecification","valueRequired":true,"valueName":"search_term_string"}}],"inLanguage":"de-CH"}]},"product_price_amount":"13.98","product_price_currency":"CHF","og_availability":"out of stock","product_availability":"out of stock","product_retailer_item_id":"733739012845","product_condition":"new"},"_links":{"self":[{"href":"https:\/\/ecosupplements.ch\/index.php?rest_route=\/wp\/v2\/product\/4952","targetHints":{"allow":["GET"]}}],"collection":[{"href":"https:\/\/ecosupplements.ch\/index.php?rest_route=\/wp\/v2\/product"}],"about":[{"href":"https:\/\/ecosupplements.ch\/index.php?rest_route=\/wp\/v2\/types\/product"}],"replies":[{"embeddable":true,"href":"https:\/\/ecosupplements.ch\/index.php?rest_route=%2Fwp%2Fv2%2Fcomments&post=4952"}],"wp:featuredmedia":[{"embeddable":true,"href":"https:\/\/ecosupplements.ch\/index.php?rest_route=\/wp\/v2\/media\/4953"}],"wp:attachment":[{"href":"https:\/\/ecosupplements.ch\/index.php?rest_route=%2Fwp%2Fv2%2Fmedia&parent=4952"}],"wp:term":[{"taxonomy":"product_brand","embeddable":true,"href":"https:\/\/ecosupplements.ch\/index.php?rest_route=%2Fwp%2Fv2%2Fproduct_brand&post=4952"},{"taxonomy":"product_cat","embeddable":true,"href":"https:\/\/ecosupplements.ch\/index.php?rest_route=%2Fwp%2Fv2%2Fproduct_cat&post=4952"},{"taxonomy":"product_tag","embeddable":true,"href":"https:\/\/ecosupplements.ch\/index.php?rest_route=%2Fwp%2Fv2%2Fproduct_tag&post=4952"}],"curies":[{"name":"wp","href":"https:\/\/api.w.org\/{rel}","templated":true}]}}