{"id":5192,"date":"2026-05-11T15:04:40","date_gmt":"2026-05-11T15:04:40","guid":{"rendered":"https:\/\/ecosupplements.ch\/?product=sleep-regimen-3-in-1-90-vcaps"},"modified":"2026-05-13T07:25:26","modified_gmt":"2026-05-13T07:25:26","slug":"sleep-regimen-3-in-1-90-vcaps","status":"publish","type":"product","link":"https:\/\/ecosupplements.ch\/?product=sleep-regimen-3-in-1-90-vcaps","title":{"rendered":"Sleep Regimen 3-in-1 &#8211; 90 vcaps"},"content":{"rendered":"<div class=\"chcg-product-description\">\n<h2 class=\"chcg-heading\">\u00dcber NOW \u2013 Sleep Regimen 3-in-1 \u2013 90 Vcaps<\/h2>\n<div class=\"chcg-intro\">\n<p>Das NOW Sleep Regimen 3-in-1 kombiniert drei bew\u00e4hrte Wirkstoffe in einer einzigen vegetarischen Kapsel: L-Theanine, 5-HTP und Melatonin. Diese sorgf\u00e4ltig abgestimmte Formel unterst\u00fctzt eine entspannte Abendroutine und tr\u00e4gt dazu bei, den nat\u00fcrlichen Schlaf-Wach-Rhythmus des K\u00f6rpers zu f\u00f6rdern.<\/p>\n<p>Melatonin ist ein k\u00f6rpereigenes Hormon, das die Einschlafzeit verk\u00fcrzen und das subjektive Jetlag-Empfinden lindern kann. L-Theanine, eine Aminos\u00e4ure aus dem Tee, sowie 5-HTP aus dem Griffonia-simplicifolia-Extrakt erg\u00e4nzen die Formel und runden das Schlafregimen ab.<\/p>\n<p>Die Kapseln sind vegan, glutenfrei und laktosefrei \u2013 ideal f\u00fcr Menschen mit besonderen Ern\u00e4hrungsbed\u00fcrfnissen. NOW steht seit Jahrzehnten f\u00fcr h\u00f6chste Qualit\u00e4tsstandards und GMP-zertifizierte Produktion.<\/p>\n<\/p><\/div>\n<div class=\"chcg-nutrition\">\n<h3>N\u00e4hrwertangaben<\/h3>\n<table class=\"chcg-nutrition-table\">\n<thead>\n<tr>\n<th>N\u00e4hrstoff<\/th>\n<th>Pro Portion (1 Kapsel)<\/th>\n<\/tr>\n<\/thead>\n<tbody>\n<tr>\n<td>L-Theanine<\/td>\n<td>200 mg *<\/td>\n<\/tr>\n<tr>\n<td>5-HTP (5-Hydroxytryptophan) (aus Griffonia simplicifolia Extrakt) (Samen)<\/td>\n<td>50 mg *<\/td>\n<\/tr>\n<tr>\n<td>Melatonin<\/td>\n<td>3 mg *<\/td>\n<\/tr>\n<\/tbody>\n<\/table>\n<p class=\"chcg-footnote\">* Kein festgelegter Tagesbedarf (Daily Value) etabliert.<\/p>\n<\/p><\/div>\n<div class=\"chcg-ingredients\">\n<h3>Zutaten<\/h3>\n<p>Mikrokristalline Cellulose, Stearins\u00e4ure (pflanzliche Quelle), Siliciumdioxid.<\/p>\n<p class=\"chcg-capsule-shell\">Kapselh\u00fclle: Hypromellose (Cellulose-Kapsel)<\/p>\n<\/p><\/div>\n<div class=\"chcg-dosage\">\n<h3>Verzehrempfehlung<\/h3>\n<p>1 Kapsel etwa 1 Stunde vor dem Schlafengehen mit Saft oder Wasser einnehmen.<\/p>\n<\/p><\/div>\n<div class=\"chcg-warnings\">\n<h3>Warnhinweise<\/h3>\n<p>Achtung: Nur f\u00fcr Erwachsene. Nicht empfohlen f\u00fcr schwangere oder stillende Frauen. Nicht zusammen mit alkoholischen Getr\u00e4nken einnehmen. Nach dem Konsum von Melatonin kein Fahrzeug und keine schweren Maschinen bedienen. Vor der Einnahme einen Arzt konsultieren, wenn Medikamente eingenommen werden (insbesondere Schlafmittel, Immunsuppressiva, Antikoagulantien, Antidepressiva, Blutdruckmedikamente) oder eine Erkrankung vorliegt. Kann Schl\u00e4frigkeit und leichte, vor\u00fcbergehende Magen-Darm-Beschwerden verursachen. Bei Magen-Darm-Beschwerden zusammen mit einer Mahlzeit einnehmen. Ausserhalb der Reichweite von Kindern aufbewahren. Nat\u00fcrliche Farbvariationen k\u00f6nnen bei diesem Produkt vorkommen.<\/p>\n<\/p><\/div>\n<div class=\"chcg-allergens\">\n<h3>Allergeninformationen<\/h3>\n<p>Nicht hergestellt mit Hefe, Weizen, Gluten, Soja, Milch, Ei, Fisch, Schalentieren oder Baumnuss-Zutaten. Produziert in einer GMP-zertifizierten Anlage, die auch andere Zutaten verarbeitet, die diese Allergene enthalten.<\/p>\n<\/p><\/div>\n<div class=\"chcg-storage\">\n<h3>Lagerung<\/h3>\n<p>Nach dem \u00d6ffnen an einem k\u00fchlen, trockenen Ort aufbewahren.<\/p>\n<\/p><\/div>\n<div class=\"chcg-dietary\">\n<h3>Ern\u00e4hrungshinweise<\/h3>\n<ul>\n<li>Vegan<\/li>\n<li>Vegetarisch<\/li>\n<li>Glutenfrei<\/li>\n<li>Laktosefrei<\/li>\n<\/ul><\/div>\n<\/div>\n","protected":false},"excerpt":{"rendered":"<p>NOW Sleep Regimen 3-in-1 vereint L-Theanine, 5-HTP und Melatonin in einer vegetarischen Kapsel zur Unterst\u00fctzung des nat\u00fcrlichen Schlaf-Wach-Rhythmus. Packungsgr\u00f6sse: 90 Vcaps. Vegan und glutenfrei.<\/p>\n","protected":false},"featured_media":5193,"comment_status":"closed","ping_status":"open","template":"","meta":[],"product_brand":[464],"product_cat":[48,25,83,22],"product_tag":[],"class_list":{"0":"post-5192","1":"product","2":"type-product","3":"status-publish","4":"has-post-thumbnail","6":"product_brand-now","7":"product_cat-gesunde-ernaehrung","8":"product_cat-gesundheit-und-wohlbefinden","9":"product_cat-schlafunterstuetzung","10":"product_cat-vegane-produkte","12":"first","13":"outofstock","14":"taxable","15":"shipping-taxable","16":"purchasable","17":"product-type-simple"},"yoast_head":"<!-- This site is optimized with the Yoast SEO plugin v27.5 - https:\/\/yoast.com\/product\/yoast-seo-wordpress\/ -->\n<title>Sleep Regimen 3-in-1 \u2013 NOW | ecosupplements.ch<\/title>\n<meta name=\"description\" content=\"NOW Sleep Regimen 3-in-1 mit Melatonin, L-Theanine &amp; 5-HTP \u2013 90 vegane Kapseln f\u00fcr Ihren nat\u00fcrlichen Schlaf-Wach-Rhythmus. Jetzt bestellen.\" \/>\n<meta name=\"robots\" content=\"index, follow, max-snippet:-1, max-image-preview:large, max-video-preview:-1\" \/>\n<link rel=\"canonical\" href=\"https:\/\/ecosupplements.ch\/?product=sleep-regimen-3-in-1-90-vcaps\" \/>\n<meta property=\"og:locale\" content=\"de_DE\" \/>\n<meta property=\"og:type\" content=\"article\" \/>\n<meta property=\"og:title\" content=\"Sleep Regimen 3-in-1 \u2013 NOW | ecosupplements.ch\" \/>\n<meta property=\"og:description\" content=\"NOW Sleep Regimen 3-in-1 mit Melatonin, L-Theanine &amp; 5-HTP \u2013 90 vegane Kapseln f\u00fcr Ihren nat\u00fcrlichen Schlaf-Wach-Rhythmus. Jetzt bestellen.\" \/>\n<meta property=\"og:url\" content=\"https:\/\/ecosupplements.ch\/?product=sleep-regimen-3-in-1-90-vcaps\" \/>\n<meta property=\"og:site_name\" content=\"Eco Supplements\" \/>\n<meta property=\"article:modified_time\" content=\"2026-05-13T07:25:26+00:00\" \/>\n<meta property=\"og:image\" content=\"https:\/\/ecosupplements.ch\/wp-content\/uploads\/2026\/05\/Sleep-Regimen-3-in-1-90-vcaps.webp\" \/>\n\t<meta property=\"og:image:width\" content=\"1000\" \/>\n\t<meta property=\"og:image:height\" content=\"1000\" \/>\n\t<meta property=\"og:image:type\" content=\"image\/jpeg\" \/>\n<meta name=\"twitter:card\" content=\"summary_large_image\" \/>\n<meta name=\"twitter:label1\" content=\"Price\" \/>\n\t<meta name=\"twitter:data1\" content=\"&#067;&#072;&#070;&nbsp;19.98\" \/>\n\t<meta name=\"twitter:label2\" content=\"Availability\" \/>\n\t<meta name=\"twitter:data2\" content=\"Out of stock\" \/>\n<script type=\"application\/ld+json\" class=\"yoast-schema-graph\">{\"@context\":\"https:\\\/\\\/schema.org\",\"@graph\":[{\"@type\":\"WebPage\",\"@id\":\"https:\\\/\\\/ecosupplements.ch\\\/?product=sleep-regimen-3-in-1-90-vcaps\",\"url\":\"https:\\\/\\\/ecosupplements.ch\\\/?product=sleep-regimen-3-in-1-90-vcaps\",\"name\":\"Sleep Regimen 3-in-1 \u2013 NOW | ecosupplements.ch\",\"isPartOf\":{\"@id\":\"https:\\\/\\\/ecosupplements.ch\\\/#website\"},\"primaryImageOfPage\":{\"@id\":\"https:\\\/\\\/ecosupplements.ch\\\/?product=sleep-regimen-3-in-1-90-vcaps#primaryimage\"},\"image\":{\"@id\":\"https:\\\/\\\/ecosupplements.ch\\\/?product=sleep-regimen-3-in-1-90-vcaps#primaryimage\"},\"thumbnailUrl\":\"https:\\\/\\\/ecosupplements.ch\\\/wp-content\\\/uploads\\\/2026\\\/05\\\/Sleep-Regimen-3-in-1-90-vcaps.webp\",\"datePublished\":\"2026-05-11T15:04:40+00:00\",\"dateModified\":\"2026-05-13T07:25:26+00:00\",\"description\":\"NOW Sleep Regimen 3-in-1 mit Melatonin, L-Theanine & 5-HTP \u2013 90 vegane Kapseln f\u00fcr Ihren nat\u00fcrlichen Schlaf-Wach-Rhythmus. Jetzt bestellen.\",\"breadcrumb\":{\"@id\":\"https:\\\/\\\/ecosupplements.ch\\\/?product=sleep-regimen-3-in-1-90-vcaps#breadcrumb\"},\"inLanguage\":\"de-CH\",\"potentialAction\":[{\"@type\":\"ReadAction\",\"target\":[\"https:\\\/\\\/ecosupplements.ch\\\/?product=sleep-regimen-3-in-1-90-vcaps\"]}]},{\"@type\":\"ImageObject\",\"inLanguage\":\"de-CH\",\"@id\":\"https:\\\/\\\/ecosupplements.ch\\\/?product=sleep-regimen-3-in-1-90-vcaps#primaryimage\",\"url\":\"https:\\\/\\\/ecosupplements.ch\\\/wp-content\\\/uploads\\\/2026\\\/05\\\/Sleep-Regimen-3-in-1-90-vcaps.webp\",\"contentUrl\":\"https:\\\/\\\/ecosupplements.ch\\\/wp-content\\\/uploads\\\/2026\\\/05\\\/Sleep-Regimen-3-in-1-90-vcaps.webp\",\"width\":1000,\"height\":1000,\"caption\":\"Sleep Regimen 3-in-1 - 90 vcaps\"},{\"@type\":\"BreadcrumbList\",\"@id\":\"https:\\\/\\\/ecosupplements.ch\\\/?product=sleep-regimen-3-in-1-90-vcaps#breadcrumb\",\"itemListElement\":[{\"@type\":\"ListItem\",\"position\":1,\"name\":\"Home\",\"item\":\"https:\\\/\\\/ecosupplements.ch\\\/\"},{\"@type\":\"ListItem\",\"position\":2,\"name\":\"Shop\",\"item\":\"https:\\\/\\\/ecosupplements.ch\\\/?page_id=14\"},{\"@type\":\"ListItem\",\"position\":3,\"name\":\"Sleep Regimen 3-in-1 &#8211; 90 vcaps\"}]},{\"@type\":\"WebSite\",\"@id\":\"https:\\\/\\\/ecosupplements.ch\\\/#website\",\"url\":\"https:\\\/\\\/ecosupplements.ch\\\/\",\"name\":\"Eco Supplements\",\"description\":\"\",\"potentialAction\":[{\"@type\":\"SearchAction\",\"target\":{\"@type\":\"EntryPoint\",\"urlTemplate\":\"https:\\\/\\\/ecosupplements.ch\\\/?s={search_term_string}\"},\"query-input\":{\"@type\":\"PropertyValueSpecification\",\"valueRequired\":true,\"valueName\":\"search_term_string\"}}],\"inLanguage\":\"de-CH\"}]}<\/script>\n<meta property=\"product:price:amount\" content=\"19.98\" \/>\n<meta property=\"product:price:currency\" content=\"CHF\" \/>\n<meta property=\"og:availability\" content=\"out of stock\" \/>\n<meta property=\"product:availability\" content=\"out of stock\" \/>\n<meta property=\"product:retailer_item_id\" content=\"733739047694\" \/>\n<meta property=\"product:condition\" content=\"new\" \/>\n<!-- \/ Yoast SEO plugin. -->","yoast_head_json":{"title":"Sleep Regimen 3-in-1 \u2013 NOW | ecosupplements.ch","description":"NOW Sleep Regimen 3-in-1 mit Melatonin, L-Theanine & 5-HTP \u2013 90 vegane Kapseln f\u00fcr Ihren nat\u00fcrlichen Schlaf-Wach-Rhythmus. Jetzt bestellen.","robots":{"index":"index","follow":"follow","max-snippet":"max-snippet:-1","max-image-preview":"max-image-preview:large","max-video-preview":"max-video-preview:-1"},"canonical":"https:\/\/ecosupplements.ch\/?product=sleep-regimen-3-in-1-90-vcaps","og_locale":"de_DE","og_type":"article","og_title":"Sleep Regimen 3-in-1 \u2013 NOW | ecosupplements.ch","og_description":"NOW Sleep Regimen 3-in-1 mit Melatonin, L-Theanine & 5-HTP \u2013 90 vegane Kapseln f\u00fcr Ihren nat\u00fcrlichen Schlaf-Wach-Rhythmus. Jetzt bestellen.","og_url":"https:\/\/ecosupplements.ch\/?product=sleep-regimen-3-in-1-90-vcaps","og_site_name":"Eco Supplements","article_modified_time":"2026-05-13T07:25:26+00:00","og_image":[{"width":1000,"height":1000,"url":"https:\/\/ecosupplements.ch\/wp-content\/uploads\/2026\/05\/Sleep-Regimen-3-in-1-90-vcaps.webp","type":"image\/jpeg"}],"twitter_card":"summary_large_image","twitter_misc":{"Price":"&#67;&#72;&#70;&nbsp;19.98","Availability":"Out of stock"},"schema":{"@context":"https:\/\/schema.org","@graph":[{"@type":"WebPage","@id":"https:\/\/ecosupplements.ch\/?product=sleep-regimen-3-in-1-90-vcaps","url":"https:\/\/ecosupplements.ch\/?product=sleep-regimen-3-in-1-90-vcaps","name":"Sleep Regimen 3-in-1 \u2013 NOW | ecosupplements.ch","isPartOf":{"@id":"https:\/\/ecosupplements.ch\/#website"},"primaryImageOfPage":{"@id":"https:\/\/ecosupplements.ch\/?product=sleep-regimen-3-in-1-90-vcaps#primaryimage"},"image":{"@id":"https:\/\/ecosupplements.ch\/?product=sleep-regimen-3-in-1-90-vcaps#primaryimage"},"thumbnailUrl":"https:\/\/ecosupplements.ch\/wp-content\/uploads\/2026\/05\/Sleep-Regimen-3-in-1-90-vcaps.webp","datePublished":"2026-05-11T15:04:40+00:00","dateModified":"2026-05-13T07:25:26+00:00","description":"NOW Sleep Regimen 3-in-1 mit Melatonin, L-Theanine & 5-HTP \u2013 90 vegane Kapseln f\u00fcr Ihren nat\u00fcrlichen Schlaf-Wach-Rhythmus. Jetzt bestellen.","breadcrumb":{"@id":"https:\/\/ecosupplements.ch\/?product=sleep-regimen-3-in-1-90-vcaps#breadcrumb"},"inLanguage":"de-CH","potentialAction":[{"@type":"ReadAction","target":["https:\/\/ecosupplements.ch\/?product=sleep-regimen-3-in-1-90-vcaps"]}]},{"@type":"ImageObject","inLanguage":"de-CH","@id":"https:\/\/ecosupplements.ch\/?product=sleep-regimen-3-in-1-90-vcaps#primaryimage","url":"https:\/\/ecosupplements.ch\/wp-content\/uploads\/2026\/05\/Sleep-Regimen-3-in-1-90-vcaps.webp","contentUrl":"https:\/\/ecosupplements.ch\/wp-content\/uploads\/2026\/05\/Sleep-Regimen-3-in-1-90-vcaps.webp","width":1000,"height":1000,"caption":"Sleep Regimen 3-in-1 - 90 vcaps"},{"@type":"BreadcrumbList","@id":"https:\/\/ecosupplements.ch\/?product=sleep-regimen-3-in-1-90-vcaps#breadcrumb","itemListElement":[{"@type":"ListItem","position":1,"name":"Home","item":"https:\/\/ecosupplements.ch\/"},{"@type":"ListItem","position":2,"name":"Shop","item":"https:\/\/ecosupplements.ch\/?page_id=14"},{"@type":"ListItem","position":3,"name":"Sleep Regimen 3-in-1 &#8211; 90 vcaps"}]},{"@type":"WebSite","@id":"https:\/\/ecosupplements.ch\/#website","url":"https:\/\/ecosupplements.ch\/","name":"Eco Supplements","description":"","potentialAction":[{"@type":"SearchAction","target":{"@type":"EntryPoint","urlTemplate":"https:\/\/ecosupplements.ch\/?s={search_term_string}"},"query-input":{"@type":"PropertyValueSpecification","valueRequired":true,"valueName":"search_term_string"}}],"inLanguage":"de-CH"}]},"product_price_amount":"19.98","product_price_currency":"CHF","og_availability":"out of stock","product_availability":"out of stock","product_retailer_item_id":"733739047694","product_condition":"new"},"_links":{"self":[{"href":"https:\/\/ecosupplements.ch\/index.php?rest_route=\/wp\/v2\/product\/5192","targetHints":{"allow":["GET"]}}],"collection":[{"href":"https:\/\/ecosupplements.ch\/index.php?rest_route=\/wp\/v2\/product"}],"about":[{"href":"https:\/\/ecosupplements.ch\/index.php?rest_route=\/wp\/v2\/types\/product"}],"replies":[{"embeddable":true,"href":"https:\/\/ecosupplements.ch\/index.php?rest_route=%2Fwp%2Fv2%2Fcomments&post=5192"}],"wp:featuredmedia":[{"embeddable":true,"href":"https:\/\/ecosupplements.ch\/index.php?rest_route=\/wp\/v2\/media\/5193"}],"wp:attachment":[{"href":"https:\/\/ecosupplements.ch\/index.php?rest_route=%2Fwp%2Fv2%2Fmedia&parent=5192"}],"wp:term":[{"taxonomy":"product_brand","embeddable":true,"href":"https:\/\/ecosupplements.ch\/index.php?rest_route=%2Fwp%2Fv2%2Fproduct_brand&post=5192"},{"taxonomy":"product_cat","embeddable":true,"href":"https:\/\/ecosupplements.ch\/index.php?rest_route=%2Fwp%2Fv2%2Fproduct_cat&post=5192"},{"taxonomy":"product_tag","embeddable":true,"href":"https:\/\/ecosupplements.ch\/index.php?rest_route=%2Fwp%2Fv2%2Fproduct_tag&post=5192"}],"curies":[{"name":"wp","href":"https:\/\/api.w.org\/{rel}","templated":true}]}}