{"id":5219,"date":"2026-05-11T15:04:52","date_gmt":"2026-05-11T15:04:52","guid":{"rendered":"https:\/\/ecosupplements.ch\/?product=sunflower-lecithin-liquid-473-ml"},"modified":"2026-05-13T07:23:27","modified_gmt":"2026-05-13T07:23:27","slug":"sunflower-lecithin-liquid-473-ml","status":"publish","type":"product","link":"https:\/\/ecosupplements.ch\/?product=sunflower-lecithin-liquid-473-ml","title":{"rendered":"Sunflower Lecithin, Liquid &#8211; 473 ml."},"content":{"rendered":"<div class=\"chcg-product-description\">\n<h2 class=\"chcg-heading\">\u00dcber NOW Foods \u2013 Sunflower Lecithin, Fl\u00fcssig \u2013 473 ml<\/h2>\n<div class=\"chcg-intro\">\n<p>NOW Foods Sunflower Lecithin in fl\u00fcssiger Form ist ein reines, gentechnikfreies (Non-GMO) Lecithin aus Sonnenblumen. Es enth\u00e4lt nat\u00fcrlich vorkommende Phosphatide wie Phosphatidylcholin, Phosphatidylinositol und Phosphatidylethanolamin \u2013 wertvolle Bestandteile, die in einer ausgewogenen Ern\u00e4hrung eine wichtige Rolle spielen k\u00f6nnen.<\/p>\n<p>Als vielseitig einsetzbares Fl\u00fcssigprodukt l\u00e4sst sich Sunflower Lecithin einfach in den Alltag integrieren: Es eignet sich hervorragend als Emulgator in Salatdressings und Saucen, kann Milch, Proteinshakes oder Gem\u00fcses\u00e4ften beigemischt werden und dient zudem als nat\u00fcrliche Antihaftbeschichtung f\u00fcr T\u00f6pfe und Pfannen.<\/p>\n<p>Das Produkt ist frei von Soja und wird unter GMP-zertifizierten Bedingungen hergestellt \u2013 f\u00fcr eine gleichbleibend hohe Qualit\u00e4t, der Schweizer Konsumentinnen und Konsumenten vertrauen k\u00f6nnen.<\/p>\n<\/p><\/div>\n<div class=\"chcg-nutrition\">\n<h3>N\u00e4hrwertangaben<\/h3>\n<table class=\"chcg-nutrition-table\">\n<thead>\n<tr>\n<th>N\u00e4hrstoff<\/th>\n<th>Pro Portion (15 ml \/ 15 g)<\/th>\n<\/tr>\n<\/thead>\n<tbody>\n<tr>\n<td>Kalorien<\/td>\n<td>90<\/td>\n<\/tr>\n<tr>\n<td>Gesamtfett<\/td>\n<td>10 g (13% DV)<\/td>\n<\/tr>\n<tr>\n<td>\u2013 Ges\u00e4ttigte Fetts\u00e4uren<\/td>\n<td>1,5 g (8% DV)<\/td>\n<\/tr>\n<tr>\n<td>\u2013 Mehrfach unges\u00e4ttigte Fetts\u00e4uren<\/td>\n<td>5 g<\/td>\n<\/tr>\n<tr>\n<td>\u2013 Einfach unges\u00e4ttigte Fetts\u00e4uren<\/td>\n<td>3 g<\/td>\n<\/tr>\n<tr>\n<td>\u2013 Transfetts\u00e4uren<\/td>\n<td>0 g<\/td>\n<\/tr>\n<tr>\n<td>Cholesterin<\/td>\n<td>0 mg<\/td>\n<\/tr>\n<tr>\n<td>Natrium<\/td>\n<td>0 mg (0% DV)<\/td>\n<\/tr>\n<tr>\n<td>Gesamtkohlenhydrate<\/td>\n<td>&lt;1 g (&lt;1% DV)<\/td>\n<\/tr>\n<tr>\n<td>\u2013 Ballaststoffe<\/td>\n<td>0 g<\/td>\n<\/tr>\n<tr>\n<td>\u2013 Gesamtzucker<\/td>\n<td>0 g<\/td>\n<\/tr>\n<tr>\n<td>Protein<\/td>\n<td>0 g<\/td>\n<\/tr>\n<tr>\n<td>Calcium<\/td>\n<td>23 mg (2% DV)<\/td>\n<\/tr>\n<tr>\n<td>Eisen<\/td>\n<td>0,3 mg (2% DV)<\/td>\n<\/tr>\n<tr>\n<td>Kalium<\/td>\n<td>75 mg (2% DV)<\/td>\n<\/tr>\n<tr>\n<td>Phosphor<\/td>\n<td>256 mg (20% DV)<\/td>\n<\/tr>\n<tr>\n<td>Typischer Phosphatidgehalt: Phosphatidylcholin<\/td>\n<td>19%<\/td>\n<\/tr>\n<tr>\n<td>Typischer Phosphatidgehalt: Phosphatidylinositol<\/td>\n<td>12%<\/td>\n<\/tr>\n<tr>\n<td>Typischer Phosphatidgehalt: Phosphatidylethanolamin<\/td>\n<td>7%<\/td>\n<\/tr>\n<\/tbody>\n<\/table>\n<p class=\"chcg-footnote\">Portionsgr\u00f6sse: 1 Essl\u00f6ffel (15 ml \/ 15 g). Portionen pro Beh\u00e4lter: ca. 32.<\/p>\n<\/p><\/div>\n<div class=\"chcg-ingredients\">\n<h3>Zutaten<\/h3>\n<p>Fl\u00fcssiges Sonnenblumenlecithin (Non-GMO). Nicht-medizinische Zutaten: Keine.<\/p>\n<\/p><\/div>\n<div class=\"chcg-dosage\">\n<h3>Verzehrempfehlung<\/h3>\n<p>1 Essl\u00f6ffel (15 ml) in Milch, Proteinshakes oder Gem\u00fcses\u00e4fte einr\u00fchren. Kann auch in Salatdressings und Saucen als Emulgator f\u00fcr Fette verwendet werden oder als Antihaftbeschichtung f\u00fcr T\u00f6pfe und Pfannen dienen. Vor der Verwendung gut sch\u00fctteln. Bei nat\u00fcrlicher Trennung der \u00d6lbestandteile gut sch\u00fctteln, um das Produkt zu vermischen.<\/p>\n<\/p><\/div>\n<div class=\"chcg-warnings\">\n<h3>Warnhinweise<\/h3>\n<p>Nat\u00fcrliche Farbver\u00e4nderungen k\u00f6nnen bei diesem Produkt auftreten. Bei nat\u00fcrlicher Trennung der \u00d6lbestandteile gut sch\u00fctteln, um das Produkt zu vermischen.<\/p>\n<\/p><\/div>\n<div class=\"chcg-allergens\">\n<h3>Allergeninformationen<\/h3>\n<p>Nicht hergestellt mit Hefe, Weizen, Gluten, Soja, Mais, Milch, Ei, Fisch, Schalentieren, Baumn\u00fcssen oder Sesam. Hergestellt in einem GMP-zertifizierten Betrieb, der andere Zutaten verarbeitet, die diese Allergene enthalten k\u00f6nnen.<\/p>\n<\/p><\/div>\n<div class=\"chcg-storage\">\n<h3>Lagerung<\/h3>\n<p>Nach dem \u00d6ffnen k\u00fchl und trocken lagern.<\/p>\n<\/p><\/div>\n<div class=\"chcg-dietary\">\n<h3>Ern\u00e4hrungshinweise<\/h3>\n<ul>\n<li>Vegan<\/li>\n<li>Vegetarisch<\/li>\n<li>Glutenfrei<\/li>\n<li>Laktosefrei<\/li>\n<\/ul><\/div>\n<\/div>\n","protected":false},"excerpt":{"rendered":"<p>NOW Foods Sunflower Lecithin liefert nat\u00fcrliche Phosphatide aus gentechnikfreien Sonnenblumen. Die vielseitige Fl\u00fcssigkeit (473 ml, ca. 32 Portionen) eignet sich zum Einr\u00fchren in Shakes oder als Emulgator in der K\u00fcche.<\/p>\n","protected":false},"featured_media":5220,"comment_status":"closed","ping_status":"open","template":"","meta":[],"product_brand":[454],"product_cat":[48,133,25,22,21],"product_tag":[],"class_list":{"0":"post-5219","1":"product","2":"type-product","3":"status-publish","4":"has-post-thumbnail","6":"product_brand-nownow-foods","7":"product_cat-gesunde-ernaehrung","8":"product_cat-gesunde-lebensmittel","9":"product_cat-gesundheit-und-wohlbefinden","10":"product_cat-vegane-produkte","11":"product_cat-vitamine-und-mineralstoffe","13":"first","14":"outofstock","15":"taxable","16":"shipping-taxable","17":"purchasable","18":"product-type-simple"},"yoast_head":"<!-- This site is optimized with the Yoast SEO plugin v27.5 - https:\/\/yoast.com\/product\/yoast-seo-wordpress\/ -->\n<title>Sunflower Lecithin Fl\u00fcssig 473 ml \u2013 NOW Foods | ecosupplements.ch<\/title>\n<meta name=\"description\" content=\"NOW Foods Sunflower Lecithin \u2013 reines, Non-GMO Sonnenblumenlecithin in fl\u00fcssiger Form, 473 ml. Vielseitig einsetzbar in Shakes und K\u00fcche. Jetzt bestellen.\" \/>\n<meta name=\"robots\" content=\"index, follow, max-snippet:-1, max-image-preview:large, max-video-preview:-1\" \/>\n<link rel=\"canonical\" href=\"https:\/\/ecosupplements.ch\/?product=sunflower-lecithin-liquid-473-ml\" \/>\n<meta property=\"og:locale\" content=\"de_DE\" \/>\n<meta property=\"og:type\" content=\"article\" \/>\n<meta property=\"og:title\" content=\"Sunflower Lecithin Fl\u00fcssig 473 ml \u2013 NOW Foods | ecosupplements.ch\" \/>\n<meta property=\"og:description\" content=\"NOW Foods Sunflower Lecithin \u2013 reines, Non-GMO Sonnenblumenlecithin in fl\u00fcssiger Form, 473 ml. Vielseitig einsetzbar in Shakes und K\u00fcche. Jetzt bestellen.\" \/>\n<meta property=\"og:url\" content=\"https:\/\/ecosupplements.ch\/?product=sunflower-lecithin-liquid-473-ml\" \/>\n<meta property=\"og:site_name\" content=\"Eco Supplements\" \/>\n<meta property=\"article:modified_time\" content=\"2026-05-13T07:23:27+00:00\" \/>\n<meta property=\"og:image\" content=\"https:\/\/ecosupplements.ch\/wp-content\/uploads\/2026\/05\/Sunflower-Lecithin-Liquid-473-ml.webp\" \/>\n\t<meta property=\"og:image:width\" content=\"1000\" \/>\n\t<meta property=\"og:image:height\" content=\"1000\" \/>\n\t<meta property=\"og:image:type\" content=\"image\/jpeg\" \/>\n<meta name=\"twitter:card\" content=\"summary_large_image\" \/>\n<meta name=\"twitter:label1\" content=\"Price\" \/>\n\t<meta name=\"twitter:data1\" content=\"&#067;&#072;&#070;&nbsp;22.07\" \/>\n\t<meta name=\"twitter:label2\" content=\"Availability\" \/>\n\t<meta name=\"twitter:data2\" content=\"Out of stock\" \/>\n<script type=\"application\/ld+json\" class=\"yoast-schema-graph\">{\"@context\":\"https:\\\/\\\/schema.org\",\"@graph\":[{\"@type\":\"WebPage\",\"@id\":\"https:\\\/\\\/ecosupplements.ch\\\/?product=sunflower-lecithin-liquid-473-ml\",\"url\":\"https:\\\/\\\/ecosupplements.ch\\\/?product=sunflower-lecithin-liquid-473-ml\",\"name\":\"Sunflower Lecithin Fl\u00fcssig 473 ml \u2013 NOW Foods | ecosupplements.ch\",\"isPartOf\":{\"@id\":\"https:\\\/\\\/ecosupplements.ch\\\/#website\"},\"primaryImageOfPage\":{\"@id\":\"https:\\\/\\\/ecosupplements.ch\\\/?product=sunflower-lecithin-liquid-473-ml#primaryimage\"},\"image\":{\"@id\":\"https:\\\/\\\/ecosupplements.ch\\\/?product=sunflower-lecithin-liquid-473-ml#primaryimage\"},\"thumbnailUrl\":\"https:\\\/\\\/ecosupplements.ch\\\/wp-content\\\/uploads\\\/2026\\\/05\\\/Sunflower-Lecithin-Liquid-473-ml.webp\",\"datePublished\":\"2026-05-11T15:04:52+00:00\",\"dateModified\":\"2026-05-13T07:23:27+00:00\",\"description\":\"NOW Foods Sunflower Lecithin \u2013 reines, Non-GMO Sonnenblumenlecithin in fl\u00fcssiger Form, 473 ml. Vielseitig einsetzbar in Shakes und K\u00fcche. Jetzt bestellen.\",\"breadcrumb\":{\"@id\":\"https:\\\/\\\/ecosupplements.ch\\\/?product=sunflower-lecithin-liquid-473-ml#breadcrumb\"},\"inLanguage\":\"de-CH\",\"potentialAction\":[{\"@type\":\"ReadAction\",\"target\":[\"https:\\\/\\\/ecosupplements.ch\\\/?product=sunflower-lecithin-liquid-473-ml\"]}]},{\"@type\":\"ImageObject\",\"inLanguage\":\"de-CH\",\"@id\":\"https:\\\/\\\/ecosupplements.ch\\\/?product=sunflower-lecithin-liquid-473-ml#primaryimage\",\"url\":\"https:\\\/\\\/ecosupplements.ch\\\/wp-content\\\/uploads\\\/2026\\\/05\\\/Sunflower-Lecithin-Liquid-473-ml.webp\",\"contentUrl\":\"https:\\\/\\\/ecosupplements.ch\\\/wp-content\\\/uploads\\\/2026\\\/05\\\/Sunflower-Lecithin-Liquid-473-ml.webp\",\"width\":1000,\"height\":1000,\"caption\":\"Sunflower Lecithin\"},{\"@type\":\"BreadcrumbList\",\"@id\":\"https:\\\/\\\/ecosupplements.ch\\\/?product=sunflower-lecithin-liquid-473-ml#breadcrumb\",\"itemListElement\":[{\"@type\":\"ListItem\",\"position\":1,\"name\":\"Home\",\"item\":\"https:\\\/\\\/ecosupplements.ch\\\/\"},{\"@type\":\"ListItem\",\"position\":2,\"name\":\"Shop\",\"item\":\"https:\\\/\\\/ecosupplements.ch\\\/?page_id=14\"},{\"@type\":\"ListItem\",\"position\":3,\"name\":\"Sunflower Lecithin, Liquid &#8211; 473 ml.\"}]},{\"@type\":\"WebSite\",\"@id\":\"https:\\\/\\\/ecosupplements.ch\\\/#website\",\"url\":\"https:\\\/\\\/ecosupplements.ch\\\/\",\"name\":\"Eco Supplements\",\"description\":\"\",\"potentialAction\":[{\"@type\":\"SearchAction\",\"target\":{\"@type\":\"EntryPoint\",\"urlTemplate\":\"https:\\\/\\\/ecosupplements.ch\\\/?s={search_term_string}\"},\"query-input\":{\"@type\":\"PropertyValueSpecification\",\"valueRequired\":true,\"valueName\":\"search_term_string\"}}],\"inLanguage\":\"de-CH\"}]}<\/script>\n<meta property=\"product:price:amount\" content=\"22.07\" \/>\n<meta property=\"product:price:currency\" content=\"CHF\" \/>\n<meta property=\"og:availability\" content=\"out of stock\" \/>\n<meta property=\"product:availability\" content=\"out of stock\" \/>\n<meta property=\"product:retailer_item_id\" content=\"733739023728\" \/>\n<meta property=\"product:condition\" content=\"new\" \/>\n<!-- \/ Yoast SEO plugin. -->","yoast_head_json":{"title":"Sunflower Lecithin Fl\u00fcssig 473 ml \u2013 NOW Foods | ecosupplements.ch","description":"NOW Foods Sunflower Lecithin \u2013 reines, Non-GMO Sonnenblumenlecithin in fl\u00fcssiger Form, 473 ml. Vielseitig einsetzbar in Shakes und K\u00fcche. Jetzt bestellen.","robots":{"index":"index","follow":"follow","max-snippet":"max-snippet:-1","max-image-preview":"max-image-preview:large","max-video-preview":"max-video-preview:-1"},"canonical":"https:\/\/ecosupplements.ch\/?product=sunflower-lecithin-liquid-473-ml","og_locale":"de_DE","og_type":"article","og_title":"Sunflower Lecithin Fl\u00fcssig 473 ml \u2013 NOW Foods | ecosupplements.ch","og_description":"NOW Foods Sunflower Lecithin \u2013 reines, Non-GMO Sonnenblumenlecithin in fl\u00fcssiger Form, 473 ml. Vielseitig einsetzbar in Shakes und K\u00fcche. Jetzt bestellen.","og_url":"https:\/\/ecosupplements.ch\/?product=sunflower-lecithin-liquid-473-ml","og_site_name":"Eco Supplements","article_modified_time":"2026-05-13T07:23:27+00:00","og_image":[{"width":1000,"height":1000,"url":"https:\/\/ecosupplements.ch\/wp-content\/uploads\/2026\/05\/Sunflower-Lecithin-Liquid-473-ml.webp","type":"image\/jpeg"}],"twitter_card":"summary_large_image","twitter_misc":{"Price":"&#67;&#72;&#70;&nbsp;22.07","Availability":"Out of stock"},"schema":{"@context":"https:\/\/schema.org","@graph":[{"@type":"WebPage","@id":"https:\/\/ecosupplements.ch\/?product=sunflower-lecithin-liquid-473-ml","url":"https:\/\/ecosupplements.ch\/?product=sunflower-lecithin-liquid-473-ml","name":"Sunflower Lecithin Fl\u00fcssig 473 ml \u2013 NOW Foods | ecosupplements.ch","isPartOf":{"@id":"https:\/\/ecosupplements.ch\/#website"},"primaryImageOfPage":{"@id":"https:\/\/ecosupplements.ch\/?product=sunflower-lecithin-liquid-473-ml#primaryimage"},"image":{"@id":"https:\/\/ecosupplements.ch\/?product=sunflower-lecithin-liquid-473-ml#primaryimage"},"thumbnailUrl":"https:\/\/ecosupplements.ch\/wp-content\/uploads\/2026\/05\/Sunflower-Lecithin-Liquid-473-ml.webp","datePublished":"2026-05-11T15:04:52+00:00","dateModified":"2026-05-13T07:23:27+00:00","description":"NOW Foods Sunflower Lecithin \u2013 reines, Non-GMO Sonnenblumenlecithin in fl\u00fcssiger Form, 473 ml. Vielseitig einsetzbar in Shakes und K\u00fcche. Jetzt bestellen.","breadcrumb":{"@id":"https:\/\/ecosupplements.ch\/?product=sunflower-lecithin-liquid-473-ml#breadcrumb"},"inLanguage":"de-CH","potentialAction":[{"@type":"ReadAction","target":["https:\/\/ecosupplements.ch\/?product=sunflower-lecithin-liquid-473-ml"]}]},{"@type":"ImageObject","inLanguage":"de-CH","@id":"https:\/\/ecosupplements.ch\/?product=sunflower-lecithin-liquid-473-ml#primaryimage","url":"https:\/\/ecosupplements.ch\/wp-content\/uploads\/2026\/05\/Sunflower-Lecithin-Liquid-473-ml.webp","contentUrl":"https:\/\/ecosupplements.ch\/wp-content\/uploads\/2026\/05\/Sunflower-Lecithin-Liquid-473-ml.webp","width":1000,"height":1000,"caption":"Sunflower Lecithin"},{"@type":"BreadcrumbList","@id":"https:\/\/ecosupplements.ch\/?product=sunflower-lecithin-liquid-473-ml#breadcrumb","itemListElement":[{"@type":"ListItem","position":1,"name":"Home","item":"https:\/\/ecosupplements.ch\/"},{"@type":"ListItem","position":2,"name":"Shop","item":"https:\/\/ecosupplements.ch\/?page_id=14"},{"@type":"ListItem","position":3,"name":"Sunflower Lecithin, Liquid &#8211; 473 ml."}]},{"@type":"WebSite","@id":"https:\/\/ecosupplements.ch\/#website","url":"https:\/\/ecosupplements.ch\/","name":"Eco Supplements","description":"","potentialAction":[{"@type":"SearchAction","target":{"@type":"EntryPoint","urlTemplate":"https:\/\/ecosupplements.ch\/?s={search_term_string}"},"query-input":{"@type":"PropertyValueSpecification","valueRequired":true,"valueName":"search_term_string"}}],"inLanguage":"de-CH"}]},"product_price_amount":"22.07","product_price_currency":"CHF","og_availability":"out of stock","product_availability":"out of stock","product_retailer_item_id":"733739023728","product_condition":"new"},"_links":{"self":[{"href":"https:\/\/ecosupplements.ch\/index.php?rest_route=\/wp\/v2\/product\/5219","targetHints":{"allow":["GET"]}}],"collection":[{"href":"https:\/\/ecosupplements.ch\/index.php?rest_route=\/wp\/v2\/product"}],"about":[{"href":"https:\/\/ecosupplements.ch\/index.php?rest_route=\/wp\/v2\/types\/product"}],"replies":[{"embeddable":true,"href":"https:\/\/ecosupplements.ch\/index.php?rest_route=%2Fwp%2Fv2%2Fcomments&post=5219"}],"wp:featuredmedia":[{"embeddable":true,"href":"https:\/\/ecosupplements.ch\/index.php?rest_route=\/wp\/v2\/media\/5220"}],"wp:attachment":[{"href":"https:\/\/ecosupplements.ch\/index.php?rest_route=%2Fwp%2Fv2%2Fmedia&parent=5219"}],"wp:term":[{"taxonomy":"product_brand","embeddable":true,"href":"https:\/\/ecosupplements.ch\/index.php?rest_route=%2Fwp%2Fv2%2Fproduct_brand&post=5219"},{"taxonomy":"product_cat","embeddable":true,"href":"https:\/\/ecosupplements.ch\/index.php?rest_route=%2Fwp%2Fv2%2Fproduct_cat&post=5219"},{"taxonomy":"product_tag","embeddable":true,"href":"https:\/\/ecosupplements.ch\/index.php?rest_route=%2Fwp%2Fv2%2Fproduct_tag&post=5219"}],"curies":[{"name":"wp","href":"https:\/\/api.w.org\/{rel}","templated":true}]}}