{"id":5222,"date":"2026-05-11T15:04:54","date_gmt":"2026-05-11T15:04:54","guid":{"rendered":"https:\/\/ecosupplements.ch\/?product=sunflower-lecithin-pure-powder-454g"},"modified":"2026-05-13T07:23:27","modified_gmt":"2026-05-13T07:23:27","slug":"sunflower-lecithin-pure-powder-454g","status":"publish","type":"product","link":"https:\/\/ecosupplements.ch\/?product=sunflower-lecithin-pure-powder-454g","title":{"rendered":"Sunflower Lecithin, Pure Powder &#8211; 454g"},"content":{"rendered":"<div class=\"chcg-product-description\">\n<h2 class=\"chcg-heading\">\u00dcber NOW Foods \u2013 Sunflower Lecithin, Reines Pulver \u2013 454g<\/h2>\n<div class=\"chcg-intro\">\n<p>Das Sunflower Lecithin Pulver von NOW Foods ist ein reines, nicht gentechnisch ver\u00e4ndertes (non-GMO) Lecithin, gewonnen aus Sonnenblumen. Als nat\u00fcrlicher Emulgator liefert es wertvolle Phospholipide, die zur normalen Funktion der Zellmembranen beitragen und sich vielseitig in den Alltag integrieren lassen.<\/p>\n<p>Das fein gemahlene Pulver l\u00e4sst sich unkompliziert in S\u00e4fte, Shakes oder Smoothies einr\u00fchren oder direkt \u00fcber Speisen streuen. Dank der grossen Packungsgr\u00f6sse von 454 g bietet es rund 45 Portionen und ist damit eine praktische und ergiebige Wahl f\u00fcr den regelm\u00e4ssigen Gebrauch.<\/p>\n<p>NOW Foods steht seit Jahrzehnten f\u00fcr hohe Qualit\u00e4tsstandards und transparente Inhaltsstoffe. Dieses Produkt wird ohne Soja hergestellt und eignet sich daher auch f\u00fcr Personen, die Sojaprodukte meiden m\u00f6chten.<\/p>\n<\/p><\/div>\n<div class=\"chcg-nutrition\">\n<h3>N\u00e4hrwertangaben<\/h3>\n<table class=\"chcg-nutrition-table\">\n<thead>\n<tr>\n<th>N\u00e4hrstoff<\/th>\n<th>Pro Portion (10 g)<\/th>\n<\/tr>\n<\/thead>\n<tbody>\n<tr>\n<td>Kalorien<\/td>\n<td>50 kcal<\/td>\n<\/tr>\n<tr>\n<td>Gesamtfett<\/td>\n<td>5 g<\/td>\n<\/tr>\n<tr>\n<td>\u2013 Ges\u00e4ttigte Fetts\u00e4uren<\/td>\n<td>1 g<\/td>\n<\/tr>\n<tr>\n<td>\u2013 Mehrfach unges\u00e4ttigte Fetts\u00e4uren<\/td>\n<td>2,5 g<\/td>\n<\/tr>\n<tr>\n<td>\u2013 Einfach unges\u00e4ttigte Fetts\u00e4uren<\/td>\n<td>1,5 g<\/td>\n<\/tr>\n<tr>\n<td>Natrium<\/td>\n<td>0 mg<\/td>\n<\/tr>\n<tr>\n<td>Protein<\/td>\n<td>0 g<\/td>\n<\/tr>\n<\/tbody>\n<\/table>\n<p class=\"chcg-footnote\">Portionsgr\u00f6sse: 1\u2153 Essl\u00f6ffel (10 g) | Ca. 45 Portionen pro Packung<\/p>\n<\/p><\/div>\n<div class=\"chcg-ingredients\">\n<h3>Zutaten<\/h3>\n<p>Sunflower Lecithin Pulver (non-GMO).<\/p>\n<\/p><\/div>\n<div class=\"chcg-dosage\">\n<h3>Verzehrempfehlung<\/h3>\n<p>T\u00e4glich 1\u2153 Essl\u00f6ffel (ca. 10 g) einnehmen, vorzugsweise zu einer Mahlzeit. In Saft oder Shakes einr\u00fchren oder \u00fcber Speisen streuen.<\/p>\n<\/p><\/div>\n<div class=\"chcg-warnings\">\n<h3>Warnhinweise<\/h3>\n<p>Die empfohlene Tagesdosis nicht \u00fcberschreiten. Nahrungserg\u00e4nzungsmittel sind kein Ersatz f\u00fcr eine abwechslungsreiche Ern\u00e4hrung. Nur f\u00fcr Erwachsene. Bei Schwangerschaft, Stillzeit, Medikamenteneinnahme oder bestehenden gesundheitlichen Beschwerden vor der Einnahme einen Arzt konsultieren. Ausserhalb der Reichweite von Kindern aufbewahren. Das beiliegende Frischhaltemittel nicht verzehren. Nat\u00fcrliche Farbabweichungen des Produktes sind m\u00f6glich.<\/p>\n<\/p><\/div>\n<div class=\"chcg-allergens\">\n<h3>Allergeninformationen<\/h3>\n<p>Nicht hergestellt mit Hefe, Weizen, Gluten, Soja, Mais, Milch, Ei, Fisch, Schalentieren oder Baumn\u00fcssen. Produziert in einer GMP-zertifizierten Anlage, die auch andere Zutaten verarbeitet, welche diese Allergene enthalten.<\/p>\n<\/p><\/div>\n<div class=\"chcg-storage\">\n<h3>Lagerung<\/h3>\n<p>Nach dem \u00d6ffnen k\u00fchl und trocken lagern.<\/p>\n<\/p><\/div>\n<div class=\"chcg-dietary\">\n<h3>Ern\u00e4hrungshinweise<\/h3>\n<ul>\n<li>Vegan<\/li>\n<li>Vegetarisch<\/li>\n<li>Glutenfrei<\/li>\n<li>Laktosefrei<\/li>\n<\/ul><\/div>\n<\/div>\n","protected":false},"excerpt":{"rendered":"<p>Reines Sunflower Lecithin Pulver von NOW Foods \u2013 non-GMO, sojafrei und vielseitig einsetzbar in Shakes oder \u00fcber Speisen. Vegane Formel, 454 g (ca. 45 Portionen). Jetzt bestellen.<\/p>\n","protected":false},"featured_media":5223,"comment_status":"closed","ping_status":"open","template":"","meta":[],"product_brand":[454],"product_cat":[48,133,25,22,21],"product_tag":[],"class_list":{"0":"post-5222","1":"product","2":"type-product","3":"status-publish","4":"has-post-thumbnail","6":"product_brand-nownow-foods","7":"product_cat-gesunde-ernaehrung","8":"product_cat-gesunde-lebensmittel","9":"product_cat-gesundheit-und-wohlbefinden","10":"product_cat-vegane-produkte","11":"product_cat-vitamine-und-mineralstoffe","13":"first","14":"outofstock","15":"taxable","16":"shipping-taxable","17":"purchasable","18":"product-type-simple"},"yoast_head":"<!-- This site is optimized with the Yoast SEO plugin v27.5 - https:\/\/yoast.com\/product\/yoast-seo-wordpress\/ -->\n<title>Sunflower Lecithin Pulver 454g \u2013 NOW Foods | ecosupplements.ch<\/title>\n<meta name=\"description\" content=\"Reines Sunflower Lecithin Pulver von NOW Foods \u2013 non-GMO, sojafrei, vegan, 454 g. Einfach in Shakes oder Speisen integrieren. Jetzt bestellen.\" \/>\n<meta name=\"robots\" content=\"index, follow, max-snippet:-1, max-image-preview:large, max-video-preview:-1\" \/>\n<link rel=\"canonical\" href=\"https:\/\/ecosupplements.ch\/?product=sunflower-lecithin-pure-powder-454g\" \/>\n<meta property=\"og:locale\" content=\"de_DE\" \/>\n<meta property=\"og:type\" content=\"article\" \/>\n<meta property=\"og:title\" content=\"Sunflower Lecithin Pulver 454g \u2013 NOW Foods | ecosupplements.ch\" \/>\n<meta property=\"og:description\" content=\"Reines Sunflower Lecithin Pulver von NOW Foods \u2013 non-GMO, sojafrei, vegan, 454 g. Einfach in Shakes oder Speisen integrieren. Jetzt bestellen.\" \/>\n<meta property=\"og:url\" content=\"https:\/\/ecosupplements.ch\/?product=sunflower-lecithin-pure-powder-454g\" \/>\n<meta property=\"og:site_name\" content=\"Eco Supplements\" \/>\n<meta property=\"article:modified_time\" content=\"2026-05-13T07:23:27+00:00\" \/>\n<meta property=\"og:image\" content=\"https:\/\/ecosupplements.ch\/wp-content\/uploads\/2026\/05\/Sunflower-Lecithin-Pure-Powder-454g.webp\" \/>\n\t<meta property=\"og:image:width\" content=\"1000\" \/>\n\t<meta property=\"og:image:height\" content=\"1000\" \/>\n\t<meta property=\"og:image:type\" content=\"image\/jpeg\" \/>\n<meta name=\"twitter:card\" content=\"summary_large_image\" \/>\n<meta name=\"twitter:label1\" content=\"Price\" \/>\n\t<meta name=\"twitter:data1\" content=\"&#067;&#072;&#070;&nbsp;29.24\" \/>\n\t<meta name=\"twitter:label2\" content=\"Availability\" \/>\n\t<meta name=\"twitter:data2\" content=\"Out of stock\" \/>\n<script type=\"application\/ld+json\" class=\"yoast-schema-graph\">{\"@context\":\"https:\\\/\\\/schema.org\",\"@graph\":[{\"@type\":\"WebPage\",\"@id\":\"https:\\\/\\\/ecosupplements.ch\\\/?product=sunflower-lecithin-pure-powder-454g\",\"url\":\"https:\\\/\\\/ecosupplements.ch\\\/?product=sunflower-lecithin-pure-powder-454g\",\"name\":\"Sunflower Lecithin Pulver 454g \u2013 NOW Foods | ecosupplements.ch\",\"isPartOf\":{\"@id\":\"https:\\\/\\\/ecosupplements.ch\\\/#website\"},\"primaryImageOfPage\":{\"@id\":\"https:\\\/\\\/ecosupplements.ch\\\/?product=sunflower-lecithin-pure-powder-454g#primaryimage\"},\"image\":{\"@id\":\"https:\\\/\\\/ecosupplements.ch\\\/?product=sunflower-lecithin-pure-powder-454g#primaryimage\"},\"thumbnailUrl\":\"https:\\\/\\\/ecosupplements.ch\\\/wp-content\\\/uploads\\\/2026\\\/05\\\/Sunflower-Lecithin-Pure-Powder-454g.webp\",\"datePublished\":\"2026-05-11T15:04:54+00:00\",\"dateModified\":\"2026-05-13T07:23:27+00:00\",\"description\":\"Reines Sunflower Lecithin Pulver von NOW Foods \u2013 non-GMO, sojafrei, vegan, 454 g. Einfach in Shakes oder Speisen integrieren. Jetzt bestellen.\",\"breadcrumb\":{\"@id\":\"https:\\\/\\\/ecosupplements.ch\\\/?product=sunflower-lecithin-pure-powder-454g#breadcrumb\"},\"inLanguage\":\"de-CH\",\"potentialAction\":[{\"@type\":\"ReadAction\",\"target\":[\"https:\\\/\\\/ecosupplements.ch\\\/?product=sunflower-lecithin-pure-powder-454g\"]}]},{\"@type\":\"ImageObject\",\"inLanguage\":\"de-CH\",\"@id\":\"https:\\\/\\\/ecosupplements.ch\\\/?product=sunflower-lecithin-pure-powder-454g#primaryimage\",\"url\":\"https:\\\/\\\/ecosupplements.ch\\\/wp-content\\\/uploads\\\/2026\\\/05\\\/Sunflower-Lecithin-Pure-Powder-454g.webp\",\"contentUrl\":\"https:\\\/\\\/ecosupplements.ch\\\/wp-content\\\/uploads\\\/2026\\\/05\\\/Sunflower-Lecithin-Pure-Powder-454g.webp\",\"width\":1000,\"height\":1000,\"caption\":\"Sunflower Lecithin\"},{\"@type\":\"BreadcrumbList\",\"@id\":\"https:\\\/\\\/ecosupplements.ch\\\/?product=sunflower-lecithin-pure-powder-454g#breadcrumb\",\"itemListElement\":[{\"@type\":\"ListItem\",\"position\":1,\"name\":\"Home\",\"item\":\"https:\\\/\\\/ecosupplements.ch\\\/\"},{\"@type\":\"ListItem\",\"position\":2,\"name\":\"Shop\",\"item\":\"https:\\\/\\\/ecosupplements.ch\\\/?page_id=14\"},{\"@type\":\"ListItem\",\"position\":3,\"name\":\"Sunflower Lecithin, Pure Powder &#8211; 454g\"}]},{\"@type\":\"WebSite\",\"@id\":\"https:\\\/\\\/ecosupplements.ch\\\/#website\",\"url\":\"https:\\\/\\\/ecosupplements.ch\\\/\",\"name\":\"Eco Supplements\",\"description\":\"\",\"potentialAction\":[{\"@type\":\"SearchAction\",\"target\":{\"@type\":\"EntryPoint\",\"urlTemplate\":\"https:\\\/\\\/ecosupplements.ch\\\/?s={search_term_string}\"},\"query-input\":{\"@type\":\"PropertyValueSpecification\",\"valueRequired\":true,\"valueName\":\"search_term_string\"}}],\"inLanguage\":\"de-CH\"}]}<\/script>\n<meta property=\"product:price:amount\" content=\"29.24\" \/>\n<meta property=\"product:price:currency\" content=\"CHF\" \/>\n<meta property=\"og:availability\" content=\"out of stock\" \/>\n<meta property=\"product:availability\" content=\"out of stock\" \/>\n<meta property=\"product:retailer_item_id\" content=\"733739023148\" \/>\n<meta property=\"product:condition\" content=\"new\" \/>\n<!-- \/ Yoast SEO plugin. -->","yoast_head_json":{"title":"Sunflower Lecithin Pulver 454g \u2013 NOW Foods | ecosupplements.ch","description":"Reines Sunflower Lecithin Pulver von NOW Foods \u2013 non-GMO, sojafrei, vegan, 454 g. Einfach in Shakes oder Speisen integrieren. Jetzt bestellen.","robots":{"index":"index","follow":"follow","max-snippet":"max-snippet:-1","max-image-preview":"max-image-preview:large","max-video-preview":"max-video-preview:-1"},"canonical":"https:\/\/ecosupplements.ch\/?product=sunflower-lecithin-pure-powder-454g","og_locale":"de_DE","og_type":"article","og_title":"Sunflower Lecithin Pulver 454g \u2013 NOW Foods | ecosupplements.ch","og_description":"Reines Sunflower Lecithin Pulver von NOW Foods \u2013 non-GMO, sojafrei, vegan, 454 g. Einfach in Shakes oder Speisen integrieren. Jetzt bestellen.","og_url":"https:\/\/ecosupplements.ch\/?product=sunflower-lecithin-pure-powder-454g","og_site_name":"Eco Supplements","article_modified_time":"2026-05-13T07:23:27+00:00","og_image":[{"width":1000,"height":1000,"url":"https:\/\/ecosupplements.ch\/wp-content\/uploads\/2026\/05\/Sunflower-Lecithin-Pure-Powder-454g.webp","type":"image\/jpeg"}],"twitter_card":"summary_large_image","twitter_misc":{"Price":"&#67;&#72;&#70;&nbsp;29.24","Availability":"Out of stock"},"schema":{"@context":"https:\/\/schema.org","@graph":[{"@type":"WebPage","@id":"https:\/\/ecosupplements.ch\/?product=sunflower-lecithin-pure-powder-454g","url":"https:\/\/ecosupplements.ch\/?product=sunflower-lecithin-pure-powder-454g","name":"Sunflower Lecithin Pulver 454g \u2013 NOW Foods | ecosupplements.ch","isPartOf":{"@id":"https:\/\/ecosupplements.ch\/#website"},"primaryImageOfPage":{"@id":"https:\/\/ecosupplements.ch\/?product=sunflower-lecithin-pure-powder-454g#primaryimage"},"image":{"@id":"https:\/\/ecosupplements.ch\/?product=sunflower-lecithin-pure-powder-454g#primaryimage"},"thumbnailUrl":"https:\/\/ecosupplements.ch\/wp-content\/uploads\/2026\/05\/Sunflower-Lecithin-Pure-Powder-454g.webp","datePublished":"2026-05-11T15:04:54+00:00","dateModified":"2026-05-13T07:23:27+00:00","description":"Reines Sunflower Lecithin Pulver von NOW Foods \u2013 non-GMO, sojafrei, vegan, 454 g. Einfach in Shakes oder Speisen integrieren. Jetzt bestellen.","breadcrumb":{"@id":"https:\/\/ecosupplements.ch\/?product=sunflower-lecithin-pure-powder-454g#breadcrumb"},"inLanguage":"de-CH","potentialAction":[{"@type":"ReadAction","target":["https:\/\/ecosupplements.ch\/?product=sunflower-lecithin-pure-powder-454g"]}]},{"@type":"ImageObject","inLanguage":"de-CH","@id":"https:\/\/ecosupplements.ch\/?product=sunflower-lecithin-pure-powder-454g#primaryimage","url":"https:\/\/ecosupplements.ch\/wp-content\/uploads\/2026\/05\/Sunflower-Lecithin-Pure-Powder-454g.webp","contentUrl":"https:\/\/ecosupplements.ch\/wp-content\/uploads\/2026\/05\/Sunflower-Lecithin-Pure-Powder-454g.webp","width":1000,"height":1000,"caption":"Sunflower Lecithin"},{"@type":"BreadcrumbList","@id":"https:\/\/ecosupplements.ch\/?product=sunflower-lecithin-pure-powder-454g#breadcrumb","itemListElement":[{"@type":"ListItem","position":1,"name":"Home","item":"https:\/\/ecosupplements.ch\/"},{"@type":"ListItem","position":2,"name":"Shop","item":"https:\/\/ecosupplements.ch\/?page_id=14"},{"@type":"ListItem","position":3,"name":"Sunflower Lecithin, Pure Powder &#8211; 454g"}]},{"@type":"WebSite","@id":"https:\/\/ecosupplements.ch\/#website","url":"https:\/\/ecosupplements.ch\/","name":"Eco Supplements","description":"","potentialAction":[{"@type":"SearchAction","target":{"@type":"EntryPoint","urlTemplate":"https:\/\/ecosupplements.ch\/?s={search_term_string}"},"query-input":{"@type":"PropertyValueSpecification","valueRequired":true,"valueName":"search_term_string"}}],"inLanguage":"de-CH"}]},"product_price_amount":"29.24","product_price_currency":"CHF","og_availability":"out of stock","product_availability":"out of stock","product_retailer_item_id":"733739023148","product_condition":"new"},"_links":{"self":[{"href":"https:\/\/ecosupplements.ch\/index.php?rest_route=\/wp\/v2\/product\/5222","targetHints":{"allow":["GET"]}}],"collection":[{"href":"https:\/\/ecosupplements.ch\/index.php?rest_route=\/wp\/v2\/product"}],"about":[{"href":"https:\/\/ecosupplements.ch\/index.php?rest_route=\/wp\/v2\/types\/product"}],"replies":[{"embeddable":true,"href":"https:\/\/ecosupplements.ch\/index.php?rest_route=%2Fwp%2Fv2%2Fcomments&post=5222"}],"wp:featuredmedia":[{"embeddable":true,"href":"https:\/\/ecosupplements.ch\/index.php?rest_route=\/wp\/v2\/media\/5223"}],"wp:attachment":[{"href":"https:\/\/ecosupplements.ch\/index.php?rest_route=%2Fwp%2Fv2%2Fmedia&parent=5222"}],"wp:term":[{"taxonomy":"product_brand","embeddable":true,"href":"https:\/\/ecosupplements.ch\/index.php?rest_route=%2Fwp%2Fv2%2Fproduct_brand&post=5222"},{"taxonomy":"product_cat","embeddable":true,"href":"https:\/\/ecosupplements.ch\/index.php?rest_route=%2Fwp%2Fv2%2Fproduct_cat&post=5222"},{"taxonomy":"product_tag","embeddable":true,"href":"https:\/\/ecosupplements.ch\/index.php?rest_route=%2Fwp%2Fv2%2Fproduct_tag&post=5222"}],"curies":[{"name":"wp","href":"https:\/\/api.w.org\/{rel}","templated":true}]}}