{"id":5252,"date":"2026-05-11T15:05:09","date_gmt":"2026-05-11T15:05:09","guid":{"rendered":"https:\/\/ecosupplements.ch\/?product=tri-chromium-500mcg-180-vcaps"},"modified":"2026-05-13T07:22:39","modified_gmt":"2026-05-13T07:22:39","slug":"tri-chromium-500mcg-180-vcaps","status":"publish","type":"product","link":"https:\/\/ecosupplements.ch\/?product=tri-chromium-500mcg-180-vcaps","title":{"rendered":"Tri-Chromium, 500mcg &#8211; 180 vcaps"},"content":{"rendered":"<div class=\"chcg-product-description\">\n<h2 class=\"chcg-heading\">\u00dcber NOW Foods \u2013 Tri-Chromium, 500mcg \u2013 180 Vcaps<\/h2>\n<div class=\"chcg-intro\">\n<p>Tri-Chromium\u2122 von NOW Foods vereint drei verschiedene, hochwertige Chromquellen \u2013 Chromium Picolinate, Chromium Chelavite\u00ae (Chrom-Aminos\u00e4ure-Chelat) und ChromeMate\u00ae (Chrom-Polynicotinat) \u2013 in einer einzigen Kapsel. Diese einzigartige Kombination sorgt f\u00fcr eine optimale Bioverf\u00fcgbarkeit und liefert 500 mcg Chrom pro Tagesportion, was 1250 % des N\u00e4hrstoffreferenzwertes entspricht.<\/p>\n<p>Chrom tr\u00e4gt zur normalen Makron\u00e4hrstoff-Verstoffwechselung sowie zur Aufrechterhaltung eines normalen Blutzuckerspiegels bei. Erg\u00e4nzt wird die Formel durch 250 mg Zimtrinden-Extrakt (Cinnamomum verum und\/oder Cinnamomum aromaticum und\/oder Cinnamomum burmannii), einem traditionell gesch\u00e4tzten Pflanzenstoff.<\/p>\n<p>Die pflanzlichen Kapseln sind vegan, vegetarisch sowie gluten- und laktosefrei und eignen sich somit f\u00fcr eine Vielzahl von Ern\u00e4hrungsweisen. Mit 180 Kapseln pro Packung bietet dieses Produkt einen Vorrat f\u00fcr 180 Tage.<\/p>\n<\/p><\/div>\n<div class=\"chcg-nutrition\">\n<h3>N\u00e4hrwertangaben<\/h3>\n<table class=\"chcg-nutrition-table\">\n<thead>\n<tr>\n<th>N\u00e4hrstoff<\/th>\n<th>Pro Portion (1 Vcap)<\/th>\n<\/tr>\n<\/thead>\n<tbody>\n<tr>\n<td>Chrom (Tri-Chromium\u2122) [aus Chromium Picolinate, Chromium Chelavite\u00ae (Chrom-Aminos\u00e4ure-Chelat) und ChromeMate\u00ae (Chrom-Polynicolinat)]<\/td>\n<td>500 mcg (1250 % NRV \/ 1429 % US DV)<\/td>\n<\/tr>\n<tr>\n<td>Zimt (Rinde) (Cinnamomum verum und\/oder Cinnamomum aromaticum und\/oder Cinnamomum burmannii)<\/td>\n<td>250 mg *<\/td>\n<\/tr>\n<\/tbody>\n<\/table>\n<p class=\"chcg-footnote\">* Kein festgelegter N\u00e4hrstoffreferenzwert (NRV).<\/p>\n<\/p><\/div>\n<div class=\"chcg-ingredients\">\n<h3>Zutaten<\/h3>\n<p>Chrom (Tri-Chromium\u2122) [aus Chromium Picolinate, Chromium Chelavite\u00ae (Chrom-Aminos\u00e4ure-Chelat) und ChromeMate\u00ae (Chrom-Polynicolinat)] 500 mcg, Zimt (Rinde) (Cinnamomum verum und\/oder Cinnamomum aromaticum und\/oder Cinnamomum burmannii) 250 mg. Weitere Zutaten: Zellulose (Kapsel), Reismehl, Siliziumdioxid und Magnesiumstearat (pflanzliche Quelle).<\/p>\n<p class=\"chcg-capsule-shell\">Kapselh\u00fclle: Zellulose<\/p>\n<\/p><\/div>\n<div class=\"chcg-dosage\">\n<h3>Verzehrempfehlung<\/h3>\n<p>T\u00e4glich 1 Kapsel zu einer Mahlzeit einnehmen.<\/p>\n<\/p><\/div>\n<div class=\"chcg-warnings\">\n<h3>Warnhinweise<\/h3>\n<p>Nur f\u00fcr Erwachsene. Bei Schwangerschaft oder Stillzeit, bei der Einnahme von Medikamenten (insbesondere Diabetes-Medikamenten) oder bei einem bestehenden Gesundheitszustand (insbesondere Diabetes oder Hypoglyk\u00e4mie) ist vor der Einnahme ein Arzt zu konsultieren. Dieses Produkt sollte mindestens 3\u20134 Stunden vor oder 1 Stunde nach der Einnahme von Schilddr\u00fcsenmedikamenten eingenommen werden. Ausserhalb der Reichweite von Kindern aufbewahren. Frischhaltebeutel nicht essen. Im Beh\u00e4lter aufbewahren. Bei diesem Produkt k\u00f6nnen nat\u00fcrliche Farbvariationen auftreten.<\/p>\n<\/p><\/div>\n<div class=\"chcg-allergens\">\n<h3>Allergeninformationen<\/h3>\n<p>Nicht hergestellt mit Hefe, Weizen, Gluten, Soja, Milch, Ei, Fisch, Schalentieren oder Baumnuss-Zutaten. Produziert in einem GMP-zertifizierten Betrieb, der auch andere Zutaten verarbeitet, die diese Allergene enthalten.<\/p>\n<\/p><\/div>\n<div class=\"chcg-storage\">\n<h3>Lagerung<\/h3>\n<p>Nach dem \u00d6ffnen an einem k\u00fchlen, trockenen Ort aufbewahren.<\/p>\n<\/p><\/div>\n<div class=\"chcg-dietary\">\n<h3>Ern\u00e4hrungshinweise<\/h3>\n<ul>\n<li>Vegan<\/li>\n<li>Vegetarisch<\/li>\n<li>Glutenfrei<\/li>\n<li>Laktosefrei<\/li>\n<\/ul><\/div>\n<\/div>\n","protected":false},"excerpt":{"rendered":"<p>Tri-Chromium von NOW Foods liefert 500 mcg Chrom aus drei hochwertigen Quellen und unterst\u00fctzt den normalen Makron\u00e4hrstoff-Stoffwechsel. Vegane Vcaps, 180 St\u00fcck pro Packung \u2013 ideal f\u00fcr den Alltag.<\/p>\n","protected":false},"featured_media":5253,"comment_status":"closed","ping_status":"open","template":"","meta":[],"product_brand":[454],"product_cat":[48,22,21],"product_tag":[],"class_list":{"0":"post-5252","1":"product","2":"type-product","3":"status-publish","4":"has-post-thumbnail","6":"product_brand-nownow-foods","7":"product_cat-gesunde-ernaehrung","8":"product_cat-vegane-produkte","9":"product_cat-vitamine-und-mineralstoffe","11":"first","12":"outofstock","13":"taxable","14":"shipping-taxable","15":"purchasable","16":"product-type-simple"},"yoast_head":"<!-- This site is optimized with the Yoast SEO plugin v27.5 - https:\/\/yoast.com\/product\/yoast-seo-wordpress\/ -->\n<title>Tri-Chromium 500mcg, 180 Vcaps \u2013 NOW Foods | ecosupplements.ch<\/title>\n<meta name=\"description\" content=\"NOW Foods Tri-Chromium liefert 500 mcg Chrom pro Kapsel zur Unterst\u00fctzung des normalen Stoffwechsels \u2013 vegan, glutenfrei, 180 Vcaps. Jetzt bestellen.\" \/>\n<meta name=\"robots\" content=\"index, follow, max-snippet:-1, max-image-preview:large, max-video-preview:-1\" \/>\n<link rel=\"canonical\" href=\"https:\/\/ecosupplements.ch\/?product=tri-chromium-500mcg-180-vcaps\" \/>\n<meta property=\"og:locale\" content=\"de_DE\" \/>\n<meta property=\"og:type\" content=\"article\" \/>\n<meta property=\"og:title\" content=\"Tri-Chromium 500mcg, 180 Vcaps \u2013 NOW Foods | ecosupplements.ch\" \/>\n<meta property=\"og:description\" content=\"NOW Foods Tri-Chromium liefert 500 mcg Chrom pro Kapsel zur Unterst\u00fctzung des normalen Stoffwechsels \u2013 vegan, glutenfrei, 180 Vcaps. Jetzt bestellen.\" \/>\n<meta property=\"og:url\" content=\"https:\/\/ecosupplements.ch\/?product=tri-chromium-500mcg-180-vcaps\" \/>\n<meta property=\"og:site_name\" content=\"Eco Supplements\" \/>\n<meta property=\"article:modified_time\" content=\"2026-05-13T07:22:39+00:00\" \/>\n<meta property=\"og:image\" content=\"https:\/\/ecosupplements.ch\/wp-content\/uploads\/2026\/05\/Tri-Chromium-500mcg-180-vcaps.webp\" \/>\n\t<meta property=\"og:image:width\" content=\"1000\" \/>\n\t<meta property=\"og:image:height\" content=\"1000\" \/>\n\t<meta property=\"og:image:type\" content=\"image\/jpeg\" \/>\n<meta name=\"twitter:card\" content=\"summary_large_image\" \/>\n<meta name=\"twitter:label1\" content=\"Price\" \/>\n\t<meta name=\"twitter:data1\" content=\"&#067;&#072;&#070;&nbsp;18.43\" \/>\n\t<meta name=\"twitter:label2\" content=\"Availability\" \/>\n\t<meta name=\"twitter:data2\" content=\"Out of stock\" \/>\n<script type=\"application\/ld+json\" class=\"yoast-schema-graph\">{\"@context\":\"https:\\\/\\\/schema.org\",\"@graph\":[{\"@type\":\"WebPage\",\"@id\":\"https:\\\/\\\/ecosupplements.ch\\\/?product=tri-chromium-500mcg-180-vcaps\",\"url\":\"https:\\\/\\\/ecosupplements.ch\\\/?product=tri-chromium-500mcg-180-vcaps\",\"name\":\"Tri-Chromium 500mcg, 180 Vcaps \u2013 NOW Foods | ecosupplements.ch\",\"isPartOf\":{\"@id\":\"https:\\\/\\\/ecosupplements.ch\\\/#website\"},\"primaryImageOfPage\":{\"@id\":\"https:\\\/\\\/ecosupplements.ch\\\/?product=tri-chromium-500mcg-180-vcaps#primaryimage\"},\"image\":{\"@id\":\"https:\\\/\\\/ecosupplements.ch\\\/?product=tri-chromium-500mcg-180-vcaps#primaryimage\"},\"thumbnailUrl\":\"https:\\\/\\\/ecosupplements.ch\\\/wp-content\\\/uploads\\\/2026\\\/05\\\/Tri-Chromium-500mcg-180-vcaps.webp\",\"datePublished\":\"2026-05-11T15:05:09+00:00\",\"dateModified\":\"2026-05-13T07:22:39+00:00\",\"description\":\"NOW Foods Tri-Chromium liefert 500 mcg Chrom pro Kapsel zur Unterst\u00fctzung des normalen Stoffwechsels \u2013 vegan, glutenfrei, 180 Vcaps. Jetzt bestellen.\",\"breadcrumb\":{\"@id\":\"https:\\\/\\\/ecosupplements.ch\\\/?product=tri-chromium-500mcg-180-vcaps#breadcrumb\"},\"inLanguage\":\"de-CH\",\"potentialAction\":[{\"@type\":\"ReadAction\",\"target\":[\"https:\\\/\\\/ecosupplements.ch\\\/?product=tri-chromium-500mcg-180-vcaps\"]}]},{\"@type\":\"ImageObject\",\"inLanguage\":\"de-CH\",\"@id\":\"https:\\\/\\\/ecosupplements.ch\\\/?product=tri-chromium-500mcg-180-vcaps#primaryimage\",\"url\":\"https:\\\/\\\/ecosupplements.ch\\\/wp-content\\\/uploads\\\/2026\\\/05\\\/Tri-Chromium-500mcg-180-vcaps.webp\",\"contentUrl\":\"https:\\\/\\\/ecosupplements.ch\\\/wp-content\\\/uploads\\\/2026\\\/05\\\/Tri-Chromium-500mcg-180-vcaps.webp\",\"width\":1000,\"height\":1000,\"caption\":\"Tri-Chromium\"},{\"@type\":\"BreadcrumbList\",\"@id\":\"https:\\\/\\\/ecosupplements.ch\\\/?product=tri-chromium-500mcg-180-vcaps#breadcrumb\",\"itemListElement\":[{\"@type\":\"ListItem\",\"position\":1,\"name\":\"Home\",\"item\":\"https:\\\/\\\/ecosupplements.ch\\\/\"},{\"@type\":\"ListItem\",\"position\":2,\"name\":\"Shop\",\"item\":\"https:\\\/\\\/ecosupplements.ch\\\/?page_id=14\"},{\"@type\":\"ListItem\",\"position\":3,\"name\":\"Tri-Chromium, 500mcg &#8211; 180 vcaps\"}]},{\"@type\":\"WebSite\",\"@id\":\"https:\\\/\\\/ecosupplements.ch\\\/#website\",\"url\":\"https:\\\/\\\/ecosupplements.ch\\\/\",\"name\":\"Eco Supplements\",\"description\":\"\",\"potentialAction\":[{\"@type\":\"SearchAction\",\"target\":{\"@type\":\"EntryPoint\",\"urlTemplate\":\"https:\\\/\\\/ecosupplements.ch\\\/?s={search_term_string}\"},\"query-input\":{\"@type\":\"PropertyValueSpecification\",\"valueRequired\":true,\"valueName\":\"search_term_string\"}}],\"inLanguage\":\"de-CH\"}]}<\/script>\n<meta property=\"product:price:amount\" content=\"18.43\" \/>\n<meta property=\"product:price:currency\" content=\"CHF\" \/>\n<meta property=\"og:availability\" content=\"out of stock\" \/>\n<meta property=\"product:availability\" content=\"out of stock\" \/>\n<meta property=\"product:retailer_item_id\" content=\"733739014269\" \/>\n<meta property=\"product:condition\" content=\"new\" \/>\n<!-- \/ Yoast SEO plugin. -->","yoast_head_json":{"title":"Tri-Chromium 500mcg, 180 Vcaps \u2013 NOW Foods | ecosupplements.ch","description":"NOW Foods Tri-Chromium liefert 500 mcg Chrom pro Kapsel zur Unterst\u00fctzung des normalen Stoffwechsels \u2013 vegan, glutenfrei, 180 Vcaps. Jetzt bestellen.","robots":{"index":"index","follow":"follow","max-snippet":"max-snippet:-1","max-image-preview":"max-image-preview:large","max-video-preview":"max-video-preview:-1"},"canonical":"https:\/\/ecosupplements.ch\/?product=tri-chromium-500mcg-180-vcaps","og_locale":"de_DE","og_type":"article","og_title":"Tri-Chromium 500mcg, 180 Vcaps \u2013 NOW Foods | ecosupplements.ch","og_description":"NOW Foods Tri-Chromium liefert 500 mcg Chrom pro Kapsel zur Unterst\u00fctzung des normalen Stoffwechsels \u2013 vegan, glutenfrei, 180 Vcaps. Jetzt bestellen.","og_url":"https:\/\/ecosupplements.ch\/?product=tri-chromium-500mcg-180-vcaps","og_site_name":"Eco Supplements","article_modified_time":"2026-05-13T07:22:39+00:00","og_image":[{"width":1000,"height":1000,"url":"https:\/\/ecosupplements.ch\/wp-content\/uploads\/2026\/05\/Tri-Chromium-500mcg-180-vcaps.webp","type":"image\/jpeg"}],"twitter_card":"summary_large_image","twitter_misc":{"Price":"&#67;&#72;&#70;&nbsp;18.43","Availability":"Out of stock"},"schema":{"@context":"https:\/\/schema.org","@graph":[{"@type":"WebPage","@id":"https:\/\/ecosupplements.ch\/?product=tri-chromium-500mcg-180-vcaps","url":"https:\/\/ecosupplements.ch\/?product=tri-chromium-500mcg-180-vcaps","name":"Tri-Chromium 500mcg, 180 Vcaps \u2013 NOW Foods | ecosupplements.ch","isPartOf":{"@id":"https:\/\/ecosupplements.ch\/#website"},"primaryImageOfPage":{"@id":"https:\/\/ecosupplements.ch\/?product=tri-chromium-500mcg-180-vcaps#primaryimage"},"image":{"@id":"https:\/\/ecosupplements.ch\/?product=tri-chromium-500mcg-180-vcaps#primaryimage"},"thumbnailUrl":"https:\/\/ecosupplements.ch\/wp-content\/uploads\/2026\/05\/Tri-Chromium-500mcg-180-vcaps.webp","datePublished":"2026-05-11T15:05:09+00:00","dateModified":"2026-05-13T07:22:39+00:00","description":"NOW Foods Tri-Chromium liefert 500 mcg Chrom pro Kapsel zur Unterst\u00fctzung des normalen Stoffwechsels \u2013 vegan, glutenfrei, 180 Vcaps. Jetzt bestellen.","breadcrumb":{"@id":"https:\/\/ecosupplements.ch\/?product=tri-chromium-500mcg-180-vcaps#breadcrumb"},"inLanguage":"de-CH","potentialAction":[{"@type":"ReadAction","target":["https:\/\/ecosupplements.ch\/?product=tri-chromium-500mcg-180-vcaps"]}]},{"@type":"ImageObject","inLanguage":"de-CH","@id":"https:\/\/ecosupplements.ch\/?product=tri-chromium-500mcg-180-vcaps#primaryimage","url":"https:\/\/ecosupplements.ch\/wp-content\/uploads\/2026\/05\/Tri-Chromium-500mcg-180-vcaps.webp","contentUrl":"https:\/\/ecosupplements.ch\/wp-content\/uploads\/2026\/05\/Tri-Chromium-500mcg-180-vcaps.webp","width":1000,"height":1000,"caption":"Tri-Chromium"},{"@type":"BreadcrumbList","@id":"https:\/\/ecosupplements.ch\/?product=tri-chromium-500mcg-180-vcaps#breadcrumb","itemListElement":[{"@type":"ListItem","position":1,"name":"Home","item":"https:\/\/ecosupplements.ch\/"},{"@type":"ListItem","position":2,"name":"Shop","item":"https:\/\/ecosupplements.ch\/?page_id=14"},{"@type":"ListItem","position":3,"name":"Tri-Chromium, 500mcg &#8211; 180 vcaps"}]},{"@type":"WebSite","@id":"https:\/\/ecosupplements.ch\/#website","url":"https:\/\/ecosupplements.ch\/","name":"Eco Supplements","description":"","potentialAction":[{"@type":"SearchAction","target":{"@type":"EntryPoint","urlTemplate":"https:\/\/ecosupplements.ch\/?s={search_term_string}"},"query-input":{"@type":"PropertyValueSpecification","valueRequired":true,"valueName":"search_term_string"}}],"inLanguage":"de-CH"}]},"product_price_amount":"18.43","product_price_currency":"CHF","og_availability":"out of stock","product_availability":"out of stock","product_retailer_item_id":"733739014269","product_condition":"new"},"_links":{"self":[{"href":"https:\/\/ecosupplements.ch\/index.php?rest_route=\/wp\/v2\/product\/5252","targetHints":{"allow":["GET"]}}],"collection":[{"href":"https:\/\/ecosupplements.ch\/index.php?rest_route=\/wp\/v2\/product"}],"about":[{"href":"https:\/\/ecosupplements.ch\/index.php?rest_route=\/wp\/v2\/types\/product"}],"replies":[{"embeddable":true,"href":"https:\/\/ecosupplements.ch\/index.php?rest_route=%2Fwp%2Fv2%2Fcomments&post=5252"}],"wp:featuredmedia":[{"embeddable":true,"href":"https:\/\/ecosupplements.ch\/index.php?rest_route=\/wp\/v2\/media\/5253"}],"wp:attachment":[{"href":"https:\/\/ecosupplements.ch\/index.php?rest_route=%2Fwp%2Fv2%2Fmedia&parent=5252"}],"wp:term":[{"taxonomy":"product_brand","embeddable":true,"href":"https:\/\/ecosupplements.ch\/index.php?rest_route=%2Fwp%2Fv2%2Fproduct_brand&post=5252"},{"taxonomy":"product_cat","embeddable":true,"href":"https:\/\/ecosupplements.ch\/index.php?rest_route=%2Fwp%2Fv2%2Fproduct_cat&post=5252"},{"taxonomy":"product_tag","embeddable":true,"href":"https:\/\/ecosupplements.ch\/index.php?rest_route=%2Fwp%2Fv2%2Fproduct_tag&post=5252"}],"curies":[{"name":"wp","href":"https:\/\/api.w.org\/{rel}","templated":true}]}}