{"id":5309,"date":"2026-05-11T15:05:37","date_gmt":"2026-05-11T15:05:37","guid":{"rendered":"https:\/\/ecosupplements.ch\/?product=vitamin-b-12-with-folic-acid-5000mcg-60-lozenges"},"modified":"2026-05-13T07:23:30","modified_gmt":"2026-05-13T07:23:30","slug":"vitamin-b-12-with-folic-acid-5000mcg-60-lozenges","status":"publish","type":"product","link":"https:\/\/ecosupplements.ch\/?product=vitamin-b-12-with-folic-acid-5000mcg-60-lozenges","title":{"rendered":"Vitamin B-12 with Folic Acid, 5000mcg &#8211; 60 lozenges"},"content":{"rendered":"<div class=\"chcg-product-description\">\n<h2 class=\"chcg-heading\">\u00dcber NOW Foods \u2013 Vitamin B-12 mit Fols\u00e4ure, 5000mcg \u2013 60 Lutschtabletten<\/h2>\n<div class=\"chcg-intro\">\n<p>Vitamin B-12 und Fols\u00e4ure sind zwei essentielle B-Vitamine, die gemeinsam eine wichtige Rolle im normalen Energiestoffwechsel sowie zur Unterst\u00fctzung der normalen Funktion des Nervensystems spielen. Vitamin B-12 tr\u00e4gt zur Verringerung von M\u00fcdigkeit und Ersch\u00f6pfung bei und unterst\u00fctzt die normale Bildung roter Blutk\u00f6rperchen. Fols\u00e4ure (Folat) leistet einen Beitrag zur normalen Zellteilung und zur normalen Synthese von Aminos\u00e4uren.<\/p>\n<p>Dieses Produkt von NOW Foods enth\u00e4lt 5&#8217;000 mcg Cyanocobalamin (Vitamin B-12) pro Lutschtablette \u2013 eine hochdosierte Formulierung, die besonders f\u00fcr Personen geeignet sein kann, die einen erh\u00f6hten Bedarf haben oder die Aufnahme \u00fcber herk\u00f6mmliche Tabletten verbessern m\u00f6chten. Die Lutschtablettenform erm\u00f6glicht eine orale Resorption bereits im Mundraum.<\/p>\n<p>Mit 60 Lutschtabletten pro Packung bietet dieses Produkt einen Vorrat f\u00fcr zwei Monate bei t\u00e4glicher Einnahme. Die angenehme Formulierung mit nat\u00fcrlichen Aromen macht die t\u00e4gliche Einnahme unkompliziert und alltagstauglich.<\/p>\n<\/p><\/div>\n<div class=\"chcg-nutrition\">\n<h3>N\u00e4hrwertangaben<\/h3>\n<table class=\"chcg-nutrition-table\">\n<thead>\n<tr>\n<th>N\u00e4hrstoff<\/th>\n<th>Pro Portion (1 Lutschtablette)<\/th>\n<\/tr>\n<\/thead>\n<tbody>\n<tr>\n<td>Folat<\/td>\n<td>680 mcg DFE (400 mcg Fols\u00e4ure) (170 % NRV)<\/td>\n<\/tr>\n<tr>\n<td>Vitamin B-12 (als Cyanocobalamin)<\/td>\n<td>5 mg \/ 5&#8217;000 mcg (208&#8217;333 % NRV)<\/td>\n<\/tr>\n<\/tbody>\n<\/table><\/div>\n<div class=\"chcg-ingredients\">\n<h3>Zutaten<\/h3>\n<p>Fructose, Sorbitol, mikrokristalline Cellulose, Stearins\u00e4ure (pflanzliche Herkunft), Zitronens\u00e4ure, nat\u00fcrliche Aromen, Siliziumdioxid und Sojalecithin.<\/p>\n<\/p><\/div>\n<div class=\"chcg-dosage\">\n<h3>Verzehrempfehlung<\/h3>\n<p>T\u00e4glich 1 Lutschtablette zu einer Mahlzeit einnehmen. Die Lutschtablette kauen oder im Mund zergehen lassen, bis sie aufgel\u00f6st ist, dann schlucken.<\/p>\n<\/p><\/div>\n<div class=\"chcg-warnings\">\n<h3>Warnhinweise<\/h3>\n<p>Nur f\u00fcr Erwachsene. Bei Schwangerschaft oder Stillzeit, bei Einnahme von Medikamenten oder bei bestehenden gesundheitlichen Beschwerden ist vor der Einnahme ein Arzt zu konsultieren. Ausserhalb der Reichweite von Kindern aufbewahren. Nat\u00fcrliche Farbvariationen des Produkts sind m\u00f6glich.<\/p>\n<\/p><\/div>\n<div class=\"chcg-allergens\">\n<h3>Allergeninformationen<\/h3>\n<p>Nicht hergestellt mit Weizen, Gluten, Milch, Ei, Fisch, Schalentieren oder Baumn\u00fcssen. Produziert in einem GMP-zertifizierten Betrieb, der auch andere Zutaten mit diesen Allergenen verarbeitet. Enth\u00e4lt Sojalecithin.<\/p>\n<\/p><\/div>\n<div class=\"chcg-storage\">\n<h3>Lagerung<\/h3>\n<p>Nach dem \u00d6ffnen an einem k\u00fchlen, trockenen Ort lagern.<\/p>\n<\/p><\/div>\n<div class=\"chcg-dietary\">\n<h3>Ern\u00e4hrungshinweise<\/h3>\n<ul>\n<li>Vegetarisch<\/li>\n<li>Glutenfrei<\/li>\n<li>Laktosefrei<\/li>\n<\/ul><\/div>\n<\/div>\n","protected":false},"excerpt":{"rendered":"<p>Hochdosiertes Vitamin B-12 (5&#8217;000 mcg) kombiniert mit Fols\u00e4ure zur Unterst\u00fctzung des normalen Energiestoffwechsels und der Nervenfunktion. Praktische Lutschtabletten-Form, 60 St\u00fcck pro Packung. Glutenfrei und vegetarisch.<\/p>\n","protected":false},"featured_media":5310,"comment_status":"closed","ping_status":"open","template":"","meta":[],"product_brand":[454],"product_cat":[27,21],"product_tag":[],"class_list":{"0":"post-5309","1":"product","2":"type-product","3":"status-publish","4":"has-post-thumbnail","6":"product_brand-nownow-foods","7":"product_cat-einige-vitamine","8":"product_cat-vitamine-und-mineralstoffe","10":"first","11":"outofstock","12":"taxable","13":"shipping-taxable","14":"purchasable","15":"product-type-simple"},"yoast_head":"<!-- This site is optimized with the Yoast SEO plugin v27.5 - https:\/\/yoast.com\/product\/yoast-seo-wordpress\/ -->\n<title>Vitamin B-12 mit Fols\u00e4ure 5000mcg \u2013 NOW Foods | ecosupplements.ch<\/title>\n<meta name=\"description\" content=\"NOW Foods Vitamin B-12 5000mcg mit Fols\u00e4ure \u2013 60 Lutschtabletten zur Unterst\u00fctzung von Energiestoffwechsel und Nervenfunktion. Jetzt bestellen.\" \/>\n<meta name=\"robots\" content=\"index, follow, max-snippet:-1, max-image-preview:large, max-video-preview:-1\" \/>\n<link rel=\"canonical\" href=\"https:\/\/ecosupplements.ch\/?product=vitamin-b-12-with-folic-acid-5000mcg-60-lozenges\" \/>\n<meta property=\"og:locale\" content=\"de_DE\" \/>\n<meta property=\"og:type\" content=\"article\" \/>\n<meta property=\"og:title\" content=\"Vitamin B-12 mit Fols\u00e4ure 5000mcg \u2013 NOW Foods | ecosupplements.ch\" \/>\n<meta property=\"og:description\" content=\"NOW Foods Vitamin B-12 5000mcg mit Fols\u00e4ure \u2013 60 Lutschtabletten zur Unterst\u00fctzung von Energiestoffwechsel und Nervenfunktion. Jetzt bestellen.\" \/>\n<meta property=\"og:url\" content=\"https:\/\/ecosupplements.ch\/?product=vitamin-b-12-with-folic-acid-5000mcg-60-lozenges\" \/>\n<meta property=\"og:site_name\" content=\"Eco Supplements\" \/>\n<meta property=\"article:modified_time\" content=\"2026-05-13T07:23:30+00:00\" \/>\n<meta property=\"og:image\" content=\"https:\/\/ecosupplements.ch\/wp-content\/uploads\/2026\/05\/Vitamin-B-12-with-Folic-Acid-5000mcg-60-lozenges.webp\" \/>\n\t<meta property=\"og:image:width\" content=\"1000\" \/>\n\t<meta property=\"og:image:height\" content=\"1000\" \/>\n\t<meta property=\"og:image:type\" content=\"image\/jpeg\" \/>\n<meta name=\"twitter:card\" content=\"summary_large_image\" \/>\n<meta name=\"twitter:label1\" content=\"Price\" \/>\n\t<meta name=\"twitter:data1\" content=\"&#067;&#072;&#070;&nbsp;11.95\" \/>\n\t<meta name=\"twitter:label2\" content=\"Availability\" \/>\n\t<meta name=\"twitter:data2\" content=\"Out of stock\" \/>\n<script type=\"application\/ld+json\" class=\"yoast-schema-graph\">{\"@context\":\"https:\\\/\\\/schema.org\",\"@graph\":[{\"@type\":\"WebPage\",\"@id\":\"https:\\\/\\\/ecosupplements.ch\\\/?product=vitamin-b-12-with-folic-acid-5000mcg-60-lozenges\",\"url\":\"https:\\\/\\\/ecosupplements.ch\\\/?product=vitamin-b-12-with-folic-acid-5000mcg-60-lozenges\",\"name\":\"Vitamin B-12 mit Fols\u00e4ure 5000mcg \u2013 NOW Foods | ecosupplements.ch\",\"isPartOf\":{\"@id\":\"https:\\\/\\\/ecosupplements.ch\\\/#website\"},\"primaryImageOfPage\":{\"@id\":\"https:\\\/\\\/ecosupplements.ch\\\/?product=vitamin-b-12-with-folic-acid-5000mcg-60-lozenges#primaryimage\"},\"image\":{\"@id\":\"https:\\\/\\\/ecosupplements.ch\\\/?product=vitamin-b-12-with-folic-acid-5000mcg-60-lozenges#primaryimage\"},\"thumbnailUrl\":\"https:\\\/\\\/ecosupplements.ch\\\/wp-content\\\/uploads\\\/2026\\\/05\\\/Vitamin-B-12-with-Folic-Acid-5000mcg-60-lozenges.webp\",\"datePublished\":\"2026-05-11T15:05:37+00:00\",\"dateModified\":\"2026-05-13T07:23:30+00:00\",\"description\":\"NOW Foods Vitamin B-12 5000mcg mit Fols\u00e4ure \u2013 60 Lutschtabletten zur Unterst\u00fctzung von Energiestoffwechsel und Nervenfunktion. Jetzt bestellen.\",\"breadcrumb\":{\"@id\":\"https:\\\/\\\/ecosupplements.ch\\\/?product=vitamin-b-12-with-folic-acid-5000mcg-60-lozenges#breadcrumb\"},\"inLanguage\":\"de-CH\",\"potentialAction\":[{\"@type\":\"ReadAction\",\"target\":[\"https:\\\/\\\/ecosupplements.ch\\\/?product=vitamin-b-12-with-folic-acid-5000mcg-60-lozenges\"]}]},{\"@type\":\"ImageObject\",\"inLanguage\":\"de-CH\",\"@id\":\"https:\\\/\\\/ecosupplements.ch\\\/?product=vitamin-b-12-with-folic-acid-5000mcg-60-lozenges#primaryimage\",\"url\":\"https:\\\/\\\/ecosupplements.ch\\\/wp-content\\\/uploads\\\/2026\\\/05\\\/Vitamin-B-12-with-Folic-Acid-5000mcg-60-lozenges.webp\",\"contentUrl\":\"https:\\\/\\\/ecosupplements.ch\\\/wp-content\\\/uploads\\\/2026\\\/05\\\/Vitamin-B-12-with-Folic-Acid-5000mcg-60-lozenges.webp\",\"width\":1000,\"height\":1000,\"caption\":\"Vitamin B-12 with Folic Acid\"},{\"@type\":\"BreadcrumbList\",\"@id\":\"https:\\\/\\\/ecosupplements.ch\\\/?product=vitamin-b-12-with-folic-acid-5000mcg-60-lozenges#breadcrumb\",\"itemListElement\":[{\"@type\":\"ListItem\",\"position\":1,\"name\":\"Home\",\"item\":\"https:\\\/\\\/ecosupplements.ch\\\/\"},{\"@type\":\"ListItem\",\"position\":2,\"name\":\"Shop\",\"item\":\"https:\\\/\\\/ecosupplements.ch\\\/?page_id=14\"},{\"@type\":\"ListItem\",\"position\":3,\"name\":\"Vitamin B-12 with Folic Acid, 5000mcg &#8211; 60 lozenges\"}]},{\"@type\":\"WebSite\",\"@id\":\"https:\\\/\\\/ecosupplements.ch\\\/#website\",\"url\":\"https:\\\/\\\/ecosupplements.ch\\\/\",\"name\":\"Eco Supplements\",\"description\":\"\",\"potentialAction\":[{\"@type\":\"SearchAction\",\"target\":{\"@type\":\"EntryPoint\",\"urlTemplate\":\"https:\\\/\\\/ecosupplements.ch\\\/?s={search_term_string}\"},\"query-input\":{\"@type\":\"PropertyValueSpecification\",\"valueRequired\":true,\"valueName\":\"search_term_string\"}}],\"inLanguage\":\"de-CH\"}]}<\/script>\n<meta property=\"product:price:amount\" content=\"11.95\" \/>\n<meta property=\"product:price:currency\" content=\"CHF\" \/>\n<meta property=\"og:availability\" content=\"out of stock\" \/>\n<meta property=\"product:availability\" content=\"out of stock\" \/>\n<meta property=\"product:retailer_item_id\" content=\"733739004628\" \/>\n<meta property=\"product:condition\" content=\"new\" \/>\n<!-- \/ Yoast SEO plugin. -->","yoast_head_json":{"title":"Vitamin B-12 mit Fols\u00e4ure 5000mcg \u2013 NOW Foods | ecosupplements.ch","description":"NOW Foods Vitamin B-12 5000mcg mit Fols\u00e4ure \u2013 60 Lutschtabletten zur Unterst\u00fctzung von Energiestoffwechsel und Nervenfunktion. Jetzt bestellen.","robots":{"index":"index","follow":"follow","max-snippet":"max-snippet:-1","max-image-preview":"max-image-preview:large","max-video-preview":"max-video-preview:-1"},"canonical":"https:\/\/ecosupplements.ch\/?product=vitamin-b-12-with-folic-acid-5000mcg-60-lozenges","og_locale":"de_DE","og_type":"article","og_title":"Vitamin B-12 mit Fols\u00e4ure 5000mcg \u2013 NOW Foods | ecosupplements.ch","og_description":"NOW Foods Vitamin B-12 5000mcg mit Fols\u00e4ure \u2013 60 Lutschtabletten zur Unterst\u00fctzung von Energiestoffwechsel und Nervenfunktion. Jetzt bestellen.","og_url":"https:\/\/ecosupplements.ch\/?product=vitamin-b-12-with-folic-acid-5000mcg-60-lozenges","og_site_name":"Eco Supplements","article_modified_time":"2026-05-13T07:23:30+00:00","og_image":[{"width":1000,"height":1000,"url":"https:\/\/ecosupplements.ch\/wp-content\/uploads\/2026\/05\/Vitamin-B-12-with-Folic-Acid-5000mcg-60-lozenges.webp","type":"image\/jpeg"}],"twitter_card":"summary_large_image","twitter_misc":{"Price":"&#67;&#72;&#70;&nbsp;11.95","Availability":"Out of stock"},"schema":{"@context":"https:\/\/schema.org","@graph":[{"@type":"WebPage","@id":"https:\/\/ecosupplements.ch\/?product=vitamin-b-12-with-folic-acid-5000mcg-60-lozenges","url":"https:\/\/ecosupplements.ch\/?product=vitamin-b-12-with-folic-acid-5000mcg-60-lozenges","name":"Vitamin B-12 mit Fols\u00e4ure 5000mcg \u2013 NOW Foods | ecosupplements.ch","isPartOf":{"@id":"https:\/\/ecosupplements.ch\/#website"},"primaryImageOfPage":{"@id":"https:\/\/ecosupplements.ch\/?product=vitamin-b-12-with-folic-acid-5000mcg-60-lozenges#primaryimage"},"image":{"@id":"https:\/\/ecosupplements.ch\/?product=vitamin-b-12-with-folic-acid-5000mcg-60-lozenges#primaryimage"},"thumbnailUrl":"https:\/\/ecosupplements.ch\/wp-content\/uploads\/2026\/05\/Vitamin-B-12-with-Folic-Acid-5000mcg-60-lozenges.webp","datePublished":"2026-05-11T15:05:37+00:00","dateModified":"2026-05-13T07:23:30+00:00","description":"NOW Foods Vitamin B-12 5000mcg mit Fols\u00e4ure \u2013 60 Lutschtabletten zur Unterst\u00fctzung von Energiestoffwechsel und Nervenfunktion. Jetzt bestellen.","breadcrumb":{"@id":"https:\/\/ecosupplements.ch\/?product=vitamin-b-12-with-folic-acid-5000mcg-60-lozenges#breadcrumb"},"inLanguage":"de-CH","potentialAction":[{"@type":"ReadAction","target":["https:\/\/ecosupplements.ch\/?product=vitamin-b-12-with-folic-acid-5000mcg-60-lozenges"]}]},{"@type":"ImageObject","inLanguage":"de-CH","@id":"https:\/\/ecosupplements.ch\/?product=vitamin-b-12-with-folic-acid-5000mcg-60-lozenges#primaryimage","url":"https:\/\/ecosupplements.ch\/wp-content\/uploads\/2026\/05\/Vitamin-B-12-with-Folic-Acid-5000mcg-60-lozenges.webp","contentUrl":"https:\/\/ecosupplements.ch\/wp-content\/uploads\/2026\/05\/Vitamin-B-12-with-Folic-Acid-5000mcg-60-lozenges.webp","width":1000,"height":1000,"caption":"Vitamin B-12 with Folic Acid"},{"@type":"BreadcrumbList","@id":"https:\/\/ecosupplements.ch\/?product=vitamin-b-12-with-folic-acid-5000mcg-60-lozenges#breadcrumb","itemListElement":[{"@type":"ListItem","position":1,"name":"Home","item":"https:\/\/ecosupplements.ch\/"},{"@type":"ListItem","position":2,"name":"Shop","item":"https:\/\/ecosupplements.ch\/?page_id=14"},{"@type":"ListItem","position":3,"name":"Vitamin B-12 with Folic Acid, 5000mcg &#8211; 60 lozenges"}]},{"@type":"WebSite","@id":"https:\/\/ecosupplements.ch\/#website","url":"https:\/\/ecosupplements.ch\/","name":"Eco Supplements","description":"","potentialAction":[{"@type":"SearchAction","target":{"@type":"EntryPoint","urlTemplate":"https:\/\/ecosupplements.ch\/?s={search_term_string}"},"query-input":{"@type":"PropertyValueSpecification","valueRequired":true,"valueName":"search_term_string"}}],"inLanguage":"de-CH"}]},"product_price_amount":"11.95","product_price_currency":"CHF","og_availability":"out of stock","product_availability":"out of stock","product_retailer_item_id":"733739004628","product_condition":"new"},"_links":{"self":[{"href":"https:\/\/ecosupplements.ch\/index.php?rest_route=\/wp\/v2\/product\/5309","targetHints":{"allow":["GET"]}}],"collection":[{"href":"https:\/\/ecosupplements.ch\/index.php?rest_route=\/wp\/v2\/product"}],"about":[{"href":"https:\/\/ecosupplements.ch\/index.php?rest_route=\/wp\/v2\/types\/product"}],"replies":[{"embeddable":true,"href":"https:\/\/ecosupplements.ch\/index.php?rest_route=%2Fwp%2Fv2%2Fcomments&post=5309"}],"wp:featuredmedia":[{"embeddable":true,"href":"https:\/\/ecosupplements.ch\/index.php?rest_route=\/wp\/v2\/media\/5310"}],"wp:attachment":[{"href":"https:\/\/ecosupplements.ch\/index.php?rest_route=%2Fwp%2Fv2%2Fmedia&parent=5309"}],"wp:term":[{"taxonomy":"product_brand","embeddable":true,"href":"https:\/\/ecosupplements.ch\/index.php?rest_route=%2Fwp%2Fv2%2Fproduct_brand&post=5309"},{"taxonomy":"product_cat","embeddable":true,"href":"https:\/\/ecosupplements.ch\/index.php?rest_route=%2Fwp%2Fv2%2Fproduct_cat&post=5309"},{"taxonomy":"product_tag","embeddable":true,"href":"https:\/\/ecosupplements.ch\/index.php?rest_route=%2Fwp%2Fv2%2Fproduct_tag&post=5309"}],"curies":[{"name":"wp","href":"https:\/\/api.w.org\/{rel}","templated":true}]}}