{"id":5527,"date":"2026-05-11T15:07:25","date_gmt":"2026-05-11T15:07:25","guid":{"rendered":"https:\/\/ecosupplements.ch\/?product=vitamin-d3-4000-120-softgels"},"modified":"2026-05-13T07:27:28","modified_gmt":"2026-05-13T07:27:28","slug":"vitamin-d3-4000-120-softgels","status":"publish","type":"product","link":"https:\/\/ecosupplements.ch\/?product=vitamin-d3-4000-120-softgels","title":{"rendered":"Vitamin D3 4000 &#8211; 120 softgels"},"content":{"rendered":"<div class=\"chcg-product-description\">\n<h2 class=\"chcg-heading\">\u00dcber Ostrovit \u2013 Vitamin D3 4000 \u2013 120 Softgels<\/h2>\n<div class=\"chcg-intro\">\n<p>Vitamin D3 4000 von Ostrovit liefert pro Softgel 4000 IU (100 \u00b5g) Cholecalciferol \u2013 die k\u00f6rpereigene Form von Vitamin D, die auch durch Sonnenlicht in der Haut gebildet wird. Vitamin D tr\u00e4gt zur normalen Funktion des Immunsystems, zur Erhaltung normaler Knochen und Muskeln sowie zur normalen Aufnahme und Verwertung von Kalzium und Phosphor bei.<\/p>\n<p>Die praktische Softgel-Form mit Sonnenblumen\u00f6l als Tr\u00e4ger unterst\u00fctzt eine gute Aufnahme des fettl\u00f6slichen Vitamin D im K\u00f6rper. Jede Packung enth\u00e4lt 120 Softgels und reicht somit f\u00fcr 120 Tage bei empfohlener Dosierung.<\/p>\n<p>Das Produkt ist speziell f\u00fcr gesunde Personen \u00fcber 75 Jahre konzipiert, einer Altersgruppe, bei der eine ausreichende Vitamin-D-Versorgung besonders relevant sein kann.<\/p>\n<\/p><\/div>\n<div class=\"chcg-nutrition\">\n<h3>N\u00e4hrwertangaben<\/h3>\n<table class=\"chcg-nutrition-table\">\n<thead>\n<tr>\n<th>N\u00e4hrstoff<\/th>\n<th>Pro Portion (1 Softgel)<\/th>\n<\/tr>\n<\/thead>\n<tbody>\n<tr>\n<td>Vitamin D (als Cholecalciferol)<\/td>\n<td>4000 IU \/ 100 \u00b5g (2000% NRW)<\/td>\n<\/tr>\n<\/tbody>\n<\/table>\n<p class=\"chcg-footnote\">NRW = N\u00e4hrstoffbezugswert (Nutrient Reference Value)<\/p>\n<\/p><\/div>\n<div class=\"chcg-ingredients\">\n<h3>Zutaten<\/h3>\n<p>Sonnenblumen\u00f6l, Gelatine, Feuchthaltemittel: Glycerol; gereinigtes Wasser, Cholecalciferol (Vitamin D).<\/p>\n<p class=\"chcg-capsule-shell\">Kapselh\u00fclle: Gelatine, Feuchthaltemittel: Glycerol; gereinigtes Wasser.<\/p>\n<\/p><\/div>\n<div class=\"chcg-dosage\">\n<h3>Verzehrempfehlung<\/h3>\n<p>1 Portion (1 Softgel) t\u00e4glich zu einer Mahlzeit einnehmen. Das Produkt ist f\u00fcr gesunde Personen \u00fcber 75 Jahre bestimmt.<\/p>\n<\/p><\/div>\n<div class=\"chcg-warnings\">\n<h3>Warnhinweise<\/h3>\n<p>Die empfohlene Tagesdosis nicht \u00fcberschreiten. Nahrungserg\u00e4nzungsmittel sollten nicht als Ersatz f\u00fcr eine abwechslungsreiche Ern\u00e4hrung verwendet werden. Eine ausgewogene Ern\u00e4hrung und ein gesunder Lebensstil werden empfohlen. Nicht einnehmen, wenn Sie gegen einen der Inhaltsstoffe allergisch sind. Kinder, Schwangere und Stillende d\u00fcrfen das Produkt nicht einnehmen. Ausserhalb der Reichweite von Kindern aufbewahren.<\/p>\n<\/p><\/div>\n<div class=\"chcg-allergens\">\n<h3>Allergeninformationen<\/h3>\n<p>Hergestellt in einem Betrieb, der Zutaten verwendet, die aus Milch (einschliesslich Laktose), Sojabohnen, Erdn\u00fcssen, anderen N\u00fcssen, Sesamsamen, glutenhaltigen Getreidesorten, Eiern, Krebstieren und Fisch gewonnen werden.<\/p>\n<\/p><\/div>\n<div class=\"chcg-storage\">\n<h3>Lagerung<\/h3>\n<p>Diese Verpackung gut verschlossen, an einem trockenen Ort bei einer Temperatur von 15\u201325 \u00b0C aufbewahren. Vor direkter Sonneneinstrahlung sch\u00fctzen.<\/p>\n<\/p><\/div>\n<div class=\"chcg-dietary\">\n<h3>Ern\u00e4hrungshinweise<\/h3>\n<ul>\n<li>Nicht vegan<\/li>\n<li>Nicht vegetarisch<\/li>\n<li>Nicht glutenfrei<\/li>\n<li>Nicht laktosefrei<\/li>\n<\/ul><\/div>\n<\/div>\n","protected":false},"excerpt":{"rendered":"<p>Ostrovit Vitamin D3 4000 liefert 100 \u00b5g Cholecalciferol pro Softgel und unterst\u00fctzt Immunsystem, Knochen und Muskeln. Speziell f\u00fcr gesunde Personen \u00fcber 75 Jahre. Packung mit 120 Softgels.<\/p>\n","protected":false},"featured_media":5528,"comment_status":"closed","ping_status":"open","template":"","meta":[],"product_brand":[298],"product_cat":[27,48,30,21],"product_tag":[],"class_list":{"0":"post-5527","1":"product","2":"type-product","3":"status-publish","4":"has-post-thumbnail","6":"product_brand-ostrovit","7":"product_cat-einige-vitamine","8":"product_cat-gesunde-ernaehrung","9":"product_cat-vitamin-d","10":"product_cat-vitamine-und-mineralstoffe","12":"first","13":"outofstock","14":"taxable","15":"shipping-taxable","16":"purchasable","17":"product-type-simple"},"yoast_head":"<!-- This site is optimized with the Yoast SEO plugin v27.5 - https:\/\/yoast.com\/product\/yoast-seo-wordpress\/ -->\n<title>Vitamin D3 4000 120 Softgels \u2013 Ostrovit | ecosupplements.ch<\/title>\n<meta name=\"description\" content=\"Ostrovit Vitamin D3 4000 \u2013 100 \u00b5g Cholecalciferol pro Softgel f\u00fcr Knochen, Muskeln und Immunsystem. 120 Softgels f\u00fcr gesunde Personen \u00fcber 75 Jahre. Jetzt bestellen.\" \/>\n<meta name=\"robots\" content=\"index, follow, max-snippet:-1, max-image-preview:large, max-video-preview:-1\" \/>\n<link rel=\"canonical\" href=\"https:\/\/ecosupplements.ch\/?product=vitamin-d3-4000-120-softgels\" \/>\n<meta property=\"og:locale\" content=\"de_DE\" \/>\n<meta property=\"og:type\" content=\"article\" \/>\n<meta property=\"og:title\" content=\"Vitamin D3 4000 120 Softgels \u2013 Ostrovit | ecosupplements.ch\" \/>\n<meta property=\"og:description\" content=\"Ostrovit Vitamin D3 4000 \u2013 100 \u00b5g Cholecalciferol pro Softgel f\u00fcr Knochen, Muskeln und Immunsystem. 120 Softgels f\u00fcr gesunde Personen \u00fcber 75 Jahre. Jetzt bestellen.\" \/>\n<meta property=\"og:url\" content=\"https:\/\/ecosupplements.ch\/?product=vitamin-d3-4000-120-softgels\" \/>\n<meta property=\"og:site_name\" content=\"Eco Supplements\" \/>\n<meta property=\"article:modified_time\" content=\"2026-05-13T07:27:28+00:00\" \/>\n<meta property=\"og:image\" content=\"https:\/\/ecosupplements.ch\/wp-content\/uploads\/2026\/05\/Vitamin-D3-4000-120-softgels.webp\" \/>\n\t<meta property=\"og:image:width\" content=\"1000\" \/>\n\t<meta property=\"og:image:height\" content=\"1000\" \/>\n\t<meta property=\"og:image:type\" content=\"image\/jpeg\" \/>\n<meta name=\"twitter:card\" content=\"summary_large_image\" \/>\n<meta name=\"twitter:label1\" content=\"Price\" \/>\n\t<meta name=\"twitter:data1\" content=\"&#067;&#072;&#070;&nbsp;6.93\" \/>\n\t<meta name=\"twitter:label2\" content=\"Availability\" \/>\n\t<meta name=\"twitter:data2\" content=\"Out of stock\" \/>\n<script type=\"application\/ld+json\" class=\"yoast-schema-graph\">{\"@context\":\"https:\\\/\\\/schema.org\",\"@graph\":[{\"@type\":\"WebPage\",\"@id\":\"https:\\\/\\\/ecosupplements.ch\\\/?product=vitamin-d3-4000-120-softgels\",\"url\":\"https:\\\/\\\/ecosupplements.ch\\\/?product=vitamin-d3-4000-120-softgels\",\"name\":\"Vitamin D3 4000 120 Softgels \u2013 Ostrovit | ecosupplements.ch\",\"isPartOf\":{\"@id\":\"https:\\\/\\\/ecosupplements.ch\\\/#website\"},\"primaryImageOfPage\":{\"@id\":\"https:\\\/\\\/ecosupplements.ch\\\/?product=vitamin-d3-4000-120-softgels#primaryimage\"},\"image\":{\"@id\":\"https:\\\/\\\/ecosupplements.ch\\\/?product=vitamin-d3-4000-120-softgels#primaryimage\"},\"thumbnailUrl\":\"https:\\\/\\\/ecosupplements.ch\\\/wp-content\\\/uploads\\\/2026\\\/05\\\/Vitamin-D3-4000-120-softgels.webp\",\"datePublished\":\"2026-05-11T15:07:25+00:00\",\"dateModified\":\"2026-05-13T07:27:28+00:00\",\"description\":\"Ostrovit Vitamin D3 4000 \u2013 100 \u00b5g Cholecalciferol pro Softgel f\u00fcr Knochen, Muskeln und Immunsystem. 120 Softgels f\u00fcr gesunde Personen \u00fcber 75 Jahre. Jetzt bestellen.\",\"breadcrumb\":{\"@id\":\"https:\\\/\\\/ecosupplements.ch\\\/?product=vitamin-d3-4000-120-softgels#breadcrumb\"},\"inLanguage\":\"de-CH\",\"potentialAction\":[{\"@type\":\"ReadAction\",\"target\":[\"https:\\\/\\\/ecosupplements.ch\\\/?product=vitamin-d3-4000-120-softgels\"]}]},{\"@type\":\"ImageObject\",\"inLanguage\":\"de-CH\",\"@id\":\"https:\\\/\\\/ecosupplements.ch\\\/?product=vitamin-d3-4000-120-softgels#primaryimage\",\"url\":\"https:\\\/\\\/ecosupplements.ch\\\/wp-content\\\/uploads\\\/2026\\\/05\\\/Vitamin-D3-4000-120-softgels.webp\",\"contentUrl\":\"https:\\\/\\\/ecosupplements.ch\\\/wp-content\\\/uploads\\\/2026\\\/05\\\/Vitamin-D3-4000-120-softgels.webp\",\"width\":1000,\"height\":1000,\"caption\":\"Vitamin D3 4000 - 120 softgels\"},{\"@type\":\"BreadcrumbList\",\"@id\":\"https:\\\/\\\/ecosupplements.ch\\\/?product=vitamin-d3-4000-120-softgels#breadcrumb\",\"itemListElement\":[{\"@type\":\"ListItem\",\"position\":1,\"name\":\"Home\",\"item\":\"https:\\\/\\\/ecosupplements.ch\\\/\"},{\"@type\":\"ListItem\",\"position\":2,\"name\":\"Shop\",\"item\":\"https:\\\/\\\/ecosupplements.ch\\\/?page_id=14\"},{\"@type\":\"ListItem\",\"position\":3,\"name\":\"Vitamin D3 4000 &#8211; 120 softgels\"}]},{\"@type\":\"WebSite\",\"@id\":\"https:\\\/\\\/ecosupplements.ch\\\/#website\",\"url\":\"https:\\\/\\\/ecosupplements.ch\\\/\",\"name\":\"Eco Supplements\",\"description\":\"\",\"potentialAction\":[{\"@type\":\"SearchAction\",\"target\":{\"@type\":\"EntryPoint\",\"urlTemplate\":\"https:\\\/\\\/ecosupplements.ch\\\/?s={search_term_string}\"},\"query-input\":{\"@type\":\"PropertyValueSpecification\",\"valueRequired\":true,\"valueName\":\"search_term_string\"}}],\"inLanguage\":\"de-CH\"}]}<\/script>\n<meta property=\"product:price:amount\" content=\"6.93\" \/>\n<meta property=\"product:price:currency\" content=\"CHF\" \/>\n<meta property=\"og:availability\" content=\"out of stock\" \/>\n<meta property=\"product:availability\" content=\"out of stock\" \/>\n<meta property=\"product:retailer_item_id\" content=\"5903933902524\" \/>\n<meta property=\"product:condition\" content=\"new\" \/>\n<!-- \/ Yoast SEO plugin. -->","yoast_head_json":{"title":"Vitamin D3 4000 120 Softgels \u2013 Ostrovit | ecosupplements.ch","description":"Ostrovit Vitamin D3 4000 \u2013 100 \u00b5g Cholecalciferol pro Softgel f\u00fcr Knochen, Muskeln und Immunsystem. 120 Softgels f\u00fcr gesunde Personen \u00fcber 75 Jahre. Jetzt bestellen.","robots":{"index":"index","follow":"follow","max-snippet":"max-snippet:-1","max-image-preview":"max-image-preview:large","max-video-preview":"max-video-preview:-1"},"canonical":"https:\/\/ecosupplements.ch\/?product=vitamin-d3-4000-120-softgels","og_locale":"de_DE","og_type":"article","og_title":"Vitamin D3 4000 120 Softgels \u2013 Ostrovit | ecosupplements.ch","og_description":"Ostrovit Vitamin D3 4000 \u2013 100 \u00b5g Cholecalciferol pro Softgel f\u00fcr Knochen, Muskeln und Immunsystem. 120 Softgels f\u00fcr gesunde Personen \u00fcber 75 Jahre. Jetzt bestellen.","og_url":"https:\/\/ecosupplements.ch\/?product=vitamin-d3-4000-120-softgels","og_site_name":"Eco Supplements","article_modified_time":"2026-05-13T07:27:28+00:00","og_image":[{"width":1000,"height":1000,"url":"https:\/\/ecosupplements.ch\/wp-content\/uploads\/2026\/05\/Vitamin-D3-4000-120-softgels.webp","type":"image\/jpeg"}],"twitter_card":"summary_large_image","twitter_misc":{"Price":"&#67;&#72;&#70;&nbsp;6.93","Availability":"Out of stock"},"schema":{"@context":"https:\/\/schema.org","@graph":[{"@type":"WebPage","@id":"https:\/\/ecosupplements.ch\/?product=vitamin-d3-4000-120-softgels","url":"https:\/\/ecosupplements.ch\/?product=vitamin-d3-4000-120-softgels","name":"Vitamin D3 4000 120 Softgels \u2013 Ostrovit | ecosupplements.ch","isPartOf":{"@id":"https:\/\/ecosupplements.ch\/#website"},"primaryImageOfPage":{"@id":"https:\/\/ecosupplements.ch\/?product=vitamin-d3-4000-120-softgels#primaryimage"},"image":{"@id":"https:\/\/ecosupplements.ch\/?product=vitamin-d3-4000-120-softgels#primaryimage"},"thumbnailUrl":"https:\/\/ecosupplements.ch\/wp-content\/uploads\/2026\/05\/Vitamin-D3-4000-120-softgels.webp","datePublished":"2026-05-11T15:07:25+00:00","dateModified":"2026-05-13T07:27:28+00:00","description":"Ostrovit Vitamin D3 4000 \u2013 100 \u00b5g Cholecalciferol pro Softgel f\u00fcr Knochen, Muskeln und Immunsystem. 120 Softgels f\u00fcr gesunde Personen \u00fcber 75 Jahre. Jetzt bestellen.","breadcrumb":{"@id":"https:\/\/ecosupplements.ch\/?product=vitamin-d3-4000-120-softgels#breadcrumb"},"inLanguage":"de-CH","potentialAction":[{"@type":"ReadAction","target":["https:\/\/ecosupplements.ch\/?product=vitamin-d3-4000-120-softgels"]}]},{"@type":"ImageObject","inLanguage":"de-CH","@id":"https:\/\/ecosupplements.ch\/?product=vitamin-d3-4000-120-softgels#primaryimage","url":"https:\/\/ecosupplements.ch\/wp-content\/uploads\/2026\/05\/Vitamin-D3-4000-120-softgels.webp","contentUrl":"https:\/\/ecosupplements.ch\/wp-content\/uploads\/2026\/05\/Vitamin-D3-4000-120-softgels.webp","width":1000,"height":1000,"caption":"Vitamin D3 4000 - 120 softgels"},{"@type":"BreadcrumbList","@id":"https:\/\/ecosupplements.ch\/?product=vitamin-d3-4000-120-softgels#breadcrumb","itemListElement":[{"@type":"ListItem","position":1,"name":"Home","item":"https:\/\/ecosupplements.ch\/"},{"@type":"ListItem","position":2,"name":"Shop","item":"https:\/\/ecosupplements.ch\/?page_id=14"},{"@type":"ListItem","position":3,"name":"Vitamin D3 4000 &#8211; 120 softgels"}]},{"@type":"WebSite","@id":"https:\/\/ecosupplements.ch\/#website","url":"https:\/\/ecosupplements.ch\/","name":"Eco Supplements","description":"","potentialAction":[{"@type":"SearchAction","target":{"@type":"EntryPoint","urlTemplate":"https:\/\/ecosupplements.ch\/?s={search_term_string}"},"query-input":{"@type":"PropertyValueSpecification","valueRequired":true,"valueName":"search_term_string"}}],"inLanguage":"de-CH"}]},"product_price_amount":"6.93","product_price_currency":"CHF","og_availability":"out of stock","product_availability":"out of stock","product_retailer_item_id":"5903933902524","product_condition":"new"},"_links":{"self":[{"href":"https:\/\/ecosupplements.ch\/index.php?rest_route=\/wp\/v2\/product\/5527","targetHints":{"allow":["GET"]}}],"collection":[{"href":"https:\/\/ecosupplements.ch\/index.php?rest_route=\/wp\/v2\/product"}],"about":[{"href":"https:\/\/ecosupplements.ch\/index.php?rest_route=\/wp\/v2\/types\/product"}],"replies":[{"embeddable":true,"href":"https:\/\/ecosupplements.ch\/index.php?rest_route=%2Fwp%2Fv2%2Fcomments&post=5527"}],"wp:featuredmedia":[{"embeddable":true,"href":"https:\/\/ecosupplements.ch\/index.php?rest_route=\/wp\/v2\/media\/5528"}],"wp:attachment":[{"href":"https:\/\/ecosupplements.ch\/index.php?rest_route=%2Fwp%2Fv2%2Fmedia&parent=5527"}],"wp:term":[{"taxonomy":"product_brand","embeddable":true,"href":"https:\/\/ecosupplements.ch\/index.php?rest_route=%2Fwp%2Fv2%2Fproduct_brand&post=5527"},{"taxonomy":"product_cat","embeddable":true,"href":"https:\/\/ecosupplements.ch\/index.php?rest_route=%2Fwp%2Fv2%2Fproduct_cat&post=5527"},{"taxonomy":"product_tag","embeddable":true,"href":"https:\/\/ecosupplements.ch\/index.php?rest_route=%2Fwp%2Fv2%2Fproduct_tag&post=5527"}],"curies":[{"name":"wp","href":"https:\/\/api.w.org\/{rel}","templated":true}]}}