{"id":5545,"date":"2026-05-11T15:07:34","date_gmt":"2026-05-11T15:07:34","guid":{"rendered":"https:\/\/ecosupplements.ch\/?product=himalaya-tentex-royal-60-capsules"},"modified":"2026-05-13T07:26:11","modified_gmt":"2026-05-13T07:26:11","slug":"himalaya-tentex-royal-60-capsules","status":"publish","type":"product","link":"https:\/\/ecosupplements.ch\/?product=himalaya-tentex-royal-60-capsules","title":{"rendered":"Himalaya Tentex Royal (60 Capsules)"},"content":{"rendered":"<div class=\"chcg-product-description\">\n<h2 class=\"chcg-heading\">\u00dcber Himalaya \u2013 Tentex Royal (60 Kapseln)<\/h2>\n<div class=\"chcg-intro\">\n<p>Himalaya Tentex Royal ist ein traditionelles ayurvedisches Nahrungserg\u00e4nzungsmittel, das auf einer sorgf\u00e4ltig abgestimmten Kombination pflanzlicher Wirkstoffe basiert. Die Formel vereint bew\u00e4hrte Kr\u00e4uter und Extrakte aus der ayurvedischen Tradition, darunter Tribulus terrestris (Gokshura), Crocus sativus (Safran) sowie weitere Pflanzeninhaltsstoffe wie Kokilaksha und Sunishannaka.<\/p>\n<p>Jede Tagesdosis (2 Kapseln) enth\u00e4lt 290 mg Prunus amygdalus (Mandel), 290 mg Asteracantha longifolia, 230 mg Blepharis edulis, 200 mg Tribulus terrestris-Extrakt sowie 28 mg Crocus sativus. Die Inhaltsstoffe werden von Himalaya nach hohen Qualit\u00e4tsstandards verarbeitet und in praktischen Kapseln bereitgestellt.<\/p>\n<p>Himalaya ist ein international anerkanntes Unternehmen mit langer Tradition in der Entwicklung pflanzlicher Gesundheitsprodukte auf ayurvedischer Grundlage. Tentex Royal ist f\u00fcr M\u00e4nner ab 18 Jahren geeignet und enth\u00e4lt 60 Kapseln \u2013 entsprechend 30 Tagesportionen.<\/p>\n<\/p><\/div>\n<div class=\"chcg-nutrition\">\n<h3>N\u00e4hrwertangaben<\/h3>\n<table class=\"chcg-nutrition-table\">\n<thead>\n<tr>\n<th>N\u00e4hrstoff<\/th>\n<th>Pro Portion (2 Kapseln)<\/th>\n<\/tr>\n<\/thead>\n<tbody>\n<tr>\n<td>Prunus amygdalus (Mandel \/ Vathada)<\/td>\n<td>290 mg*<\/td>\n<\/tr>\n<tr>\n<td>Asteracantha longifolia (Kokilaksha \/ Hygrophila auriculata)<\/td>\n<td>290 mg*<\/td>\n<\/tr>\n<tr>\n<td>Blepharis edulis (Sunishannaka)<\/td>\n<td>230 mg*<\/td>\n<\/tr>\n<tr>\n<td>Tribulus terrestris Extrakt (Gokshura)<\/td>\n<td>200 mg*<\/td>\n<\/tr>\n<tr>\n<td>Crocus sativus (Safran \/ Kumkuma)<\/td>\n<td>28 mg*<\/td>\n<\/tr>\n<\/tbody>\n<\/table>\n<p class=\"chcg-footnote\">* Kein festgelegter Tagesbedarf (NRV) vorhanden.<\/p>\n<\/p><\/div>\n<div class=\"chcg-ingredients\">\n<h3>Zutaten<\/h3>\n<p>Wirkstoffe pro Tagesdosis (2 Kapseln): Prunus amygdalus (Mandel \/ Vathada) 290 mg, Asteracantha longifolia (Kokilaksha \/ Hygrophila auriculata) 290 mg, Blepharis edulis (Sunishannaka) 230 mg, Tribulus terrestris Extrakt (Gokshura) 200 mg, Crocus sativus (Safran \/ Kumkuma) 28 mg. Weitere Zutaten: Magnesiumsalze von Fetts\u00e4uren (Magnesiumstearat), Gelatine (Kapselh\u00fclle).<\/p>\n<p class=\"chcg-capsule-shell\">Kapselh\u00fclle: Gelatine<\/p>\n<\/p><\/div>\n<div class=\"chcg-dosage\">\n<h3>Verzehrempfehlung<\/h3>\n<p>2 Kapseln t\u00e4glich, 1 Stunde vor dem Schlafengehen einnehmen.<\/p>\n<\/p><\/div>\n<div class=\"chcg-warnings\">\n<h3>Warnhinweise<\/h3>\n<p>Die empfohlene Tagesdosis nicht \u00fcberschreiten. Dieses Nahrungserg\u00e4nzungsmittel ist kein Ersatz f\u00fcr eine abwechslungsreiche Ern\u00e4hrung und einen gesunden Lebensstil. Nicht f\u00fcr Personen unter 18 Jahren geeignet. Personen, die blutdrucksenkende oder antiagin\u00f6se Medikamente einnehmen, sollten das Produkt nur unter \u00e4rztlicher Aufsicht verwenden. Bei ungew\u00f6hnlichen Reaktionen die Einnahme abbrechen und einen Arzt aufsuchen. Ausserhalb der Reichweite von Kleinkindern aufbewahren.<\/p>\n<\/p><\/div>\n<div class=\"chcg-allergens\">\n<h3>Allergeninformationen<\/h3>\n<p>Enth\u00e4lt Schalenfr\u00fcchte (Mandel \/ Prunus amygdalus). Keine weiteren Allergene auf dem Etikett deklariert.<\/p>\n<\/p><\/div>\n<div class=\"chcg-storage\">\n<h3>Lagerung<\/h3>\n<p>An einem k\u00fchlen, trockenen Ort, vor direkter Sonneneinstrahlung gesch\u00fctzt und ausserhalb der Reichweite von Kleinkindern aufbewahren.<\/p>\n<\/p><\/div>\n<div class=\"chcg-dietary\">\n<h3>Ern\u00e4hrungshinweise<\/h3>\n<ul>\n<li>Nicht vegan (enth\u00e4lt Gelatine)<\/li>\n<li>Nicht vegetarisch (enth\u00e4lt Gelatine)<\/li>\n<\/ul><\/div>\n<\/div>\n","protected":false},"excerpt":{"rendered":"<p>Himalaya Tentex Royal kombiniert traditionelle ayurvedische Pflanzenextrakte wie Tribulus terrestris und Safran in praktischen Kapseln. Packungsinhalt: 60 Kapseln (30 Tagesdosen). Geeignet f\u00fcr M\u00e4nner ab 18 Jahren.<\/p>\n","protected":false},"featured_media":5546,"comment_status":"closed","ping_status":"open","template":"","meta":[],"product_brand":[196],"product_cat":[48,25,22,21],"product_tag":[],"class_list":{"0":"post-5545","1":"product","2":"type-product","3":"status-publish","4":"has-post-thumbnail","6":"product_brand-himalaya","7":"product_cat-gesunde-ernaehrung","8":"product_cat-gesundheit-und-wohlbefinden","9":"product_cat-vegane-produkte","10":"product_cat-vitamine-und-mineralstoffe","12":"first","13":"outofstock","14":"taxable","15":"shipping-taxable","16":"purchasable","17":"product-type-simple"},"yoast_head":"<!-- This site is optimized with the Yoast SEO plugin v27.5 - https:\/\/yoast.com\/product\/yoast-seo-wordpress\/ -->\n<title>Tentex Royal 60 Kapseln \u2013 Himalaya | ecosupplements.ch<\/title>\n<meta name=\"description\" content=\"Himalaya Tentex Royal mit Tribulus terrestris, Safran und weiteren Pflanzenextrakten \u2013 60 Kapseln f\u00fcr 30 Tage. Jetzt bestellen.\" \/>\n<meta name=\"robots\" content=\"index, follow, max-snippet:-1, max-image-preview:large, max-video-preview:-1\" \/>\n<link rel=\"canonical\" href=\"https:\/\/ecosupplements.ch\/?product=himalaya-tentex-royal-60-capsules\" \/>\n<meta property=\"og:locale\" content=\"de_DE\" \/>\n<meta property=\"og:type\" content=\"article\" \/>\n<meta property=\"og:title\" content=\"Tentex Royal 60 Kapseln \u2013 Himalaya | ecosupplements.ch\" \/>\n<meta property=\"og:description\" content=\"Himalaya Tentex Royal mit Tribulus terrestris, Safran und weiteren Pflanzenextrakten \u2013 60 Kapseln f\u00fcr 30 Tage. Jetzt bestellen.\" \/>\n<meta property=\"og:url\" content=\"https:\/\/ecosupplements.ch\/?product=himalaya-tentex-royal-60-capsules\" \/>\n<meta property=\"og:site_name\" content=\"Eco Supplements\" \/>\n<meta property=\"article:modified_time\" content=\"2026-05-13T07:26:11+00:00\" \/>\n<meta property=\"og:image\" content=\"https:\/\/ecosupplements.ch\/wp-content\/uploads\/2026\/05\/Himalaya-Tentex-Royal-60-Capsules.webp\" \/>\n\t<meta property=\"og:image:width\" content=\"1000\" \/>\n\t<meta property=\"og:image:height\" content=\"1000\" \/>\n\t<meta property=\"og:image:type\" content=\"image\/jpeg\" \/>\n<meta name=\"twitter:card\" content=\"summary_large_image\" \/>\n<meta name=\"twitter:label1\" content=\"Price\" \/>\n\t<meta name=\"twitter:data1\" content=\"&#067;&#072;&#070;&nbsp;7.66\" \/>\n\t<meta name=\"twitter:label2\" content=\"Availability\" \/>\n\t<meta name=\"twitter:data2\" content=\"Out of stock\" \/>\n<script type=\"application\/ld+json\" class=\"yoast-schema-graph\">{\"@context\":\"https:\\\/\\\/schema.org\",\"@graph\":[{\"@type\":\"WebPage\",\"@id\":\"https:\\\/\\\/ecosupplements.ch\\\/?product=himalaya-tentex-royal-60-capsules\",\"url\":\"https:\\\/\\\/ecosupplements.ch\\\/?product=himalaya-tentex-royal-60-capsules\",\"name\":\"Tentex Royal 60 Kapseln \u2013 Himalaya | ecosupplements.ch\",\"isPartOf\":{\"@id\":\"https:\\\/\\\/ecosupplements.ch\\\/#website\"},\"primaryImageOfPage\":{\"@id\":\"https:\\\/\\\/ecosupplements.ch\\\/?product=himalaya-tentex-royal-60-capsules#primaryimage\"},\"image\":{\"@id\":\"https:\\\/\\\/ecosupplements.ch\\\/?product=himalaya-tentex-royal-60-capsules#primaryimage\"},\"thumbnailUrl\":\"https:\\\/\\\/ecosupplements.ch\\\/wp-content\\\/uploads\\\/2026\\\/05\\\/Himalaya-Tentex-Royal-60-Capsules.webp\",\"datePublished\":\"2026-05-11T15:07:34+00:00\",\"dateModified\":\"2026-05-13T07:26:11+00:00\",\"description\":\"Himalaya Tentex Royal mit Tribulus terrestris, Safran und weiteren Pflanzenextrakten \u2013 60 Kapseln f\u00fcr 30 Tage. Jetzt bestellen.\",\"breadcrumb\":{\"@id\":\"https:\\\/\\\/ecosupplements.ch\\\/?product=himalaya-tentex-royal-60-capsules#breadcrumb\"},\"inLanguage\":\"de-CH\",\"potentialAction\":[{\"@type\":\"ReadAction\",\"target\":[\"https:\\\/\\\/ecosupplements.ch\\\/?product=himalaya-tentex-royal-60-capsules\"]}]},{\"@type\":\"ImageObject\",\"inLanguage\":\"de-CH\",\"@id\":\"https:\\\/\\\/ecosupplements.ch\\\/?product=himalaya-tentex-royal-60-capsules#primaryimage\",\"url\":\"https:\\\/\\\/ecosupplements.ch\\\/wp-content\\\/uploads\\\/2026\\\/05\\\/Himalaya-Tentex-Royal-60-Capsules.webp\",\"contentUrl\":\"https:\\\/\\\/ecosupplements.ch\\\/wp-content\\\/uploads\\\/2026\\\/05\\\/Himalaya-Tentex-Royal-60-Capsules.webp\",\"width\":1000,\"height\":1000,\"caption\":\"Himalaya Tentex Royal (60 Capsules)\"},{\"@type\":\"BreadcrumbList\",\"@id\":\"https:\\\/\\\/ecosupplements.ch\\\/?product=himalaya-tentex-royal-60-capsules#breadcrumb\",\"itemListElement\":[{\"@type\":\"ListItem\",\"position\":1,\"name\":\"Home\",\"item\":\"https:\\\/\\\/ecosupplements.ch\\\/\"},{\"@type\":\"ListItem\",\"position\":2,\"name\":\"Shop\",\"item\":\"https:\\\/\\\/ecosupplements.ch\\\/?page_id=14\"},{\"@type\":\"ListItem\",\"position\":3,\"name\":\"Himalaya Tentex Royal (60 Capsules)\"}]},{\"@type\":\"WebSite\",\"@id\":\"https:\\\/\\\/ecosupplements.ch\\\/#website\",\"url\":\"https:\\\/\\\/ecosupplements.ch\\\/\",\"name\":\"Eco Supplements\",\"description\":\"\",\"potentialAction\":[{\"@type\":\"SearchAction\",\"target\":{\"@type\":\"EntryPoint\",\"urlTemplate\":\"https:\\\/\\\/ecosupplements.ch\\\/?s={search_term_string}\"},\"query-input\":{\"@type\":\"PropertyValueSpecification\",\"valueRequired\":true,\"valueName\":\"search_term_string\"}}],\"inLanguage\":\"de-CH\"}]}<\/script>\n<meta property=\"product:price:amount\" content=\"7.66\" \/>\n<meta property=\"product:price:currency\" content=\"CHF\" \/>\n<meta property=\"og:availability\" content=\"out of stock\" \/>\n<meta property=\"product:availability\" content=\"out of stock\" \/>\n<meta property=\"product:retailer_item_id\" content=\"8901138512088\" \/>\n<meta property=\"product:condition\" content=\"new\" \/>\n<!-- \/ Yoast SEO plugin. -->","yoast_head_json":{"title":"Tentex Royal 60 Kapseln \u2013 Himalaya | ecosupplements.ch","description":"Himalaya Tentex Royal mit Tribulus terrestris, Safran und weiteren Pflanzenextrakten \u2013 60 Kapseln f\u00fcr 30 Tage. Jetzt bestellen.","robots":{"index":"index","follow":"follow","max-snippet":"max-snippet:-1","max-image-preview":"max-image-preview:large","max-video-preview":"max-video-preview:-1"},"canonical":"https:\/\/ecosupplements.ch\/?product=himalaya-tentex-royal-60-capsules","og_locale":"de_DE","og_type":"article","og_title":"Tentex Royal 60 Kapseln \u2013 Himalaya | ecosupplements.ch","og_description":"Himalaya Tentex Royal mit Tribulus terrestris, Safran und weiteren Pflanzenextrakten \u2013 60 Kapseln f\u00fcr 30 Tage. Jetzt bestellen.","og_url":"https:\/\/ecosupplements.ch\/?product=himalaya-tentex-royal-60-capsules","og_site_name":"Eco Supplements","article_modified_time":"2026-05-13T07:26:11+00:00","og_image":[{"width":1000,"height":1000,"url":"https:\/\/ecosupplements.ch\/wp-content\/uploads\/2026\/05\/Himalaya-Tentex-Royal-60-Capsules.webp","type":"image\/jpeg"}],"twitter_card":"summary_large_image","twitter_misc":{"Price":"&#67;&#72;&#70;&nbsp;7.66","Availability":"Out of stock"},"schema":{"@context":"https:\/\/schema.org","@graph":[{"@type":"WebPage","@id":"https:\/\/ecosupplements.ch\/?product=himalaya-tentex-royal-60-capsules","url":"https:\/\/ecosupplements.ch\/?product=himalaya-tentex-royal-60-capsules","name":"Tentex Royal 60 Kapseln \u2013 Himalaya | ecosupplements.ch","isPartOf":{"@id":"https:\/\/ecosupplements.ch\/#website"},"primaryImageOfPage":{"@id":"https:\/\/ecosupplements.ch\/?product=himalaya-tentex-royal-60-capsules#primaryimage"},"image":{"@id":"https:\/\/ecosupplements.ch\/?product=himalaya-tentex-royal-60-capsules#primaryimage"},"thumbnailUrl":"https:\/\/ecosupplements.ch\/wp-content\/uploads\/2026\/05\/Himalaya-Tentex-Royal-60-Capsules.webp","datePublished":"2026-05-11T15:07:34+00:00","dateModified":"2026-05-13T07:26:11+00:00","description":"Himalaya Tentex Royal mit Tribulus terrestris, Safran und weiteren Pflanzenextrakten \u2013 60 Kapseln f\u00fcr 30 Tage. Jetzt bestellen.","breadcrumb":{"@id":"https:\/\/ecosupplements.ch\/?product=himalaya-tentex-royal-60-capsules#breadcrumb"},"inLanguage":"de-CH","potentialAction":[{"@type":"ReadAction","target":["https:\/\/ecosupplements.ch\/?product=himalaya-tentex-royal-60-capsules"]}]},{"@type":"ImageObject","inLanguage":"de-CH","@id":"https:\/\/ecosupplements.ch\/?product=himalaya-tentex-royal-60-capsules#primaryimage","url":"https:\/\/ecosupplements.ch\/wp-content\/uploads\/2026\/05\/Himalaya-Tentex-Royal-60-Capsules.webp","contentUrl":"https:\/\/ecosupplements.ch\/wp-content\/uploads\/2026\/05\/Himalaya-Tentex-Royal-60-Capsules.webp","width":1000,"height":1000,"caption":"Himalaya Tentex Royal (60 Capsules)"},{"@type":"BreadcrumbList","@id":"https:\/\/ecosupplements.ch\/?product=himalaya-tentex-royal-60-capsules#breadcrumb","itemListElement":[{"@type":"ListItem","position":1,"name":"Home","item":"https:\/\/ecosupplements.ch\/"},{"@type":"ListItem","position":2,"name":"Shop","item":"https:\/\/ecosupplements.ch\/?page_id=14"},{"@type":"ListItem","position":3,"name":"Himalaya Tentex Royal (60 Capsules)"}]},{"@type":"WebSite","@id":"https:\/\/ecosupplements.ch\/#website","url":"https:\/\/ecosupplements.ch\/","name":"Eco Supplements","description":"","potentialAction":[{"@type":"SearchAction","target":{"@type":"EntryPoint","urlTemplate":"https:\/\/ecosupplements.ch\/?s={search_term_string}"},"query-input":{"@type":"PropertyValueSpecification","valueRequired":true,"valueName":"search_term_string"}}],"inLanguage":"de-CH"}]},"product_price_amount":"7.66","product_price_currency":"CHF","og_availability":"out of stock","product_availability":"out of stock","product_retailer_item_id":"8901138512088","product_condition":"new"},"_links":{"self":[{"href":"https:\/\/ecosupplements.ch\/index.php?rest_route=\/wp\/v2\/product\/5545","targetHints":{"allow":["GET"]}}],"collection":[{"href":"https:\/\/ecosupplements.ch\/index.php?rest_route=\/wp\/v2\/product"}],"about":[{"href":"https:\/\/ecosupplements.ch\/index.php?rest_route=\/wp\/v2\/types\/product"}],"replies":[{"embeddable":true,"href":"https:\/\/ecosupplements.ch\/index.php?rest_route=%2Fwp%2Fv2%2Fcomments&post=5545"}],"wp:featuredmedia":[{"embeddable":true,"href":"https:\/\/ecosupplements.ch\/index.php?rest_route=\/wp\/v2\/media\/5546"}],"wp:attachment":[{"href":"https:\/\/ecosupplements.ch\/index.php?rest_route=%2Fwp%2Fv2%2Fmedia&parent=5545"}],"wp:term":[{"taxonomy":"product_brand","embeddable":true,"href":"https:\/\/ecosupplements.ch\/index.php?rest_route=%2Fwp%2Fv2%2Fproduct_brand&post=5545"},{"taxonomy":"product_cat","embeddable":true,"href":"https:\/\/ecosupplements.ch\/index.php?rest_route=%2Fwp%2Fv2%2Fproduct_cat&post=5545"},{"taxonomy":"product_tag","embeddable":true,"href":"https:\/\/ecosupplements.ch\/index.php?rest_route=%2Fwp%2Fv2%2Fproduct_tag&post=5545"}],"curies":[{"name":"wp","href":"https:\/\/api.w.org\/{rel}","templated":true}]}}