{"id":5599,"date":"2026-05-11T15:08:01","date_gmt":"2026-05-11T15:08:01","guid":{"rendered":"https:\/\/ecosupplements.ch\/?product=now-mood-support-90-veg-capsules"},"modified":"2026-05-13T07:22:39","modified_gmt":"2026-05-13T07:22:39","slug":"now-mood-support-90-veg-capsules","status":"publish","type":"product","link":"https:\/\/ecosupplements.ch\/?product=now-mood-support-90-veg-capsules","title":{"rendered":"NOW Mood Support (90 Veg Capsules)"},"content":{"rendered":"<div class=\"chcg-product-description\">\n<h2 class=\"chcg-heading\">\u00dcber NOW \u2013 Mood Support \u2013 90 Vegane Kapseln<\/h2>\n<div class=\"chcg-intro\">\n<p>NOW Mood Support ist eine sorgf\u00e4ltig zusammengestellte Formel, die ausgew\u00e4hlte B-Vitamine, essentielle Mineralstoffe und bew\u00e4hrte pflanzliche Extrakte in einer einzigen Kapsel vereint. Die Kombination aus Thiamin, Niacin, Vitamin B-6, Folat, Vitamin B-12 und Pantothens\u00e4ure unterst\u00fctzt den normalen Energiestoffwechsel sowie die normale psychische Funktion \u2013 Eigenschaften, die durch EFSA-anerkannte N\u00e4hrstoffangaben belegt sind.<\/p>\n<p>Erg\u00e4nzt wird die Formel durch Johanniskraut-Extrakt (Hypericum perforatum, mind. 0,3 % Hypericin), Heiliges Basilikum (Ocimum tenuiflorum), Baldrian (Valeriana officinalis), 5-HTP aus Griffonia simplicifolia, GABA, Taurin sowie L-Theanine in Form von Suntheanine\u00ae \u2013 einem patentierten, fermentativ hergestellten L-Theanin. Diese pflanzlichen und aminos\u00e4urebasierten Inhaltsstoffe werden seit Langem im Bereich der Nahrungserg\u00e4nzung eingesetzt.<\/p>\n<p>Die veganen Kapseln sind ohne Weizen, Gluten, Soja, Milch, Ei, Fisch, Meeresfr\u00fcchte oder Baumn\u00fcsse hergestellt und eignen sich damit f\u00fcr eine breite Palette von Ern\u00e4hrungsweisen. Jede Packung enth\u00e4lt 90 Kapseln f\u00fcr 45 Portionen.<\/p>\n<\/p><\/div>\n<div class=\"chcg-nutrition\">\n<h3>N\u00e4hrwertangaben<\/h3>\n<table class=\"chcg-nutrition-table\">\n<thead>\n<tr>\n<th>N\u00e4hrstoff<\/th>\n<th>Pro Portion (2 Kapseln)<\/th>\n<\/tr>\n<\/thead>\n<tbody>\n<tr>\n<td>Thiamin (aus Thiamin HCl) (Vitamin B-1)<\/td>\n<td>2 mg (167 % NRV)<\/td>\n<\/tr>\n<tr>\n<td>Niacin (als Niacinamid) (Vitamin B-3)<\/td>\n<td>25 mg (156 % NRV)<\/td>\n<\/tr>\n<tr>\n<td>Vitamin B-6 (aus Pyridoxin HCl)<\/td>\n<td>10 mg (588 % NRV)<\/td>\n<\/tr>\n<tr>\n<td>Folat<\/td>\n<td>667 mcg DFE (400 mcg Fols\u00e4ure) (167 % NRV)<\/td>\n<\/tr>\n<tr>\n<td>Vitamin B-12 (als Cyanocobalamin)<\/td>\n<td>200 mcg (8333 % NRV)<\/td>\n<\/tr>\n<tr>\n<td>Pantothens\u00e4ure (aus D-Calcium-Pantothenat)<\/td>\n<td>50 mg (1000 % NRV)<\/td>\n<\/tr>\n<tr>\n<td>Magnesium (aus Magnesiumoxid)<\/td>\n<td>50 mg (12 % NRV)<\/td>\n<\/tr>\n<tr>\n<td>Zink (aus Zink-L-Methionin)<\/td>\n<td>5 mg (45 % NRV)<\/td>\n<\/tr>\n<tr>\n<td>Mangan (aus Mangan-Aminos\u00e4urechelat)<\/td>\n<td>2 mg (87 % NRV)<\/td>\n<\/tr>\n<tr>\n<td>Johanniskraut-Extrakt (Hypericum perforatum) (Kraut) (mind. 0,3 % Hypericin)<\/td>\n<td>450 mg (\u2020)<\/td>\n<\/tr>\n<tr>\n<td>Heiliges Basilikum-Extrakt (Tulsi-Extrakt) (Bl\u00e4tter) (Ocimum tenuiflorum) (mind. 2 % Ursols\u00e4ure)<\/td>\n<td>100 mg (\u2020)<\/td>\n<\/tr>\n<tr>\n<td>Baldrian (Valeriana officinalis) (Wurzel) (4:1-Konzentrat)<\/td>\n<td>50 mg (\u2020)<\/td>\n<\/tr>\n<tr>\n<td>5-HTP (5-Hydroxytryptophan) (Griffonia simplicifolia) (Samen)<\/td>\n<td>20 mg (\u2020)<\/td>\n<\/tr>\n<tr>\n<td>GABA (Gamma-Aminobutters\u00e4ure) (freie Form)<\/td>\n<td>250 mg (\u2020)<\/td>\n<\/tr>\n<tr>\n<td>Taurin (freie Form)<\/td>\n<td>125 mg (\u2020)<\/td>\n<\/tr>\n<tr>\n<td>L-Theanine (Suntheanine\u00ae)<\/td>\n<td>50 mg (\u2020)<\/td>\n<\/tr>\n<\/tbody>\n<\/table>\n<p class=\"chcg-footnote\">\u2020 Kein festgelegter Tagesreferenzwert (NRV).<\/p>\n<\/p><\/div>\n<div class=\"chcg-ingredients\">\n<h3>Zutaten<\/h3>\n<p>Thiamin (aus Thiamin HCl) (Vitamin B-1) 2 mg, Niacin (als Niacinamid) (Vitamin B-3) 25 mg, Vitamin B-6 (aus Pyridoxin HCl) 10 mg, Folat 667 mcg DFE (400 mcg Fols\u00e4ure), Vitamin B-12 (als Cyanocobalamin) 200 mcg, Pantothens\u00e4ure (aus D-Calcium-Pantothenat) 50 mg, Magnesium (aus Magnesiumoxid) 50 mg, Zink (aus Zink-L-Methionin) 5 mg, Mangan (aus Mangan-Aminos\u00e4urechelat) 2 mg, Johanniskraut-Extrakt (Hypericum perforatum) (Kraut) (mind. 0,3 % Hypericin) 450 mg, Heiliges Basilikum-Extrakt (Tulsi-Extrakt) (Bl\u00e4tter) (Ocimum tenuiflorum) (mind. 2 % Ursols\u00e4ure) 100 mg, Baldrian (Valeriana officinalis) (Wurzel) (4:1-Konzentrat) 50 mg, 5-HTP (5-Hydroxytryptophan) (Griffonia simplicifolia) (Samen) 20 mg, GABA (Gamma-Aminobutters\u00e4ure) (freie Form) 250 mg, Taurin (freie Form) 125 mg, L-Theanine (Suntheanine\u00ae) 50 mg. Weitere Zutaten: Hypromellose (Cellulosekapselh\u00fclle), mikrokristalline Cellulose, Stearins\u00e4ure (pflanzlicher Ursprung), Magnesiumstearat (pflanzlicher Ursprung) und Siliziumdioxid.<\/p>\n<p class=\"chcg-capsule-shell\">Kapselh\u00fclle: Hypromellose (Cellulosekapselh\u00fclle)<\/p>\n<\/p><\/div>\n<div class=\"chcg-dosage\">\n<h3>Verzehrempfehlung<\/h3>\n<p>T\u00e4glich 2 Kapseln einnehmen, vorzugsweise zu einer Mahlzeit. Portionsgr\u00f6sse: 2 vegane Kapseln. Portionen pro Packung: 45.<\/p>\n<\/p><\/div>\n<div class=\"chcg-warnings\">\n<h3>Warnhinweise<\/h3>\n<p>Nur f\u00fcr Erwachsene. Die empfohlene Tagesdosis nicht \u00fcberschreiten, sofern nicht von einer medizinischen Fachperson empfohlen. H\u00f6here Mengen k\u00f6nnen bei starker Sonneneinstrahlung oder Solarienbesuchen zu phototoxischen Reaktionen (Hautr\u00f6tungen) f\u00fchren. Johanniskraut ist daf\u00fcr bekannt, Wechselwirkungen mit Antidepressiva, oralen Kontrazeptiva, Immunsuppressiva, Antikoagulanzien, Antiepileptika, Chemotherapeutika sowie anderen verschreibungspflichtigen und rezeptfreien Medikamenten einzugehen. Dieses Produkt nicht zusammen mit Medikamenten oder bei einem bestehenden Gesundheitszustand einnehmen, ohne zuvor \u00e4rztlichen Rat eingeholt zu haben. Nicht geeignet f\u00fcr Schwangere oder stillende Frauen. Kann Schl\u00e4frigkeit verursachen. Dieses Produkt nicht zusammen mit alkoholischen Getr\u00e4nken einnehmen oder beim Bedienen schwerer Maschinen verwenden. Ausserhalb der Reichweite von Kindern aufbewahren.<\/p>\n<\/p><\/div>\n<div class=\"chcg-allergens\">\n<h3>Allergeninformationen<\/h3>\n<p>Nicht hergestellt mit Weizen, Gluten, Soja, Milch, Ei, Fisch, Meeresfr\u00fcchten oder Baumn\u00fcssen als Zutaten. Hergestellt in einem GMP-zertifizierten Betrieb, der auch andere Zutaten verarbeitet, welche diese Allergene enthalten.<\/p>\n<\/p><\/div>\n<div class=\"chcg-storage\">\n<h3>Lagerung<\/h3>\n<p>Nach dem \u00d6ffnen an einem k\u00fchlen, trockenen Ort aufbewahren.<\/p>\n<\/p><\/div>\n<div class=\"chcg-dietary\">\n<h3>Ern\u00e4hrungshinweise<\/h3>\n<ul>\n<li>Vegan<\/li>\n<li>Vegetarisch<\/li>\n<li>Glutenfrei<\/li>\n<li>Laktosefrei<\/li>\n<\/ul><\/div>\n<\/div>\n","protected":false},"excerpt":{"rendered":"<p>NOW Mood Support vereint B-Vitamine, Mineralstoffe sowie pflanzliche Extrakte wie Johanniskraut und Baldrian in einer Formel. 90 vegane Kapseln (45 Portionen) \u2013 vegan, glutenfrei und ohne Soja oder Milch hergestellt.<\/p>\n","protected":false},"featured_media":5600,"comment_status":"closed","ping_status":"open","template":"","meta":[],"product_brand":[464],"product_cat":[48,25,22],"product_tag":[],"class_list":{"0":"post-5599","1":"product","2":"type-product","3":"status-publish","4":"has-post-thumbnail","6":"product_brand-now","7":"product_cat-gesunde-ernaehrung","8":"product_cat-gesundheit-und-wohlbefinden","9":"product_cat-vegane-produkte","11":"first","12":"outofstock","13":"taxable","14":"shipping-taxable","15":"purchasable","16":"product-type-simple"},"yoast_head":"<!-- This site is optimized with the Yoast SEO plugin v27.5 - https:\/\/yoast.com\/product\/yoast-seo-wordpress\/ -->\n<title>NOW Mood Support 90 Vegane Kapseln | ecosupplements.ch<\/title>\n<meta name=\"description\" content=\"NOW Mood Support mit B-Vitaminen, Johanniskraut &amp; L-Theanine \u2013 90 vegane Kapseln f\u00fcr 45 Portionen. Jetzt bestellen.\" \/>\n<meta name=\"robots\" content=\"index, follow, max-snippet:-1, max-image-preview:large, max-video-preview:-1\" \/>\n<link rel=\"canonical\" href=\"https:\/\/ecosupplements.ch\/?product=now-mood-support-90-veg-capsules\" \/>\n<meta property=\"og:locale\" content=\"de_DE\" \/>\n<meta property=\"og:type\" content=\"article\" \/>\n<meta property=\"og:title\" content=\"NOW Mood Support 90 Vegane Kapseln | ecosupplements.ch\" \/>\n<meta property=\"og:description\" content=\"NOW Mood Support mit B-Vitaminen, Johanniskraut &amp; L-Theanine \u2013 90 vegane Kapseln f\u00fcr 45 Portionen. Jetzt bestellen.\" \/>\n<meta property=\"og:url\" content=\"https:\/\/ecosupplements.ch\/?product=now-mood-support-90-veg-capsules\" \/>\n<meta property=\"og:site_name\" content=\"Eco Supplements\" \/>\n<meta property=\"article:modified_time\" content=\"2026-05-13T07:22:39+00:00\" \/>\n<meta property=\"og:image\" content=\"https:\/\/ecosupplements.ch\/wp-content\/uploads\/2026\/05\/NOW-Mood-Support-90-Veg-Capsules.webp\" \/>\n\t<meta property=\"og:image:width\" content=\"1000\" \/>\n\t<meta property=\"og:image:height\" content=\"1000\" \/>\n\t<meta property=\"og:image:type\" content=\"image\/jpeg\" \/>\n<meta name=\"twitter:card\" content=\"summary_large_image\" \/>\n<meta name=\"twitter:label1\" content=\"Price\" \/>\n\t<meta name=\"twitter:data1\" content=\"&#067;&#072;&#070;&nbsp;16.79\" \/>\n\t<meta name=\"twitter:label2\" content=\"Availability\" \/>\n\t<meta name=\"twitter:data2\" content=\"Out of stock\" \/>\n<script type=\"application\/ld+json\" class=\"yoast-schema-graph\">{\"@context\":\"https:\\\/\\\/schema.org\",\"@graph\":[{\"@type\":\"WebPage\",\"@id\":\"https:\\\/\\\/ecosupplements.ch\\\/?product=now-mood-support-90-veg-capsules\",\"url\":\"https:\\\/\\\/ecosupplements.ch\\\/?product=now-mood-support-90-veg-capsules\",\"name\":\"NOW Mood Support 90 Vegane Kapseln | ecosupplements.ch\",\"isPartOf\":{\"@id\":\"https:\\\/\\\/ecosupplements.ch\\\/#website\"},\"primaryImageOfPage\":{\"@id\":\"https:\\\/\\\/ecosupplements.ch\\\/?product=now-mood-support-90-veg-capsules#primaryimage\"},\"image\":{\"@id\":\"https:\\\/\\\/ecosupplements.ch\\\/?product=now-mood-support-90-veg-capsules#primaryimage\"},\"thumbnailUrl\":\"https:\\\/\\\/ecosupplements.ch\\\/wp-content\\\/uploads\\\/2026\\\/05\\\/NOW-Mood-Support-90-Veg-Capsules.webp\",\"datePublished\":\"2026-05-11T15:08:01+00:00\",\"dateModified\":\"2026-05-13T07:22:39+00:00\",\"description\":\"NOW Mood Support mit B-Vitaminen, Johanniskraut & L-Theanine \u2013 90 vegane Kapseln f\u00fcr 45 Portionen. Jetzt bestellen.\",\"breadcrumb\":{\"@id\":\"https:\\\/\\\/ecosupplements.ch\\\/?product=now-mood-support-90-veg-capsules#breadcrumb\"},\"inLanguage\":\"de-CH\",\"potentialAction\":[{\"@type\":\"ReadAction\",\"target\":[\"https:\\\/\\\/ecosupplements.ch\\\/?product=now-mood-support-90-veg-capsules\"]}]},{\"@type\":\"ImageObject\",\"inLanguage\":\"de-CH\",\"@id\":\"https:\\\/\\\/ecosupplements.ch\\\/?product=now-mood-support-90-veg-capsules#primaryimage\",\"url\":\"https:\\\/\\\/ecosupplements.ch\\\/wp-content\\\/uploads\\\/2026\\\/05\\\/NOW-Mood-Support-90-Veg-Capsules.webp\",\"contentUrl\":\"https:\\\/\\\/ecosupplements.ch\\\/wp-content\\\/uploads\\\/2026\\\/05\\\/NOW-Mood-Support-90-Veg-Capsules.webp\",\"width\":1000,\"height\":1000,\"caption\":\"NOW Mood Support (90 Veg Capsules)\"},{\"@type\":\"BreadcrumbList\",\"@id\":\"https:\\\/\\\/ecosupplements.ch\\\/?product=now-mood-support-90-veg-capsules#breadcrumb\",\"itemListElement\":[{\"@type\":\"ListItem\",\"position\":1,\"name\":\"Home\",\"item\":\"https:\\\/\\\/ecosupplements.ch\\\/\"},{\"@type\":\"ListItem\",\"position\":2,\"name\":\"Shop\",\"item\":\"https:\\\/\\\/ecosupplements.ch\\\/?page_id=14\"},{\"@type\":\"ListItem\",\"position\":3,\"name\":\"NOW Mood Support (90 Veg Capsules)\"}]},{\"@type\":\"WebSite\",\"@id\":\"https:\\\/\\\/ecosupplements.ch\\\/#website\",\"url\":\"https:\\\/\\\/ecosupplements.ch\\\/\",\"name\":\"Eco Supplements\",\"description\":\"\",\"potentialAction\":[{\"@type\":\"SearchAction\",\"target\":{\"@type\":\"EntryPoint\",\"urlTemplate\":\"https:\\\/\\\/ecosupplements.ch\\\/?s={search_term_string}\"},\"query-input\":{\"@type\":\"PropertyValueSpecification\",\"valueRequired\":true,\"valueName\":\"search_term_string\"}}],\"inLanguage\":\"de-CH\"}]}<\/script>\n<meta property=\"product:price:amount\" content=\"16.79\" \/>\n<meta property=\"product:price:currency\" content=\"CHF\" \/>\n<meta property=\"og:availability\" content=\"out of stock\" \/>\n<meta property=\"product:availability\" content=\"out of stock\" \/>\n<meta property=\"product:retailer_item_id\" content=\"733739033512\" \/>\n<meta property=\"product:condition\" content=\"new\" \/>\n<!-- \/ Yoast SEO plugin. -->","yoast_head_json":{"title":"NOW Mood Support 90 Vegane Kapseln | ecosupplements.ch","description":"NOW Mood Support mit B-Vitaminen, Johanniskraut & L-Theanine \u2013 90 vegane Kapseln f\u00fcr 45 Portionen. Jetzt bestellen.","robots":{"index":"index","follow":"follow","max-snippet":"max-snippet:-1","max-image-preview":"max-image-preview:large","max-video-preview":"max-video-preview:-1"},"canonical":"https:\/\/ecosupplements.ch\/?product=now-mood-support-90-veg-capsules","og_locale":"de_DE","og_type":"article","og_title":"NOW Mood Support 90 Vegane Kapseln | ecosupplements.ch","og_description":"NOW Mood Support mit B-Vitaminen, Johanniskraut & L-Theanine \u2013 90 vegane Kapseln f\u00fcr 45 Portionen. Jetzt bestellen.","og_url":"https:\/\/ecosupplements.ch\/?product=now-mood-support-90-veg-capsules","og_site_name":"Eco Supplements","article_modified_time":"2026-05-13T07:22:39+00:00","og_image":[{"width":1000,"height":1000,"url":"https:\/\/ecosupplements.ch\/wp-content\/uploads\/2026\/05\/NOW-Mood-Support-90-Veg-Capsules.webp","type":"image\/jpeg"}],"twitter_card":"summary_large_image","twitter_misc":{"Price":"&#67;&#72;&#70;&nbsp;16.79","Availability":"Out of stock"},"schema":{"@context":"https:\/\/schema.org","@graph":[{"@type":"WebPage","@id":"https:\/\/ecosupplements.ch\/?product=now-mood-support-90-veg-capsules","url":"https:\/\/ecosupplements.ch\/?product=now-mood-support-90-veg-capsules","name":"NOW Mood Support 90 Vegane Kapseln | ecosupplements.ch","isPartOf":{"@id":"https:\/\/ecosupplements.ch\/#website"},"primaryImageOfPage":{"@id":"https:\/\/ecosupplements.ch\/?product=now-mood-support-90-veg-capsules#primaryimage"},"image":{"@id":"https:\/\/ecosupplements.ch\/?product=now-mood-support-90-veg-capsules#primaryimage"},"thumbnailUrl":"https:\/\/ecosupplements.ch\/wp-content\/uploads\/2026\/05\/NOW-Mood-Support-90-Veg-Capsules.webp","datePublished":"2026-05-11T15:08:01+00:00","dateModified":"2026-05-13T07:22:39+00:00","description":"NOW Mood Support mit B-Vitaminen, Johanniskraut & L-Theanine \u2013 90 vegane Kapseln f\u00fcr 45 Portionen. Jetzt bestellen.","breadcrumb":{"@id":"https:\/\/ecosupplements.ch\/?product=now-mood-support-90-veg-capsules#breadcrumb"},"inLanguage":"de-CH","potentialAction":[{"@type":"ReadAction","target":["https:\/\/ecosupplements.ch\/?product=now-mood-support-90-veg-capsules"]}]},{"@type":"ImageObject","inLanguage":"de-CH","@id":"https:\/\/ecosupplements.ch\/?product=now-mood-support-90-veg-capsules#primaryimage","url":"https:\/\/ecosupplements.ch\/wp-content\/uploads\/2026\/05\/NOW-Mood-Support-90-Veg-Capsules.webp","contentUrl":"https:\/\/ecosupplements.ch\/wp-content\/uploads\/2026\/05\/NOW-Mood-Support-90-Veg-Capsules.webp","width":1000,"height":1000,"caption":"NOW Mood Support (90 Veg Capsules)"},{"@type":"BreadcrumbList","@id":"https:\/\/ecosupplements.ch\/?product=now-mood-support-90-veg-capsules#breadcrumb","itemListElement":[{"@type":"ListItem","position":1,"name":"Home","item":"https:\/\/ecosupplements.ch\/"},{"@type":"ListItem","position":2,"name":"Shop","item":"https:\/\/ecosupplements.ch\/?page_id=14"},{"@type":"ListItem","position":3,"name":"NOW Mood Support (90 Veg Capsules)"}]},{"@type":"WebSite","@id":"https:\/\/ecosupplements.ch\/#website","url":"https:\/\/ecosupplements.ch\/","name":"Eco Supplements","description":"","potentialAction":[{"@type":"SearchAction","target":{"@type":"EntryPoint","urlTemplate":"https:\/\/ecosupplements.ch\/?s={search_term_string}"},"query-input":{"@type":"PropertyValueSpecification","valueRequired":true,"valueName":"search_term_string"}}],"inLanguage":"de-CH"}]},"product_price_amount":"16.79","product_price_currency":"CHF","og_availability":"out of stock","product_availability":"out of stock","product_retailer_item_id":"733739033512","product_condition":"new"},"_links":{"self":[{"href":"https:\/\/ecosupplements.ch\/index.php?rest_route=\/wp\/v2\/product\/5599","targetHints":{"allow":["GET"]}}],"collection":[{"href":"https:\/\/ecosupplements.ch\/index.php?rest_route=\/wp\/v2\/product"}],"about":[{"href":"https:\/\/ecosupplements.ch\/index.php?rest_route=\/wp\/v2\/types\/product"}],"replies":[{"embeddable":true,"href":"https:\/\/ecosupplements.ch\/index.php?rest_route=%2Fwp%2Fv2%2Fcomments&post=5599"}],"wp:featuredmedia":[{"embeddable":true,"href":"https:\/\/ecosupplements.ch\/index.php?rest_route=\/wp\/v2\/media\/5600"}],"wp:attachment":[{"href":"https:\/\/ecosupplements.ch\/index.php?rest_route=%2Fwp%2Fv2%2Fmedia&parent=5599"}],"wp:term":[{"taxonomy":"product_brand","embeddable":true,"href":"https:\/\/ecosupplements.ch\/index.php?rest_route=%2Fwp%2Fv2%2Fproduct_brand&post=5599"},{"taxonomy":"product_cat","embeddable":true,"href":"https:\/\/ecosupplements.ch\/index.php?rest_route=%2Fwp%2Fv2%2Fproduct_cat&post=5599"},{"taxonomy":"product_tag","embeddable":true,"href":"https:\/\/ecosupplements.ch\/index.php?rest_route=%2Fwp%2Fv2%2Fproduct_tag&post=5599"}],"curies":[{"name":"wp","href":"https:\/\/api.w.org\/{rel}","templated":true}]}}