{"id":5710,"date":"2026-05-11T15:08:58","date_gmt":"2026-05-11T15:08:58","guid":{"rendered":"https:\/\/ecosupplements.ch\/?product=natural-factors-vitamin-kd-120-mcg-1000-iu-120-softgels"},"modified":"2026-05-13T07:27:12","modified_gmt":"2026-05-13T07:27:12","slug":"natural-factors-vitamin-kd-120-mcg-1000-iu-120-softgels","status":"publish","type":"product","link":"https:\/\/ecosupplements.ch\/?product=natural-factors-vitamin-kd-120-mcg-1000-iu-120-softgels","title":{"rendered":"Natural Factors Vitamin K+D 120 mcg &amp; 1000 IU (120 Softgels)"},"content":{"rendered":"<div class=\"chcg-product-description\">\n<h2 class=\"chcg-heading\">\u00dcber Natural Factors \u2013 Vitamin K+D 120 mcg &amp; 1000 IU (120 Softgels)<\/h2>\n<div class=\"chcg-intro\">\n<p>Vitamin K2 (MK-7) und Vitamin D3 sind zwei N\u00e4hrstoffe, die im K\u00f6rper eng zusammenwirken. W\u00e4hrend Vitamin D3 die Aufnahme von Calcium aus der Nahrung unterst\u00fctzt, tr\u00e4gt Vitamin K2 dazu bei, dass Calcium gezielt dorthin gelangt, wo es gebraucht wird. Diese Kombination aus 120 mcg MK-7 und 1000 IU Cholecalciferol pro Softgel bietet eine sorgf\u00e4ltig abgestimmte Versorgung mit beiden N\u00e4hrstoffen in einer einzigen, praktischen Kapsel.<\/p>\n<p>Das Vitamin K2 in diesem Produkt wird aus Natto-Bohnen gewonnen und liegt in der besonders bioverf\u00fcgbaren MK-7-Form vor. Vitamin D3 (Cholecalciferol) ist die naturidentische Form, die der K\u00f6rper auch durch Sonnenlicht selbst bildet. Beide Wirkstoffe sind in einem Medium-Chain-Triglyceride-\u00d6l gel\u00f6st, was ihre Aufnahme als fettl\u00f6sliche Vitamine zus\u00e4tzlich beg\u00fcnstigt.<\/p>\n<p>Natural Factors steht seit Jahrzehnten f\u00fcr hochwertige Nahrungserg\u00e4nzungsmittel nach strengen Qualit\u00e4tsstandards. Die Softgels sind glutenfrei und laktosefrei \u2013 ideal f\u00fcr eine Vielzahl von Ern\u00e4hrungsweisen. Mit 120 Softgels pro Packung deckt dieses Produkt bei t\u00e4glicher Einnahme eine volle Versorgung von vier Monaten ab.<\/p>\n<\/p><\/div>\n<div class=\"chcg-nutrition\">\n<h3>N\u00e4hrwertangaben<\/h3>\n<table class=\"chcg-nutrition-table\">\n<thead>\n<tr>\n<th>N\u00e4hrstoff<\/th>\n<th>Pro Portion (1 Softgel)<\/th>\n<\/tr>\n<\/thead>\n<tbody>\n<tr>\n<td>Vitamin K2 (Menachinon, MK-7, aus Natto-Bohne)<\/td>\n<td>120 mcg<\/td>\n<\/tr>\n<tr>\n<td>Vitamin D3 (Cholecalciferol)<\/td>\n<td>25 mcg (1000 IU)<\/td>\n<\/tr>\n<\/tbody>\n<\/table><\/div>\n<div class=\"chcg-ingredients\">\n<h3>Zutaten<\/h3>\n<p>Wirkstoffe (pro Softgel): Vitamin K2 (Menachinon) (MK-7) (Natto-Bohne) 120 mcg, Vitamin D3 (Cholecalciferol) (Lanolin) 25 mcg (1000 IU). Sonstige Zutaten: Mittelkettige Triglyceride, gelbes Bienenwachs, Lecithin.<\/p>\n<p class=\"chcg-capsule-shell\">Kapselh\u00fclle: Softgel (Gelatine, Glycerin, gereinigtes Wasser, Karamell, Titandioxid)<\/p>\n<\/p><\/div>\n<div class=\"chcg-dosage\">\n<h3>Verzehrempfehlung<\/h3>\n<p>Empfohlene Tagesdosis f\u00fcr Erwachsene: 1 Softgel t\u00e4glich oder gem\u00e4ss Anweisung einer Fachperson f\u00fcr Gesundheitspflege.<\/p>\n<\/p><\/div>\n<div class=\"chcg-warnings\">\n<h3>Warnhinweise<\/h3>\n<p>Konsultieren Sie vor der Einnahme eine Fachperson f\u00fcr Gesundheitspflege, wenn Sie schwanger sind, stillen oder Blutverd\u00fcnner einnehmen. Ausserhalb der Reichweite von Kindern aufbewahren. Sicherheitsversiegelt mit bedrucktem Innensiegel. Nicht verwenden, wenn das Siegel besch\u00e4digt oder fehlend ist.<\/p>\n<\/p><\/div>\n<div class=\"chcg-allergens\">\n<h3>Allergeninformationen<\/h3>\n<p>Enth\u00e4lt keine k\u00fcnstlichen Farbstoffe, Konservierungsstoffe oder S\u00fcssungsmittel; keine Milchprodukte, Zucker, Weizen, Gluten, Hefe, Ei, Fisch, Schalentiere, Salz, Baumn\u00fcsse oder GVO.<\/p>\n<\/p><\/div>\n<div class=\"chcg-storage\">\n<h3>Lagerung<\/h3>\n<p>Beh\u00e4lter fest verschlossen halten. Bei Raumtemperatur und vor direktem Sonnenlicht gesch\u00fctzt lagern.<\/p>\n<\/p><\/div>\n<div class=\"chcg-dietary\">\n<h3>Ern\u00e4hrungshinweise<\/h3>\n<ul>\n<li>Glutenfrei<\/li>\n<li>Laktosefrei<\/li>\n<\/ul><\/div>\n<\/div>\n","protected":false},"excerpt":{"rendered":"<p>Natural Factors Vitamin K+D liefert 120 mcg MK-7 und 1000 IU Vitamin D3 pro Softgel \u2013 zwei fettl\u00f6sliche Vitamine in praktischer Kombination. Glutenfrei und laktosefrei, 120 Softgels pro Packung.<\/p>\n","protected":false},"featured_media":5711,"comment_status":"closed","ping_status":"open","template":"","meta":[],"product_brand":[296],"product_cat":[20],"product_tag":[],"class_list":{"0":"post-5710","1":"product","2":"type-product","3":"status-publish","4":"has-post-thumbnail","6":"product_brand-natural-factors","7":"product_cat-neue-produkte","9":"first","10":"outofstock","11":"taxable","12":"shipping-taxable","13":"purchasable","14":"product-type-simple"},"yoast_head":"<!-- This site is optimized with the Yoast SEO plugin v27.5 - https:\/\/yoast.com\/product\/yoast-seo-wordpress\/ -->\n<title>Natural Factors Vitamin K+D 120 mcg &amp; 1000 IU | ecosupplements.ch<\/title>\n<meta name=\"description\" content=\"Vitamin K2 (MK-7) und D3 in einer Softgel-Kapsel \u2013 120 mcg &amp; 1000 IU, 120 St\u00fcck, glutenfrei. Jetzt bestellen.\" \/>\n<meta name=\"robots\" content=\"index, follow, max-snippet:-1, max-image-preview:large, max-video-preview:-1\" \/>\n<link rel=\"canonical\" href=\"https:\/\/ecosupplements.ch\/?product=natural-factors-vitamin-kd-120-mcg-1000-iu-120-softgels\" \/>\n<meta property=\"og:locale\" content=\"de_DE\" \/>\n<meta property=\"og:type\" content=\"article\" \/>\n<meta property=\"og:title\" content=\"Natural Factors Vitamin K+D 120 mcg &amp; 1000 IU | ecosupplements.ch\" \/>\n<meta property=\"og:description\" content=\"Vitamin K2 (MK-7) und D3 in einer Softgel-Kapsel \u2013 120 mcg &amp; 1000 IU, 120 St\u00fcck, glutenfrei. Jetzt bestellen.\" \/>\n<meta property=\"og:url\" content=\"https:\/\/ecosupplements.ch\/?product=natural-factors-vitamin-kd-120-mcg-1000-iu-120-softgels\" \/>\n<meta property=\"og:site_name\" content=\"Eco Supplements\" \/>\n<meta property=\"article:modified_time\" content=\"2026-05-13T07:27:12+00:00\" \/>\n<meta property=\"og:image\" content=\"https:\/\/ecosupplements.ch\/wp-content\/uploads\/2026\/05\/Natural-Factors-Vitamin-KD-120-mcg-1000-IU-120-Softgels.webp\" \/>\n\t<meta property=\"og:image:width\" content=\"1000\" \/>\n\t<meta property=\"og:image:height\" content=\"1000\" \/>\n\t<meta property=\"og:image:type\" content=\"image\/jpeg\" \/>\n<meta name=\"twitter:card\" content=\"summary_large_image\" \/>\n<meta name=\"twitter:label1\" content=\"Price\" \/>\n\t<meta name=\"twitter:data1\" content=\"&#067;&#072;&#070;&nbsp;10.29\" \/>\n\t<meta name=\"twitter:label2\" content=\"Availability\" \/>\n\t<meta name=\"twitter:data2\" content=\"Out of stock\" \/>\n<script type=\"application\/ld+json\" class=\"yoast-schema-graph\">{\"@context\":\"https:\\\/\\\/schema.org\",\"@graph\":[{\"@type\":\"WebPage\",\"@id\":\"https:\\\/\\\/ecosupplements.ch\\\/?product=natural-factors-vitamin-kd-120-mcg-1000-iu-120-softgels\",\"url\":\"https:\\\/\\\/ecosupplements.ch\\\/?product=natural-factors-vitamin-kd-120-mcg-1000-iu-120-softgels\",\"name\":\"Natural Factors Vitamin K+D 120 mcg & 1000 IU | ecosupplements.ch\",\"isPartOf\":{\"@id\":\"https:\\\/\\\/ecosupplements.ch\\\/#website\"},\"primaryImageOfPage\":{\"@id\":\"https:\\\/\\\/ecosupplements.ch\\\/?product=natural-factors-vitamin-kd-120-mcg-1000-iu-120-softgels#primaryimage\"},\"image\":{\"@id\":\"https:\\\/\\\/ecosupplements.ch\\\/?product=natural-factors-vitamin-kd-120-mcg-1000-iu-120-softgels#primaryimage\"},\"thumbnailUrl\":\"https:\\\/\\\/ecosupplements.ch\\\/wp-content\\\/uploads\\\/2026\\\/05\\\/Natural-Factors-Vitamin-KD-120-mcg-1000-IU-120-Softgels.webp\",\"datePublished\":\"2026-05-11T15:08:58+00:00\",\"dateModified\":\"2026-05-13T07:27:12+00:00\",\"description\":\"Vitamin K2 (MK-7) und D3 in einer Softgel-Kapsel \u2013 120 mcg & 1000 IU, 120 St\u00fcck, glutenfrei. Jetzt bestellen.\",\"breadcrumb\":{\"@id\":\"https:\\\/\\\/ecosupplements.ch\\\/?product=natural-factors-vitamin-kd-120-mcg-1000-iu-120-softgels#breadcrumb\"},\"inLanguage\":\"de-CH\",\"potentialAction\":[{\"@type\":\"ReadAction\",\"target\":[\"https:\\\/\\\/ecosupplements.ch\\\/?product=natural-factors-vitamin-kd-120-mcg-1000-iu-120-softgels\"]}]},{\"@type\":\"ImageObject\",\"inLanguage\":\"de-CH\",\"@id\":\"https:\\\/\\\/ecosupplements.ch\\\/?product=natural-factors-vitamin-kd-120-mcg-1000-iu-120-softgels#primaryimage\",\"url\":\"https:\\\/\\\/ecosupplements.ch\\\/wp-content\\\/uploads\\\/2026\\\/05\\\/Natural-Factors-Vitamin-KD-120-mcg-1000-IU-120-Softgels.webp\",\"contentUrl\":\"https:\\\/\\\/ecosupplements.ch\\\/wp-content\\\/uploads\\\/2026\\\/05\\\/Natural-Factors-Vitamin-KD-120-mcg-1000-IU-120-Softgels.webp\",\"width\":1000,\"height\":1000,\"caption\":\"Natural Factors Vitamin K+D 120 mcg & 1000 IU (120 Softgels)\"},{\"@type\":\"BreadcrumbList\",\"@id\":\"https:\\\/\\\/ecosupplements.ch\\\/?product=natural-factors-vitamin-kd-120-mcg-1000-iu-120-softgels#breadcrumb\",\"itemListElement\":[{\"@type\":\"ListItem\",\"position\":1,\"name\":\"Home\",\"item\":\"https:\\\/\\\/ecosupplements.ch\\\/\"},{\"@type\":\"ListItem\",\"position\":2,\"name\":\"Shop\",\"item\":\"https:\\\/\\\/ecosupplements.ch\\\/?page_id=14\"},{\"@type\":\"ListItem\",\"position\":3,\"name\":\"Natural Factors Vitamin K+D 120 mcg &amp; 1000 IU (120 Softgels)\"}]},{\"@type\":\"WebSite\",\"@id\":\"https:\\\/\\\/ecosupplements.ch\\\/#website\",\"url\":\"https:\\\/\\\/ecosupplements.ch\\\/\",\"name\":\"Eco Supplements\",\"description\":\"\",\"potentialAction\":[{\"@type\":\"SearchAction\",\"target\":{\"@type\":\"EntryPoint\",\"urlTemplate\":\"https:\\\/\\\/ecosupplements.ch\\\/?s={search_term_string}\"},\"query-input\":{\"@type\":\"PropertyValueSpecification\",\"valueRequired\":true,\"valueName\":\"search_term_string\"}}],\"inLanguage\":\"de-CH\"}]}<\/script>\n<meta property=\"product:price:amount\" content=\"10.29\" \/>\n<meta property=\"product:price:currency\" content=\"CHF\" \/>\n<meta property=\"og:availability\" content=\"out of stock\" \/>\n<meta property=\"product:availability\" content=\"out of stock\" \/>\n<meta property=\"product:retailer_item_id\" content=\"627765012934\" \/>\n<meta property=\"product:condition\" content=\"new\" \/>\n<!-- \/ Yoast SEO plugin. -->","yoast_head_json":{"title":"Natural Factors Vitamin K+D 120 mcg & 1000 IU | ecosupplements.ch","description":"Vitamin K2 (MK-7) und D3 in einer Softgel-Kapsel \u2013 120 mcg & 1000 IU, 120 St\u00fcck, glutenfrei. Jetzt bestellen.","robots":{"index":"index","follow":"follow","max-snippet":"max-snippet:-1","max-image-preview":"max-image-preview:large","max-video-preview":"max-video-preview:-1"},"canonical":"https:\/\/ecosupplements.ch\/?product=natural-factors-vitamin-kd-120-mcg-1000-iu-120-softgels","og_locale":"de_DE","og_type":"article","og_title":"Natural Factors Vitamin K+D 120 mcg & 1000 IU | ecosupplements.ch","og_description":"Vitamin K2 (MK-7) und D3 in einer Softgel-Kapsel \u2013 120 mcg & 1000 IU, 120 St\u00fcck, glutenfrei. Jetzt bestellen.","og_url":"https:\/\/ecosupplements.ch\/?product=natural-factors-vitamin-kd-120-mcg-1000-iu-120-softgels","og_site_name":"Eco Supplements","article_modified_time":"2026-05-13T07:27:12+00:00","og_image":[{"width":1000,"height":1000,"url":"https:\/\/ecosupplements.ch\/wp-content\/uploads\/2026\/05\/Natural-Factors-Vitamin-KD-120-mcg-1000-IU-120-Softgels.webp","type":"image\/jpeg"}],"twitter_card":"summary_large_image","twitter_misc":{"Price":"&#67;&#72;&#70;&nbsp;10.29","Availability":"Out of stock"},"schema":{"@context":"https:\/\/schema.org","@graph":[{"@type":"WebPage","@id":"https:\/\/ecosupplements.ch\/?product=natural-factors-vitamin-kd-120-mcg-1000-iu-120-softgels","url":"https:\/\/ecosupplements.ch\/?product=natural-factors-vitamin-kd-120-mcg-1000-iu-120-softgels","name":"Natural Factors Vitamin K+D 120 mcg & 1000 IU | ecosupplements.ch","isPartOf":{"@id":"https:\/\/ecosupplements.ch\/#website"},"primaryImageOfPage":{"@id":"https:\/\/ecosupplements.ch\/?product=natural-factors-vitamin-kd-120-mcg-1000-iu-120-softgels#primaryimage"},"image":{"@id":"https:\/\/ecosupplements.ch\/?product=natural-factors-vitamin-kd-120-mcg-1000-iu-120-softgels#primaryimage"},"thumbnailUrl":"https:\/\/ecosupplements.ch\/wp-content\/uploads\/2026\/05\/Natural-Factors-Vitamin-KD-120-mcg-1000-IU-120-Softgels.webp","datePublished":"2026-05-11T15:08:58+00:00","dateModified":"2026-05-13T07:27:12+00:00","description":"Vitamin K2 (MK-7) und D3 in einer Softgel-Kapsel \u2013 120 mcg & 1000 IU, 120 St\u00fcck, glutenfrei. Jetzt bestellen.","breadcrumb":{"@id":"https:\/\/ecosupplements.ch\/?product=natural-factors-vitamin-kd-120-mcg-1000-iu-120-softgels#breadcrumb"},"inLanguage":"de-CH","potentialAction":[{"@type":"ReadAction","target":["https:\/\/ecosupplements.ch\/?product=natural-factors-vitamin-kd-120-mcg-1000-iu-120-softgels"]}]},{"@type":"ImageObject","inLanguage":"de-CH","@id":"https:\/\/ecosupplements.ch\/?product=natural-factors-vitamin-kd-120-mcg-1000-iu-120-softgels#primaryimage","url":"https:\/\/ecosupplements.ch\/wp-content\/uploads\/2026\/05\/Natural-Factors-Vitamin-KD-120-mcg-1000-IU-120-Softgels.webp","contentUrl":"https:\/\/ecosupplements.ch\/wp-content\/uploads\/2026\/05\/Natural-Factors-Vitamin-KD-120-mcg-1000-IU-120-Softgels.webp","width":1000,"height":1000,"caption":"Natural Factors Vitamin K+D 120 mcg & 1000 IU (120 Softgels)"},{"@type":"BreadcrumbList","@id":"https:\/\/ecosupplements.ch\/?product=natural-factors-vitamin-kd-120-mcg-1000-iu-120-softgels#breadcrumb","itemListElement":[{"@type":"ListItem","position":1,"name":"Home","item":"https:\/\/ecosupplements.ch\/"},{"@type":"ListItem","position":2,"name":"Shop","item":"https:\/\/ecosupplements.ch\/?page_id=14"},{"@type":"ListItem","position":3,"name":"Natural Factors Vitamin K+D 120 mcg &amp; 1000 IU (120 Softgels)"}]},{"@type":"WebSite","@id":"https:\/\/ecosupplements.ch\/#website","url":"https:\/\/ecosupplements.ch\/","name":"Eco Supplements","description":"","potentialAction":[{"@type":"SearchAction","target":{"@type":"EntryPoint","urlTemplate":"https:\/\/ecosupplements.ch\/?s={search_term_string}"},"query-input":{"@type":"PropertyValueSpecification","valueRequired":true,"valueName":"search_term_string"}}],"inLanguage":"de-CH"}]},"product_price_amount":"10.29","product_price_currency":"CHF","og_availability":"out of stock","product_availability":"out of stock","product_retailer_item_id":"627765012934","product_condition":"new"},"_links":{"self":[{"href":"https:\/\/ecosupplements.ch\/index.php?rest_route=\/wp\/v2\/product\/5710","targetHints":{"allow":["GET"]}}],"collection":[{"href":"https:\/\/ecosupplements.ch\/index.php?rest_route=\/wp\/v2\/product"}],"about":[{"href":"https:\/\/ecosupplements.ch\/index.php?rest_route=\/wp\/v2\/types\/product"}],"replies":[{"embeddable":true,"href":"https:\/\/ecosupplements.ch\/index.php?rest_route=%2Fwp%2Fv2%2Fcomments&post=5710"}],"wp:featuredmedia":[{"embeddable":true,"href":"https:\/\/ecosupplements.ch\/index.php?rest_route=\/wp\/v2\/media\/5711"}],"wp:attachment":[{"href":"https:\/\/ecosupplements.ch\/index.php?rest_route=%2Fwp%2Fv2%2Fmedia&parent=5710"}],"wp:term":[{"taxonomy":"product_brand","embeddable":true,"href":"https:\/\/ecosupplements.ch\/index.php?rest_route=%2Fwp%2Fv2%2Fproduct_brand&post=5710"},{"taxonomy":"product_cat","embeddable":true,"href":"https:\/\/ecosupplements.ch\/index.php?rest_route=%2Fwp%2Fv2%2Fproduct_cat&post=5710"},{"taxonomy":"product_tag","embeddable":true,"href":"https:\/\/ecosupplements.ch\/index.php?rest_route=%2Fwp%2Fv2%2Fproduct_tag&post=5710"}],"curies":[{"name":"wp","href":"https:\/\/api.w.org\/{rel}","templated":true}]}}