{"id":5800,"date":"2026-05-11T15:09:44","date_gmt":"2026-05-11T15:09:44","guid":{"rendered":"https:\/\/ecosupplements.ch\/?product=nutricost-vitamin-b2-riboflavin-400-mg-30-capsules"},"modified":"2026-05-13T07:29:35","modified_gmt":"2026-05-13T07:29:35","slug":"nutricost-vitamin-b2-riboflavin-400-mg-30-capsules","status":"publish","type":"product","link":"https:\/\/ecosupplements.ch\/?product=nutricost-vitamin-b2-riboflavin-400-mg-30-capsules","title":{"rendered":"Nutricost Vitamin B2 Riboflavin 400 mg (30 Capsules)"},"content":{"rendered":"<div class=\"chcg-product-description\">\n<h2 class=\"chcg-heading\">\u00dcber Nutricost \u2013 Vitamin B2 Riboflavin 400 mg (30 Kapseln)<\/h2>\n<div class=\"chcg-intro\">\n<p>Riboflavin (Vitamin B2) ist ein wasserl\u00f6sliches B-Vitamin, das eine zentrale Rolle im Energiestoffwechsel des K\u00f6rpers spielt. Es tr\u00e4gt zur Verringerung von M\u00fcdigkeit und Ersch\u00f6pfung bei und unterst\u00fctzt die normale Funktion des Nervensystems sowie die Erhaltung normaler Schleimh\u00e4ute.<\/p>\n<p>Nutricost Vitamin B2 Riboflavin 400 mg liefert pro Kapsel eine klar definierte Menge Riboflavin in reiner Form \u2013 ohne unn\u00f6tige Zusatzstoffe. Das Produkt eignet sich f\u00fcr Personen, die ihren Riboflavin-Bedarf gezielt erg\u00e4nzen m\u00f6chten.<\/p>\n<p>Jede Packung enth\u00e4lt 30 Kapseln, was einem Monatsbedarf bei einmal t\u00e4glicher Einnahme entspricht. Die Kapseln lassen sich einfach in den Alltag integrieren.<\/p>\n<\/p><\/div>\n<div class=\"chcg-nutrition\">\n<h3>N\u00e4hrwertangaben<\/h3>\n<table class=\"chcg-nutrition-table\">\n<thead>\n<tr>\n<th>N\u00e4hrstoff<\/th>\n<th>Pro Portion (1 Kapsel)<\/th>\n<\/tr>\n<\/thead>\n<tbody>\n<tr>\n<td>Vitamin B2 (Riboflavin)<\/td>\n<td>400 mg (30&#8217;769 % des Tagesbedarfs)<\/td>\n<\/tr>\n<\/tbody>\n<\/table><\/div>\n<div class=\"chcg-ingredients\">\n<h3>Zutaten<\/h3>\n<p>Vitamin B2 (Riboflavin), Reismehl, Gelatinekapsel, Magnesiumstearat (pflanzliche Quelle), Siliziumdioxid, Stearins\u00e4ure (pflanzliche Quelle).<\/p>\n<p class=\"chcg-capsule-shell\">Kapselh\u00fclle: Gelatinekapsel<\/p>\n<\/p><\/div>\n<div class=\"chcg-dosage\">\n<h3>Verzehrempfehlung<\/h3>\n<p>Als Nahrungserg\u00e4nzungsmittel t\u00e4glich 1 Kapsel mit 240\u2013360 ml Wasser einnehmen oder gem\u00e4ss Anweisung einer Fachperson aus dem Gesundheitsbereich.<\/p>\n<\/p><\/div>\n<div class=\"chcg-warnings\">\n<h3>Warnhinweise<\/h3>\n<p>Nur f\u00fcr gesunde Personen ab 18 Jahren. Vor der Einnahme ist eine Fachperson aus dem Gesundheitsbereich zu konsultieren, wenn Sie schwanger sind oder stillen, Medikamente einnehmen oder an einer Erkrankung leiden. Ausserhalb der Reichweite von Kindern aufbewahren. Nicht verwenden, wenn das Sicherheitssiegel besch\u00e4digt oder nicht vorhanden ist. Hohe Dosen k\u00f6nnen folgende Beschwerden verursachen: Juckreiz, Taubheitsgef\u00fchl, Brennen oder Kribbeln, gelben oder orangen Urin und\/oder Lichtempfindlichkeit. Diese Aussagen wurden nicht von der FDA bewertet. Dieses Produkt ist nicht dazu bestimmt, Krankheiten zu diagnostizieren, zu behandeln, zu heilen oder zu verhindern.<\/p>\n<\/p><\/div>\n<div class=\"chcg-allergens\">\n<h3>Allergeninformationen<\/h3>\n<p>Enth\u00e4lt keinen der 8 grossen Nahrungsmittelallergene, darunter Milch, Eier, Fisch, Krebstiere und Schalentiere, Baumn\u00fcsse, Erdn\u00fcsse, Weizen und Soja.<\/p>\n<\/p><\/div>\n<div class=\"chcg-storage\">\n<h3>Lagerung<\/h3>\n<p>An einem k\u00fchlen, trockenen Ort lagern.<\/p>\n<\/p><\/div>\n<div class=\"chcg-dietary\">\n<h3>Ern\u00e4hrungshinweise<\/h3>\n<ul>\n<li>Glutenfrei<\/li>\n<li>Laktosefrei<\/li>\n<\/ul><\/div>\n<\/div>\n","protected":false},"excerpt":{"rendered":"<p>Nutricost Vitamin B2 Riboflavin 400 mg unterst\u00fctzt den Energiestoffwechsel und tr\u00e4gt zur Verringerung von M\u00fcdigkeit bei. Erh\u00e4ltlich als praktische Kapseln, 30 St\u00fcck pro Packung. Glutenfrei und laktosefrei.<\/p>\n","protected":false},"featured_media":5801,"comment_status":"closed","ping_status":"open","template":"","meta":[],"product_brand":[294],"product_cat":[123,27,28,21],"product_tag":[],"class_list":{"0":"post-5800","1":"product","2":"type-product","3":"status-publish","4":"has-post-thumbnail","6":"product_brand-nutricost","7":"product_cat-b2","8":"product_cat-einige-vitamine","9":"product_cat-vitamin-b","10":"product_cat-vitamine-und-mineralstoffe","12":"first","13":"outofstock","14":"taxable","15":"shipping-taxable","16":"purchasable","17":"product-type-simple"},"yoast_head":"<!-- This site is optimized with the Yoast SEO plugin v27.5 - https:\/\/yoast.com\/product\/yoast-seo-wordpress\/ -->\n<title>Vitamin B2 Riboflavin 400 mg \u2013 Nutricost | ecosupplements.ch<\/title>\n<meta name=\"description\" content=\"Nutricost Vitamin B2 Riboflavin 400 mg \u2013 30 Kapseln f\u00fcr den t\u00e4glichen Energiestoffwechsel. Glutenfrei und laktosefrei. Jetzt bestellen.\" \/>\n<meta name=\"robots\" content=\"index, follow, max-snippet:-1, max-image-preview:large, max-video-preview:-1\" \/>\n<link rel=\"canonical\" href=\"https:\/\/ecosupplements.ch\/?product=nutricost-vitamin-b2-riboflavin-400-mg-30-capsules\" \/>\n<meta property=\"og:locale\" content=\"de_DE\" \/>\n<meta property=\"og:type\" content=\"article\" \/>\n<meta property=\"og:title\" content=\"Vitamin B2 Riboflavin 400 mg \u2013 Nutricost | ecosupplements.ch\" \/>\n<meta property=\"og:description\" content=\"Nutricost Vitamin B2 Riboflavin 400 mg \u2013 30 Kapseln f\u00fcr den t\u00e4glichen Energiestoffwechsel. Glutenfrei und laktosefrei. Jetzt bestellen.\" \/>\n<meta property=\"og:url\" content=\"https:\/\/ecosupplements.ch\/?product=nutricost-vitamin-b2-riboflavin-400-mg-30-capsules\" \/>\n<meta property=\"og:site_name\" content=\"Eco Supplements\" \/>\n<meta property=\"article:modified_time\" content=\"2026-05-13T07:29:35+00:00\" \/>\n<meta property=\"og:image\" content=\"https:\/\/ecosupplements.ch\/wp-content\/uploads\/2026\/05\/Nutricost-Vitamin-B2-Riboflavin-400-mg-30-Capsules.webp\" \/>\n\t<meta property=\"og:image:width\" content=\"1000\" \/>\n\t<meta property=\"og:image:height\" content=\"1000\" \/>\n\t<meta property=\"og:image:type\" content=\"image\/jpeg\" \/>\n<meta name=\"twitter:card\" content=\"summary_large_image\" \/>\n<meta name=\"twitter:label1\" content=\"Price\" \/>\n\t<meta name=\"twitter:data1\" content=\"&#067;&#072;&#070;&nbsp;6.02\" \/>\n\t<meta name=\"twitter:label2\" content=\"Availability\" \/>\n\t<meta name=\"twitter:data2\" content=\"Out of stock\" \/>\n<script type=\"application\/ld+json\" class=\"yoast-schema-graph\">{\"@context\":\"https:\\\/\\\/schema.org\",\"@graph\":[{\"@type\":\"WebPage\",\"@id\":\"https:\\\/\\\/ecosupplements.ch\\\/?product=nutricost-vitamin-b2-riboflavin-400-mg-30-capsules\",\"url\":\"https:\\\/\\\/ecosupplements.ch\\\/?product=nutricost-vitamin-b2-riboflavin-400-mg-30-capsules\",\"name\":\"Vitamin B2 Riboflavin 400 mg \u2013 Nutricost | ecosupplements.ch\",\"isPartOf\":{\"@id\":\"https:\\\/\\\/ecosupplements.ch\\\/#website\"},\"primaryImageOfPage\":{\"@id\":\"https:\\\/\\\/ecosupplements.ch\\\/?product=nutricost-vitamin-b2-riboflavin-400-mg-30-capsules#primaryimage\"},\"image\":{\"@id\":\"https:\\\/\\\/ecosupplements.ch\\\/?product=nutricost-vitamin-b2-riboflavin-400-mg-30-capsules#primaryimage\"},\"thumbnailUrl\":\"https:\\\/\\\/ecosupplements.ch\\\/wp-content\\\/uploads\\\/2026\\\/05\\\/Nutricost-Vitamin-B2-Riboflavin-400-mg-30-Capsules.webp\",\"datePublished\":\"2026-05-11T15:09:44+00:00\",\"dateModified\":\"2026-05-13T07:29:35+00:00\",\"description\":\"Nutricost Vitamin B2 Riboflavin 400 mg \u2013 30 Kapseln f\u00fcr den t\u00e4glichen Energiestoffwechsel. Glutenfrei und laktosefrei. Jetzt bestellen.\",\"breadcrumb\":{\"@id\":\"https:\\\/\\\/ecosupplements.ch\\\/?product=nutricost-vitamin-b2-riboflavin-400-mg-30-capsules#breadcrumb\"},\"inLanguage\":\"de-CH\",\"potentialAction\":[{\"@type\":\"ReadAction\",\"target\":[\"https:\\\/\\\/ecosupplements.ch\\\/?product=nutricost-vitamin-b2-riboflavin-400-mg-30-capsules\"]}]},{\"@type\":\"ImageObject\",\"inLanguage\":\"de-CH\",\"@id\":\"https:\\\/\\\/ecosupplements.ch\\\/?product=nutricost-vitamin-b2-riboflavin-400-mg-30-capsules#primaryimage\",\"url\":\"https:\\\/\\\/ecosupplements.ch\\\/wp-content\\\/uploads\\\/2026\\\/05\\\/Nutricost-Vitamin-B2-Riboflavin-400-mg-30-Capsules.webp\",\"contentUrl\":\"https:\\\/\\\/ecosupplements.ch\\\/wp-content\\\/uploads\\\/2026\\\/05\\\/Nutricost-Vitamin-B2-Riboflavin-400-mg-30-Capsules.webp\",\"width\":1000,\"height\":1000,\"caption\":\"Nutricost Vitamin B2 Riboflavin 400 mg (30 Capsules)\"},{\"@type\":\"BreadcrumbList\",\"@id\":\"https:\\\/\\\/ecosupplements.ch\\\/?product=nutricost-vitamin-b2-riboflavin-400-mg-30-capsules#breadcrumb\",\"itemListElement\":[{\"@type\":\"ListItem\",\"position\":1,\"name\":\"Home\",\"item\":\"https:\\\/\\\/ecosupplements.ch\\\/\"},{\"@type\":\"ListItem\",\"position\":2,\"name\":\"Shop\",\"item\":\"https:\\\/\\\/ecosupplements.ch\\\/?page_id=14\"},{\"@type\":\"ListItem\",\"position\":3,\"name\":\"Nutricost Vitamin B2 Riboflavin 400 mg (30 Capsules)\"}]},{\"@type\":\"WebSite\",\"@id\":\"https:\\\/\\\/ecosupplements.ch\\\/#website\",\"url\":\"https:\\\/\\\/ecosupplements.ch\\\/\",\"name\":\"Eco Supplements\",\"description\":\"\",\"potentialAction\":[{\"@type\":\"SearchAction\",\"target\":{\"@type\":\"EntryPoint\",\"urlTemplate\":\"https:\\\/\\\/ecosupplements.ch\\\/?s={search_term_string}\"},\"query-input\":{\"@type\":\"PropertyValueSpecification\",\"valueRequired\":true,\"valueName\":\"search_term_string\"}}],\"inLanguage\":\"de-CH\"}]}<\/script>\n<meta property=\"product:price:amount\" content=\"6.02\" \/>\n<meta property=\"product:price:currency\" content=\"CHF\" \/>\n<meta property=\"og:availability\" content=\"out of stock\" \/>\n<meta property=\"product:availability\" content=\"out of stock\" \/>\n<meta property=\"product:retailer_item_id\" content=\"810014677088\" \/>\n<meta property=\"product:condition\" content=\"new\" \/>\n<!-- \/ Yoast SEO plugin. -->","yoast_head_json":{"title":"Vitamin B2 Riboflavin 400 mg \u2013 Nutricost | ecosupplements.ch","description":"Nutricost Vitamin B2 Riboflavin 400 mg \u2013 30 Kapseln f\u00fcr den t\u00e4glichen Energiestoffwechsel. Glutenfrei und laktosefrei. Jetzt bestellen.","robots":{"index":"index","follow":"follow","max-snippet":"max-snippet:-1","max-image-preview":"max-image-preview:large","max-video-preview":"max-video-preview:-1"},"canonical":"https:\/\/ecosupplements.ch\/?product=nutricost-vitamin-b2-riboflavin-400-mg-30-capsules","og_locale":"de_DE","og_type":"article","og_title":"Vitamin B2 Riboflavin 400 mg \u2013 Nutricost | ecosupplements.ch","og_description":"Nutricost Vitamin B2 Riboflavin 400 mg \u2013 30 Kapseln f\u00fcr den t\u00e4glichen Energiestoffwechsel. Glutenfrei und laktosefrei. Jetzt bestellen.","og_url":"https:\/\/ecosupplements.ch\/?product=nutricost-vitamin-b2-riboflavin-400-mg-30-capsules","og_site_name":"Eco Supplements","article_modified_time":"2026-05-13T07:29:35+00:00","og_image":[{"width":1000,"height":1000,"url":"https:\/\/ecosupplements.ch\/wp-content\/uploads\/2026\/05\/Nutricost-Vitamin-B2-Riboflavin-400-mg-30-Capsules.webp","type":"image\/jpeg"}],"twitter_card":"summary_large_image","twitter_misc":{"Price":"&#67;&#72;&#70;&nbsp;6.02","Availability":"Out of stock"},"schema":{"@context":"https:\/\/schema.org","@graph":[{"@type":"WebPage","@id":"https:\/\/ecosupplements.ch\/?product=nutricost-vitamin-b2-riboflavin-400-mg-30-capsules","url":"https:\/\/ecosupplements.ch\/?product=nutricost-vitamin-b2-riboflavin-400-mg-30-capsules","name":"Vitamin B2 Riboflavin 400 mg \u2013 Nutricost | ecosupplements.ch","isPartOf":{"@id":"https:\/\/ecosupplements.ch\/#website"},"primaryImageOfPage":{"@id":"https:\/\/ecosupplements.ch\/?product=nutricost-vitamin-b2-riboflavin-400-mg-30-capsules#primaryimage"},"image":{"@id":"https:\/\/ecosupplements.ch\/?product=nutricost-vitamin-b2-riboflavin-400-mg-30-capsules#primaryimage"},"thumbnailUrl":"https:\/\/ecosupplements.ch\/wp-content\/uploads\/2026\/05\/Nutricost-Vitamin-B2-Riboflavin-400-mg-30-Capsules.webp","datePublished":"2026-05-11T15:09:44+00:00","dateModified":"2026-05-13T07:29:35+00:00","description":"Nutricost Vitamin B2 Riboflavin 400 mg \u2013 30 Kapseln f\u00fcr den t\u00e4glichen Energiestoffwechsel. Glutenfrei und laktosefrei. Jetzt bestellen.","breadcrumb":{"@id":"https:\/\/ecosupplements.ch\/?product=nutricost-vitamin-b2-riboflavin-400-mg-30-capsules#breadcrumb"},"inLanguage":"de-CH","potentialAction":[{"@type":"ReadAction","target":["https:\/\/ecosupplements.ch\/?product=nutricost-vitamin-b2-riboflavin-400-mg-30-capsules"]}]},{"@type":"ImageObject","inLanguage":"de-CH","@id":"https:\/\/ecosupplements.ch\/?product=nutricost-vitamin-b2-riboflavin-400-mg-30-capsules#primaryimage","url":"https:\/\/ecosupplements.ch\/wp-content\/uploads\/2026\/05\/Nutricost-Vitamin-B2-Riboflavin-400-mg-30-Capsules.webp","contentUrl":"https:\/\/ecosupplements.ch\/wp-content\/uploads\/2026\/05\/Nutricost-Vitamin-B2-Riboflavin-400-mg-30-Capsules.webp","width":1000,"height":1000,"caption":"Nutricost Vitamin B2 Riboflavin 400 mg (30 Capsules)"},{"@type":"BreadcrumbList","@id":"https:\/\/ecosupplements.ch\/?product=nutricost-vitamin-b2-riboflavin-400-mg-30-capsules#breadcrumb","itemListElement":[{"@type":"ListItem","position":1,"name":"Home","item":"https:\/\/ecosupplements.ch\/"},{"@type":"ListItem","position":2,"name":"Shop","item":"https:\/\/ecosupplements.ch\/?page_id=14"},{"@type":"ListItem","position":3,"name":"Nutricost Vitamin B2 Riboflavin 400 mg (30 Capsules)"}]},{"@type":"WebSite","@id":"https:\/\/ecosupplements.ch\/#website","url":"https:\/\/ecosupplements.ch\/","name":"Eco Supplements","description":"","potentialAction":[{"@type":"SearchAction","target":{"@type":"EntryPoint","urlTemplate":"https:\/\/ecosupplements.ch\/?s={search_term_string}"},"query-input":{"@type":"PropertyValueSpecification","valueRequired":true,"valueName":"search_term_string"}}],"inLanguage":"de-CH"}]},"product_price_amount":"6.02","product_price_currency":"CHF","og_availability":"out of stock","product_availability":"out of stock","product_retailer_item_id":"810014677088","product_condition":"new"},"_links":{"self":[{"href":"https:\/\/ecosupplements.ch\/index.php?rest_route=\/wp\/v2\/product\/5800","targetHints":{"allow":["GET"]}}],"collection":[{"href":"https:\/\/ecosupplements.ch\/index.php?rest_route=\/wp\/v2\/product"}],"about":[{"href":"https:\/\/ecosupplements.ch\/index.php?rest_route=\/wp\/v2\/types\/product"}],"replies":[{"embeddable":true,"href":"https:\/\/ecosupplements.ch\/index.php?rest_route=%2Fwp%2Fv2%2Fcomments&post=5800"}],"wp:featuredmedia":[{"embeddable":true,"href":"https:\/\/ecosupplements.ch\/index.php?rest_route=\/wp\/v2\/media\/5801"}],"wp:attachment":[{"href":"https:\/\/ecosupplements.ch\/index.php?rest_route=%2Fwp%2Fv2%2Fmedia&parent=5800"}],"wp:term":[{"taxonomy":"product_brand","embeddable":true,"href":"https:\/\/ecosupplements.ch\/index.php?rest_route=%2Fwp%2Fv2%2Fproduct_brand&post=5800"},{"taxonomy":"product_cat","embeddable":true,"href":"https:\/\/ecosupplements.ch\/index.php?rest_route=%2Fwp%2Fv2%2Fproduct_cat&post=5800"},{"taxonomy":"product_tag","embeddable":true,"href":"https:\/\/ecosupplements.ch\/index.php?rest_route=%2Fwp%2Fv2%2Fproduct_tag&post=5800"}],"curies":[{"name":"wp","href":"https:\/\/api.w.org\/{rel}","templated":true}]}}