{"id":5839,"date":"2026-05-11T15:10:03","date_gmt":"2026-05-11T15:10:03","guid":{"rendered":"https:\/\/ecosupplements.ch\/?product=ostrovit-collagen-vitamin-c-400-g-blackcurrant"},"modified":"2026-05-13T07:27:34","modified_gmt":"2026-05-13T07:27:34","slug":"ostrovit-collagen-vitamin-c-400-g-blackcurrant","status":"publish","type":"product","link":"https:\/\/ecosupplements.ch\/?product=ostrovit-collagen-vitamin-c-400-g-blackcurrant","title":{"rendered":"Ostrovit Collagen + Vitamin C (400 g, Blackcurrant)"},"content":{"rendered":"<div class=\"chcg-product-description\">\n<h2 class=\"chcg-heading\">\u00dcber Ostrovit \u2013 Collagen + Vitamin C (400 g, Blackcurrant)<\/h2>\n<div class=\"chcg-intro\">\n<p>Das Ostrovit Collagen + Vitamin C Pulver liefert pro Portion 8700 mg hydrolysiertes Rinderkollagen \u2013 eine hochwertige Kollagenquelle, die sich dank feiner Hydrolyse besonders gut in Wasser oder Saft aufl\u00f6st. Kollagen ist das h\u00e4ufigste Strukturprotein im menschlichen K\u00f6rper und tr\u00e4gt zur normalen Funktion von Knorpel, Haut, Knochen und Bindegewebe bei.<\/p>\n<p>Erg\u00e4nzt wird die Formel durch 500 mg L-Ascorbins\u00e4ure (Vitamin C) pro Portion \u2013 das entspricht 625 % des Tagesbedarfs. Vitamin C tr\u00e4gt zur normalen Kollagenbildung f\u00fcr eine normale Funktion der Haut, der Knochen und des Knorpels bei und unterst\u00fctzt den Schutz der Zellen vor oxidativem Stress.<\/p>\n<p>Mit dem erfrischenden Blackcurrant-Geschmack l\u00e4sst sich die t\u00e4gliche Portion angenehm in den Alltag integrieren. Der praktische 400-g-Beutel reicht f\u00fcr 40 Portionen und ist damit eine wirtschaftliche Wahl f\u00fcr die t\u00e4gliche Anwendung.<\/p>\n<\/p><\/div>\n<div class=\"chcg-nutrition\">\n<h3>N\u00e4hrwertangaben<\/h3>\n<table class=\"chcg-nutrition-table\">\n<thead>\n<tr>\n<th>N\u00e4hrstoff<\/th>\n<th>Pro Portion (10 g)<\/th>\n<\/tr>\n<\/thead>\n<tbody>\n<tr>\n<td>Hydrolysiertes Rinderkollagen<\/td>\n<td>8700 mg*<\/td>\n<\/tr>\n<tr>\n<td>L-Ascorbins\u00e4ure (Vitamin C)<\/td>\n<td>500 mg (625 % NRV)<\/td>\n<\/tr>\n<\/tbody>\n<\/table>\n<p class=\"chcg-footnote\">* Kein festgelegter Tagesbedarf (NRV).<\/p>\n<\/p><\/div>\n<div class=\"chcg-ingredients\">\n<h3>Zutaten<\/h3>\n<p>Hydrolysiertes Rinderkollagen, L-Ascorbins\u00e4ure (Vitamin C), S\u00e4uerungsmittel: Zitronens\u00e4ure; Aromen, schwarzes Karottenkonzentrat in Pulverform; S\u00fcssungsmittel: Sucralose.<\/p>\n<p class=\"chcg-capsule-shell\">Enth\u00e4lt S\u00fcssungsmittel.<\/p>\n<\/p><\/div>\n<div class=\"chcg-dosage\">\n<h3>Verzehrempfehlung<\/h3>\n<p>Eine Portion (10 g = 2 Messl\u00f6ffel) in 200 ml Wasser oder Saft in einem Shaker aufl\u00f6sen. 1 Portion t\u00e4glich einnehmen. Das Produkt ist f\u00fcr Erwachsene bestimmt.<\/p>\n<\/p><\/div>\n<div class=\"chcg-warnings\">\n<h3>Warnhinweise<\/h3>\n<p>Die empfohlene Tagesdosis nicht \u00fcberschreiten. Das Produkt nicht als Ersatz f\u00fcr eine abwechslungsreiche Ern\u00e4hrung verwenden. Eine ausgewogene Ern\u00e4hrung und ein gesunder Lebensstil werden empfohlen. Nicht einnehmen, wenn Sie gegen einen der Inhaltsstoffe allergisch sind. Das Produkt ist nicht f\u00fcr Personen mit Nierenkrankheiten oder Nierensteinen geeignet. Kinder, Schwangere und stillende Frauen d\u00fcrfen das Produkt nicht einnehmen. Ausserhalb der Reichweite von Kindern aufbewahren.<\/p>\n<\/p><\/div>\n<div class=\"chcg-allergens\">\n<h3>Allergeninformationen<\/h3>\n<p>Das Produkt kann Milch (einschliesslich Laktose), Soja, Erdn\u00fcsse, andere N\u00fcsse, Sesamsamen, Hafer, Eier, Krebstiere und Fisch enthalten. Enth\u00e4lt S\u00fcssungsmittel.<\/p>\n<\/p><\/div>\n<div class=\"chcg-storage\">\n<h3>Lagerung<\/h3>\n<p>An einem k\u00fchlen, trockenen Ort aufbewahren. Ausserhalb der Reichweite von Kleinkindern aufbewahren.<\/p>\n<\/p><\/div>\n<div class=\"chcg-dietary\">\n<h3>Ern\u00e4hrungshinweise<\/h3>\n<ul>\n<li>Nicht vegan<\/li>\n<li>Nicht vegetarisch<\/li>\n<\/ul><\/div>\n<\/div>\n","protected":false},"excerpt":{"rendered":"<p>Ostrovit Collagen + Vitamin C liefert 8700 mg hydrolysiertes Rinderkollagen und 500 mg Vitamin C pro Portion. Erfrischendes Blackcurrant-Pulver f\u00fcr 40 Portionen \u2013 einfach in Wasser oder Saft aufl\u00f6sen.<\/p>\n","protected":false},"featured_media":5840,"comment_status":"closed","ping_status":"open","template":"","meta":[],"product_brand":[298],"product_cat":[48,25,80,26,21],"product_tag":[],"class_list":{"0":"post-5839","1":"product","2":"type-product","3":"status-publish","4":"has-post-thumbnail","6":"product_brand-ostrovit","7":"product_cat-gesunde-ernaehrung","8":"product_cat-gesundheit-und-wohlbefinden","9":"product_cat-kollagen","10":"product_cat-multivitamine","11":"product_cat-vitamine-und-mineralstoffe","13":"first","14":"outofstock","15":"taxable","16":"shipping-taxable","17":"purchasable","18":"product-type-simple"},"yoast_head":"<!-- This site is optimized with the Yoast SEO plugin v27.5 - https:\/\/yoast.com\/product\/yoast-seo-wordpress\/ -->\n<title>Ostrovit Collagen + Vitamin C 400 g \u2013 ecosupplements.ch<\/title>\n<meta name=\"description\" content=\"8700 mg Kollagen und 500 mg Vitamin C pro Portion \u2013 Ostrovit Collagen Pulver in Blackcurrant, 40 Portionen. Jetzt bestellen.\" \/>\n<meta name=\"robots\" content=\"index, follow, max-snippet:-1, max-image-preview:large, max-video-preview:-1\" \/>\n<link rel=\"canonical\" href=\"https:\/\/ecosupplements.ch\/?product=ostrovit-collagen-vitamin-c-400-g-blackcurrant\" \/>\n<meta property=\"og:locale\" content=\"de_DE\" \/>\n<meta property=\"og:type\" content=\"article\" \/>\n<meta property=\"og:title\" content=\"Ostrovit Collagen + Vitamin C 400 g \u2013 ecosupplements.ch\" \/>\n<meta property=\"og:description\" content=\"8700 mg Kollagen und 500 mg Vitamin C pro Portion \u2013 Ostrovit Collagen Pulver in Blackcurrant, 40 Portionen. Jetzt bestellen.\" \/>\n<meta property=\"og:url\" content=\"https:\/\/ecosupplements.ch\/?product=ostrovit-collagen-vitamin-c-400-g-blackcurrant\" \/>\n<meta property=\"og:site_name\" content=\"Eco Supplements\" \/>\n<meta property=\"article:modified_time\" content=\"2026-05-13T07:27:34+00:00\" \/>\n<meta property=\"og:image\" content=\"https:\/\/ecosupplements.ch\/wp-content\/uploads\/2026\/05\/Ostrovit-Collagen-Vitamin-C-400-g-Blackcurrant.webp\" \/>\n\t<meta property=\"og:image:width\" content=\"1000\" \/>\n\t<meta property=\"og:image:height\" content=\"1000\" \/>\n\t<meta property=\"og:image:type\" content=\"image\/jpeg\" \/>\n<meta name=\"twitter:card\" content=\"summary_large_image\" \/>\n<meta name=\"twitter:label1\" content=\"Price\" \/>\n\t<meta name=\"twitter:data1\" content=\"&#067;&#072;&#070;&nbsp;14.59\" \/>\n\t<meta name=\"twitter:label2\" content=\"Availability\" \/>\n\t<meta name=\"twitter:data2\" content=\"Out of stock\" \/>\n<script type=\"application\/ld+json\" class=\"yoast-schema-graph\">{\"@context\":\"https:\\\/\\\/schema.org\",\"@graph\":[{\"@type\":\"WebPage\",\"@id\":\"https:\\\/\\\/ecosupplements.ch\\\/?product=ostrovit-collagen-vitamin-c-400-g-blackcurrant\",\"url\":\"https:\\\/\\\/ecosupplements.ch\\\/?product=ostrovit-collagen-vitamin-c-400-g-blackcurrant\",\"name\":\"Ostrovit Collagen + Vitamin C 400 g \u2013 ecosupplements.ch\",\"isPartOf\":{\"@id\":\"https:\\\/\\\/ecosupplements.ch\\\/#website\"},\"primaryImageOfPage\":{\"@id\":\"https:\\\/\\\/ecosupplements.ch\\\/?product=ostrovit-collagen-vitamin-c-400-g-blackcurrant#primaryimage\"},\"image\":{\"@id\":\"https:\\\/\\\/ecosupplements.ch\\\/?product=ostrovit-collagen-vitamin-c-400-g-blackcurrant#primaryimage\"},\"thumbnailUrl\":\"https:\\\/\\\/ecosupplements.ch\\\/wp-content\\\/uploads\\\/2026\\\/05\\\/Ostrovit-Collagen-Vitamin-C-400-g-Blackcurrant.webp\",\"datePublished\":\"2026-05-11T15:10:03+00:00\",\"dateModified\":\"2026-05-13T07:27:34+00:00\",\"description\":\"8700 mg Kollagen und 500 mg Vitamin C pro Portion \u2013 Ostrovit Collagen Pulver in Blackcurrant, 40 Portionen. Jetzt bestellen.\",\"breadcrumb\":{\"@id\":\"https:\\\/\\\/ecosupplements.ch\\\/?product=ostrovit-collagen-vitamin-c-400-g-blackcurrant#breadcrumb\"},\"inLanguage\":\"de-CH\",\"potentialAction\":[{\"@type\":\"ReadAction\",\"target\":[\"https:\\\/\\\/ecosupplements.ch\\\/?product=ostrovit-collagen-vitamin-c-400-g-blackcurrant\"]}]},{\"@type\":\"ImageObject\",\"inLanguage\":\"de-CH\",\"@id\":\"https:\\\/\\\/ecosupplements.ch\\\/?product=ostrovit-collagen-vitamin-c-400-g-blackcurrant#primaryimage\",\"url\":\"https:\\\/\\\/ecosupplements.ch\\\/wp-content\\\/uploads\\\/2026\\\/05\\\/Ostrovit-Collagen-Vitamin-C-400-g-Blackcurrant.webp\",\"contentUrl\":\"https:\\\/\\\/ecosupplements.ch\\\/wp-content\\\/uploads\\\/2026\\\/05\\\/Ostrovit-Collagen-Vitamin-C-400-g-Blackcurrant.webp\",\"width\":1000,\"height\":1000,\"caption\":\"Ostrovit Collagen + Vitamin C (400 g\"},{\"@type\":\"BreadcrumbList\",\"@id\":\"https:\\\/\\\/ecosupplements.ch\\\/?product=ostrovit-collagen-vitamin-c-400-g-blackcurrant#breadcrumb\",\"itemListElement\":[{\"@type\":\"ListItem\",\"position\":1,\"name\":\"Home\",\"item\":\"https:\\\/\\\/ecosupplements.ch\\\/\"},{\"@type\":\"ListItem\",\"position\":2,\"name\":\"Shop\",\"item\":\"https:\\\/\\\/ecosupplements.ch\\\/?page_id=14\"},{\"@type\":\"ListItem\",\"position\":3,\"name\":\"Ostrovit Collagen + Vitamin C (400 g, Blackcurrant)\"}]},{\"@type\":\"WebSite\",\"@id\":\"https:\\\/\\\/ecosupplements.ch\\\/#website\",\"url\":\"https:\\\/\\\/ecosupplements.ch\\\/\",\"name\":\"Eco Supplements\",\"description\":\"\",\"potentialAction\":[{\"@type\":\"SearchAction\",\"target\":{\"@type\":\"EntryPoint\",\"urlTemplate\":\"https:\\\/\\\/ecosupplements.ch\\\/?s={search_term_string}\"},\"query-input\":{\"@type\":\"PropertyValueSpecification\",\"valueRequired\":true,\"valueName\":\"search_term_string\"}}],\"inLanguage\":\"de-CH\"}]}<\/script>\n<meta property=\"product:price:amount\" content=\"14.59\" \/>\n<meta property=\"product:price:currency\" content=\"CHF\" \/>\n<meta property=\"og:availability\" content=\"out of stock\" \/>\n<meta property=\"product:availability\" content=\"out of stock\" \/>\n<meta property=\"product:retailer_item_id\" content=\"5903246225013\" \/>\n<meta property=\"product:condition\" content=\"new\" \/>\n<!-- \/ Yoast SEO plugin. -->","yoast_head_json":{"title":"Ostrovit Collagen + Vitamin C 400 g \u2013 ecosupplements.ch","description":"8700 mg Kollagen und 500 mg Vitamin C pro Portion \u2013 Ostrovit Collagen Pulver in Blackcurrant, 40 Portionen. Jetzt bestellen.","robots":{"index":"index","follow":"follow","max-snippet":"max-snippet:-1","max-image-preview":"max-image-preview:large","max-video-preview":"max-video-preview:-1"},"canonical":"https:\/\/ecosupplements.ch\/?product=ostrovit-collagen-vitamin-c-400-g-blackcurrant","og_locale":"de_DE","og_type":"article","og_title":"Ostrovit Collagen + Vitamin C 400 g \u2013 ecosupplements.ch","og_description":"8700 mg Kollagen und 500 mg Vitamin C pro Portion \u2013 Ostrovit Collagen Pulver in Blackcurrant, 40 Portionen. Jetzt bestellen.","og_url":"https:\/\/ecosupplements.ch\/?product=ostrovit-collagen-vitamin-c-400-g-blackcurrant","og_site_name":"Eco Supplements","article_modified_time":"2026-05-13T07:27:34+00:00","og_image":[{"width":1000,"height":1000,"url":"https:\/\/ecosupplements.ch\/wp-content\/uploads\/2026\/05\/Ostrovit-Collagen-Vitamin-C-400-g-Blackcurrant.webp","type":"image\/jpeg"}],"twitter_card":"summary_large_image","twitter_misc":{"Price":"&#67;&#72;&#70;&nbsp;14.59","Availability":"Out of stock"},"schema":{"@context":"https:\/\/schema.org","@graph":[{"@type":"WebPage","@id":"https:\/\/ecosupplements.ch\/?product=ostrovit-collagen-vitamin-c-400-g-blackcurrant","url":"https:\/\/ecosupplements.ch\/?product=ostrovit-collagen-vitamin-c-400-g-blackcurrant","name":"Ostrovit Collagen + Vitamin C 400 g \u2013 ecosupplements.ch","isPartOf":{"@id":"https:\/\/ecosupplements.ch\/#website"},"primaryImageOfPage":{"@id":"https:\/\/ecosupplements.ch\/?product=ostrovit-collagen-vitamin-c-400-g-blackcurrant#primaryimage"},"image":{"@id":"https:\/\/ecosupplements.ch\/?product=ostrovit-collagen-vitamin-c-400-g-blackcurrant#primaryimage"},"thumbnailUrl":"https:\/\/ecosupplements.ch\/wp-content\/uploads\/2026\/05\/Ostrovit-Collagen-Vitamin-C-400-g-Blackcurrant.webp","datePublished":"2026-05-11T15:10:03+00:00","dateModified":"2026-05-13T07:27:34+00:00","description":"8700 mg Kollagen und 500 mg Vitamin C pro Portion \u2013 Ostrovit Collagen Pulver in Blackcurrant, 40 Portionen. Jetzt bestellen.","breadcrumb":{"@id":"https:\/\/ecosupplements.ch\/?product=ostrovit-collagen-vitamin-c-400-g-blackcurrant#breadcrumb"},"inLanguage":"de-CH","potentialAction":[{"@type":"ReadAction","target":["https:\/\/ecosupplements.ch\/?product=ostrovit-collagen-vitamin-c-400-g-blackcurrant"]}]},{"@type":"ImageObject","inLanguage":"de-CH","@id":"https:\/\/ecosupplements.ch\/?product=ostrovit-collagen-vitamin-c-400-g-blackcurrant#primaryimage","url":"https:\/\/ecosupplements.ch\/wp-content\/uploads\/2026\/05\/Ostrovit-Collagen-Vitamin-C-400-g-Blackcurrant.webp","contentUrl":"https:\/\/ecosupplements.ch\/wp-content\/uploads\/2026\/05\/Ostrovit-Collagen-Vitamin-C-400-g-Blackcurrant.webp","width":1000,"height":1000,"caption":"Ostrovit Collagen + Vitamin C (400 g"},{"@type":"BreadcrumbList","@id":"https:\/\/ecosupplements.ch\/?product=ostrovit-collagen-vitamin-c-400-g-blackcurrant#breadcrumb","itemListElement":[{"@type":"ListItem","position":1,"name":"Home","item":"https:\/\/ecosupplements.ch\/"},{"@type":"ListItem","position":2,"name":"Shop","item":"https:\/\/ecosupplements.ch\/?page_id=14"},{"@type":"ListItem","position":3,"name":"Ostrovit Collagen + Vitamin C (400 g, Blackcurrant)"}]},{"@type":"WebSite","@id":"https:\/\/ecosupplements.ch\/#website","url":"https:\/\/ecosupplements.ch\/","name":"Eco Supplements","description":"","potentialAction":[{"@type":"SearchAction","target":{"@type":"EntryPoint","urlTemplate":"https:\/\/ecosupplements.ch\/?s={search_term_string}"},"query-input":{"@type":"PropertyValueSpecification","valueRequired":true,"valueName":"search_term_string"}}],"inLanguage":"de-CH"}]},"product_price_amount":"14.59","product_price_currency":"CHF","og_availability":"out of stock","product_availability":"out of stock","product_retailer_item_id":"5903246225013","product_condition":"new"},"_links":{"self":[{"href":"https:\/\/ecosupplements.ch\/index.php?rest_route=\/wp\/v2\/product\/5839","targetHints":{"allow":["GET"]}}],"collection":[{"href":"https:\/\/ecosupplements.ch\/index.php?rest_route=\/wp\/v2\/product"}],"about":[{"href":"https:\/\/ecosupplements.ch\/index.php?rest_route=\/wp\/v2\/types\/product"}],"replies":[{"embeddable":true,"href":"https:\/\/ecosupplements.ch\/index.php?rest_route=%2Fwp%2Fv2%2Fcomments&post=5839"}],"wp:featuredmedia":[{"embeddable":true,"href":"https:\/\/ecosupplements.ch\/index.php?rest_route=\/wp\/v2\/media\/5840"}],"wp:attachment":[{"href":"https:\/\/ecosupplements.ch\/index.php?rest_route=%2Fwp%2Fv2%2Fmedia&parent=5839"}],"wp:term":[{"taxonomy":"product_brand","embeddable":true,"href":"https:\/\/ecosupplements.ch\/index.php?rest_route=%2Fwp%2Fv2%2Fproduct_brand&post=5839"},{"taxonomy":"product_cat","embeddable":true,"href":"https:\/\/ecosupplements.ch\/index.php?rest_route=%2Fwp%2Fv2%2Fproduct_cat&post=5839"},{"taxonomy":"product_tag","embeddable":true,"href":"https:\/\/ecosupplements.ch\/index.php?rest_route=%2Fwp%2Fv2%2Fproduct_tag&post=5839"}],"curies":[{"name":"wp","href":"https:\/\/api.w.org\/{rel}","templated":true}]}}