{"id":5917,"date":"2026-05-11T15:10:41","date_gmt":"2026-05-11T15:10:41","guid":{"rendered":"https:\/\/ecosupplements.ch\/?product=ostrovit-mgzb-magnesium-zinc-and-vitamin-b6-90-tablets"},"modified":"2026-05-13T07:27:36","modified_gmt":"2026-05-13T07:27:36","slug":"ostrovit-mgzb-magnesium-zinc-and-vitamin-b6-90-tablets","status":"publish","type":"product","link":"https:\/\/ecosupplements.ch\/?product=ostrovit-mgzb-magnesium-zinc-and-vitamin-b6-90-tablets","title":{"rendered":"Ostrovit MgZB &#8211; Magnesium, Zinc and Vitamin B6 (90 Tablets)"},"content":{"rendered":"<div class=\"chcg-product-description\">\n<h2 class=\"chcg-heading\">\u00dcber Ostrovit \u2013 MgZB \u2013 Magnesium, Zinc und Vitamin B6 (90 Tabletten)<\/h2>\n<div class=\"chcg-intro\">\n<p>Ostrovit MgZB kombiniert drei essenzielle Mikron\u00e4hrstoffe \u2013 Magnesium, Zinc und Vitamin B6 \u2013 in einer praktischen Tablettenform. Die sorgf\u00e4ltig abgestimmte Formel liefert pro Tagesportion 375 mg Magnesium, 15 mg Zinc und 2 mg Vitamin B6 und deckt damit 100 % bzw. 150 % und 143 % der empfohlenen N\u00e4hrstoffreferenzwerte ab.<\/p>\n<p>Magnesium tr\u00e4gt zur normalen Muskelfunktion, zur Verringerung von M\u00fcdigkeit und Ersch\u00f6pfung sowie zur normalen Funktion des Nervensystems bei. Zinc unterst\u00fctzt die normale Funktion des Immunsystems und tr\u00e4gt zum Schutz der Zellen vor oxidativem Stress bei. Vitamin B6 f\u00f6rdert den normalen Energie- und Proteinstoffwechsel und tr\u00e4gt zur Regulierung der Hormont\u00e4tigkeit bei.<\/p>\n<p>Mit 90 Tabletten pro Packung bietet Ostrovit MgZB eine Versorgung f\u00fcr 30 Tage. Das Pr\u00e4parat ist f\u00fcr Veganer und Vegetarier geeignet und wird empfohlen, abends vor dem Schlafengehen eingenommen zu werden.<\/p>\n<\/p><\/div>\n<div class=\"chcg-nutrition\">\n<h3>N\u00e4hrwertangaben<\/h3>\n<table class=\"chcg-nutrition-table\">\n<thead>\n<tr>\n<th>N\u00e4hrstoff<\/th>\n<th>Pro Portion (3 Tabletten)<\/th>\n<\/tr>\n<\/thead>\n<tbody>\n<tr>\n<td>Magnesium<\/td>\n<td>375 mg (100 % NRV)<\/td>\n<\/tr>\n<tr>\n<td>Zinc<\/td>\n<td>15 mg (150 % NRV)<\/td>\n<\/tr>\n<tr>\n<td>Vitamin B6<\/td>\n<td>2 mg (143 % NRV)<\/td>\n<\/tr>\n<\/tbody>\n<\/table>\n<p class=\"chcg-footnote\">NRV = N\u00e4hrstoffreferenzwert<\/p>\n<\/p><\/div>\n<div class=\"chcg-ingredients\">\n<h3>Zutaten<\/h3>\n<p>F\u00fcllstoff: mikrokristalline Cellulose; Magnesiumcitrat (Magnesium); F\u00fcllstoff: St\u00e4rke; Trennmittel: Magnesiumsalze von Fetts\u00e4uren, Siliziumdioxid; Zinkpicolinat (Zinc); Pyridoxinhydrochlorid (Vitamin B6).<\/p>\n<\/p><\/div>\n<div class=\"chcg-dosage\">\n<h3>Verzehrempfehlung<\/h3>\n<p>1 Portion (3 Tabletten) t\u00e4glich, vor dem Schlafengehen, einnehmen.<\/p>\n<\/p><\/div>\n<div class=\"chcg-warnings\">\n<h3>Warnhinweise<\/h3>\n<p>Die empfohlene Tagesdosis nicht \u00fcberschreiten. Das Produkt nicht als Ersatz f\u00fcr eine abwechslungsreiche Ern\u00e4hrung verwenden. Eine ausgewogene Ern\u00e4hrung und ein gesunder Lebensstil werden empfohlen. Nicht einnehmen, wenn eine Allergie gegen einen der Inhaltsstoffe besteht. Nicht geeignet f\u00fcr Personen mit eingeschr\u00e4nkter Nierenfunktion. Kinder, Schwangere und stillende Frauen d\u00fcrfen das Produkt nicht einnehmen. Ausserhalb der Reichweite von Kindern aufbewahren.<\/p>\n<\/p><\/div>\n<div class=\"chcg-allergens\">\n<h3>Allergeninformationen<\/h3>\n<p>Das Produkt kann Milch (einschliesslich Laktose), Soja, Erdn\u00fcsse, andere N\u00fcsse, glutenhaltige Getreide, Eier, Krebstiere und Fisch enthalten.<\/p>\n<\/p><\/div>\n<div class=\"chcg-storage\">\n<h3>Lagerung<\/h3>\n<p>Die Verpackung fest verschlossen, an einem trockenen Ort bei einer Temperatur von 15\u201325 \u00b0C aufbewahren. Vor direkter Sonneneinstrahlung sch\u00fctzen.<\/p>\n<\/p><\/div>\n<div class=\"chcg-dietary\">\n<h3>Ern\u00e4hrungshinweise<\/h3>\n<ul>\n<li>Vegan<\/li>\n<li>Vegetarisch<\/li>\n<\/ul><\/div>\n<\/div>\n","protected":false},"excerpt":{"rendered":"<p>Ostrovit MgZB liefert Magnesium, Zinc und Vitamin B6 in einer praktischen Tagesportion von 3 Tabletten. 90 Tabletten pro Packung \u2013 vegan und vegetarisch geeignet.<\/p>\n","protected":false},"featured_media":5918,"comment_status":"closed","ping_status":"open","template":"","meta":[],"product_brand":[298],"product_cat":[23,27,48,94,28,21,24],"product_tag":[],"class_list":{"0":"post-5917","1":"product","2":"type-product","3":"status-publish","4":"has-post-thumbnail","6":"product_brand-ostrovit","7":"product_cat-einige-mineralien","8":"product_cat-einige-vitamine","9":"product_cat-gesunde-ernaehrung","10":"product_cat-magnesium","11":"product_cat-vitamin-b","12":"product_cat-vitamine-und-mineralstoffe","13":"product_cat-zink","15":"first","16":"outofstock","17":"taxable","18":"shipping-taxable","19":"purchasable","20":"product-type-simple"},"yoast_head":"<!-- This site is optimized with the Yoast SEO plugin v27.5 - https:\/\/yoast.com\/product\/yoast-seo-wordpress\/ -->\n<title>Ostrovit MgZB Magnesium Zinc B6 90 Tabletten | ecosupplements.ch<\/title>\n<meta name=\"description\" content=\"Ostrovit MgZB mit Magnesium, Zinc und Vitamin B6 \u2013 90 Tabletten f\u00fcr 30 Tage, vegan geeignet. Jetzt bestellen.\" \/>\n<meta name=\"robots\" content=\"index, follow, max-snippet:-1, max-image-preview:large, max-video-preview:-1\" \/>\n<link rel=\"canonical\" href=\"https:\/\/ecosupplements.ch\/?product=ostrovit-mgzb-magnesium-zinc-and-vitamin-b6-90-tablets\" \/>\n<meta property=\"og:locale\" content=\"de_DE\" \/>\n<meta property=\"og:type\" content=\"article\" \/>\n<meta property=\"og:title\" content=\"Ostrovit MgZB Magnesium Zinc B6 90 Tabletten | ecosupplements.ch\" \/>\n<meta property=\"og:description\" content=\"Ostrovit MgZB mit Magnesium, Zinc und Vitamin B6 \u2013 90 Tabletten f\u00fcr 30 Tage, vegan geeignet. Jetzt bestellen.\" \/>\n<meta property=\"og:url\" content=\"https:\/\/ecosupplements.ch\/?product=ostrovit-mgzb-magnesium-zinc-and-vitamin-b6-90-tablets\" \/>\n<meta property=\"og:site_name\" content=\"Eco Supplements\" \/>\n<meta property=\"article:modified_time\" content=\"2026-05-13T07:27:36+00:00\" \/>\n<meta property=\"og:image\" content=\"https:\/\/ecosupplements.ch\/wp-content\/uploads\/2026\/05\/Ostrovit-MgZB-Magnesium-Zinc-and-Vitamin-B6-90-Tablets.webp\" \/>\n\t<meta property=\"og:image:width\" content=\"1000\" \/>\n\t<meta property=\"og:image:height\" content=\"1000\" \/>\n\t<meta property=\"og:image:type\" content=\"image\/jpeg\" \/>\n<meta name=\"twitter:card\" content=\"summary_large_image\" \/>\n<meta name=\"twitter:label1\" content=\"Price\" \/>\n\t<meta name=\"twitter:data1\" content=\"&#067;&#072;&#070;&nbsp;3.55\" \/>\n\t<meta name=\"twitter:label2\" content=\"Availability\" \/>\n\t<meta name=\"twitter:data2\" content=\"Out of stock\" \/>\n<script type=\"application\/ld+json\" class=\"yoast-schema-graph\">{\"@context\":\"https:\\\/\\\/schema.org\",\"@graph\":[{\"@type\":\"WebPage\",\"@id\":\"https:\\\/\\\/ecosupplements.ch\\\/?product=ostrovit-mgzb-magnesium-zinc-and-vitamin-b6-90-tablets\",\"url\":\"https:\\\/\\\/ecosupplements.ch\\\/?product=ostrovit-mgzb-magnesium-zinc-and-vitamin-b6-90-tablets\",\"name\":\"Ostrovit MgZB Magnesium Zinc B6 90 Tabletten | ecosupplements.ch\",\"isPartOf\":{\"@id\":\"https:\\\/\\\/ecosupplements.ch\\\/#website\"},\"primaryImageOfPage\":{\"@id\":\"https:\\\/\\\/ecosupplements.ch\\\/?product=ostrovit-mgzb-magnesium-zinc-and-vitamin-b6-90-tablets#primaryimage\"},\"image\":{\"@id\":\"https:\\\/\\\/ecosupplements.ch\\\/?product=ostrovit-mgzb-magnesium-zinc-and-vitamin-b6-90-tablets#primaryimage\"},\"thumbnailUrl\":\"https:\\\/\\\/ecosupplements.ch\\\/wp-content\\\/uploads\\\/2026\\\/05\\\/Ostrovit-MgZB-Magnesium-Zinc-and-Vitamin-B6-90-Tablets.webp\",\"datePublished\":\"2026-05-11T15:10:41+00:00\",\"dateModified\":\"2026-05-13T07:27:36+00:00\",\"description\":\"Ostrovit MgZB mit Magnesium, Zinc und Vitamin B6 \u2013 90 Tabletten f\u00fcr 30 Tage, vegan geeignet. Jetzt bestellen.\",\"breadcrumb\":{\"@id\":\"https:\\\/\\\/ecosupplements.ch\\\/?product=ostrovit-mgzb-magnesium-zinc-and-vitamin-b6-90-tablets#breadcrumb\"},\"inLanguage\":\"de-CH\",\"potentialAction\":[{\"@type\":\"ReadAction\",\"target\":[\"https:\\\/\\\/ecosupplements.ch\\\/?product=ostrovit-mgzb-magnesium-zinc-and-vitamin-b6-90-tablets\"]}]},{\"@type\":\"ImageObject\",\"inLanguage\":\"de-CH\",\"@id\":\"https:\\\/\\\/ecosupplements.ch\\\/?product=ostrovit-mgzb-magnesium-zinc-and-vitamin-b6-90-tablets#primaryimage\",\"url\":\"https:\\\/\\\/ecosupplements.ch\\\/wp-content\\\/uploads\\\/2026\\\/05\\\/Ostrovit-MgZB-Magnesium-Zinc-and-Vitamin-B6-90-Tablets.webp\",\"contentUrl\":\"https:\\\/\\\/ecosupplements.ch\\\/wp-content\\\/uploads\\\/2026\\\/05\\\/Ostrovit-MgZB-Magnesium-Zinc-and-Vitamin-B6-90-Tablets.webp\",\"width\":1000,\"height\":1000,\"caption\":\"Ostrovit MgZB - Magnesium\"},{\"@type\":\"BreadcrumbList\",\"@id\":\"https:\\\/\\\/ecosupplements.ch\\\/?product=ostrovit-mgzb-magnesium-zinc-and-vitamin-b6-90-tablets#breadcrumb\",\"itemListElement\":[{\"@type\":\"ListItem\",\"position\":1,\"name\":\"Home\",\"item\":\"https:\\\/\\\/ecosupplements.ch\\\/\"},{\"@type\":\"ListItem\",\"position\":2,\"name\":\"Shop\",\"item\":\"https:\\\/\\\/ecosupplements.ch\\\/?page_id=14\"},{\"@type\":\"ListItem\",\"position\":3,\"name\":\"Ostrovit MgZB &#8211; Magnesium, Zinc and Vitamin B6 (90 Tablets)\"}]},{\"@type\":\"WebSite\",\"@id\":\"https:\\\/\\\/ecosupplements.ch\\\/#website\",\"url\":\"https:\\\/\\\/ecosupplements.ch\\\/\",\"name\":\"Eco Supplements\",\"description\":\"\",\"potentialAction\":[{\"@type\":\"SearchAction\",\"target\":{\"@type\":\"EntryPoint\",\"urlTemplate\":\"https:\\\/\\\/ecosupplements.ch\\\/?s={search_term_string}\"},\"query-input\":{\"@type\":\"PropertyValueSpecification\",\"valueRequired\":true,\"valueName\":\"search_term_string\"}}],\"inLanguage\":\"de-CH\"}]}<\/script>\n<meta property=\"product:price:amount\" content=\"3.55\" \/>\n<meta property=\"product:price:currency\" content=\"CHF\" \/>\n<meta property=\"og:availability\" content=\"out of stock\" \/>\n<meta property=\"product:availability\" content=\"out of stock\" \/>\n<meta property=\"product:retailer_item_id\" content=\"5902232610956\" \/>\n<meta property=\"product:condition\" content=\"new\" \/>\n<!-- \/ Yoast SEO plugin. -->","yoast_head_json":{"title":"Ostrovit MgZB Magnesium Zinc B6 90 Tabletten | ecosupplements.ch","description":"Ostrovit MgZB mit Magnesium, Zinc und Vitamin B6 \u2013 90 Tabletten f\u00fcr 30 Tage, vegan geeignet. Jetzt bestellen.","robots":{"index":"index","follow":"follow","max-snippet":"max-snippet:-1","max-image-preview":"max-image-preview:large","max-video-preview":"max-video-preview:-1"},"canonical":"https:\/\/ecosupplements.ch\/?product=ostrovit-mgzb-magnesium-zinc-and-vitamin-b6-90-tablets","og_locale":"de_DE","og_type":"article","og_title":"Ostrovit MgZB Magnesium Zinc B6 90 Tabletten | ecosupplements.ch","og_description":"Ostrovit MgZB mit Magnesium, Zinc und Vitamin B6 \u2013 90 Tabletten f\u00fcr 30 Tage, vegan geeignet. Jetzt bestellen.","og_url":"https:\/\/ecosupplements.ch\/?product=ostrovit-mgzb-magnesium-zinc-and-vitamin-b6-90-tablets","og_site_name":"Eco Supplements","article_modified_time":"2026-05-13T07:27:36+00:00","og_image":[{"width":1000,"height":1000,"url":"https:\/\/ecosupplements.ch\/wp-content\/uploads\/2026\/05\/Ostrovit-MgZB-Magnesium-Zinc-and-Vitamin-B6-90-Tablets.webp","type":"image\/jpeg"}],"twitter_card":"summary_large_image","twitter_misc":{"Price":"&#67;&#72;&#70;&nbsp;3.55","Availability":"Out of stock"},"schema":{"@context":"https:\/\/schema.org","@graph":[{"@type":"WebPage","@id":"https:\/\/ecosupplements.ch\/?product=ostrovit-mgzb-magnesium-zinc-and-vitamin-b6-90-tablets","url":"https:\/\/ecosupplements.ch\/?product=ostrovit-mgzb-magnesium-zinc-and-vitamin-b6-90-tablets","name":"Ostrovit MgZB Magnesium Zinc B6 90 Tabletten | ecosupplements.ch","isPartOf":{"@id":"https:\/\/ecosupplements.ch\/#website"},"primaryImageOfPage":{"@id":"https:\/\/ecosupplements.ch\/?product=ostrovit-mgzb-magnesium-zinc-and-vitamin-b6-90-tablets#primaryimage"},"image":{"@id":"https:\/\/ecosupplements.ch\/?product=ostrovit-mgzb-magnesium-zinc-and-vitamin-b6-90-tablets#primaryimage"},"thumbnailUrl":"https:\/\/ecosupplements.ch\/wp-content\/uploads\/2026\/05\/Ostrovit-MgZB-Magnesium-Zinc-and-Vitamin-B6-90-Tablets.webp","datePublished":"2026-05-11T15:10:41+00:00","dateModified":"2026-05-13T07:27:36+00:00","description":"Ostrovit MgZB mit Magnesium, Zinc und Vitamin B6 \u2013 90 Tabletten f\u00fcr 30 Tage, vegan geeignet. Jetzt bestellen.","breadcrumb":{"@id":"https:\/\/ecosupplements.ch\/?product=ostrovit-mgzb-magnesium-zinc-and-vitamin-b6-90-tablets#breadcrumb"},"inLanguage":"de-CH","potentialAction":[{"@type":"ReadAction","target":["https:\/\/ecosupplements.ch\/?product=ostrovit-mgzb-magnesium-zinc-and-vitamin-b6-90-tablets"]}]},{"@type":"ImageObject","inLanguage":"de-CH","@id":"https:\/\/ecosupplements.ch\/?product=ostrovit-mgzb-magnesium-zinc-and-vitamin-b6-90-tablets#primaryimage","url":"https:\/\/ecosupplements.ch\/wp-content\/uploads\/2026\/05\/Ostrovit-MgZB-Magnesium-Zinc-and-Vitamin-B6-90-Tablets.webp","contentUrl":"https:\/\/ecosupplements.ch\/wp-content\/uploads\/2026\/05\/Ostrovit-MgZB-Magnesium-Zinc-and-Vitamin-B6-90-Tablets.webp","width":1000,"height":1000,"caption":"Ostrovit MgZB - Magnesium"},{"@type":"BreadcrumbList","@id":"https:\/\/ecosupplements.ch\/?product=ostrovit-mgzb-magnesium-zinc-and-vitamin-b6-90-tablets#breadcrumb","itemListElement":[{"@type":"ListItem","position":1,"name":"Home","item":"https:\/\/ecosupplements.ch\/"},{"@type":"ListItem","position":2,"name":"Shop","item":"https:\/\/ecosupplements.ch\/?page_id=14"},{"@type":"ListItem","position":3,"name":"Ostrovit MgZB &#8211; Magnesium, Zinc and Vitamin B6 (90 Tablets)"}]},{"@type":"WebSite","@id":"https:\/\/ecosupplements.ch\/#website","url":"https:\/\/ecosupplements.ch\/","name":"Eco Supplements","description":"","potentialAction":[{"@type":"SearchAction","target":{"@type":"EntryPoint","urlTemplate":"https:\/\/ecosupplements.ch\/?s={search_term_string}"},"query-input":{"@type":"PropertyValueSpecification","valueRequired":true,"valueName":"search_term_string"}}],"inLanguage":"de-CH"}]},"product_price_amount":"3.55","product_price_currency":"CHF","og_availability":"out of stock","product_availability":"out of stock","product_retailer_item_id":"5902232610956","product_condition":"new"},"_links":{"self":[{"href":"https:\/\/ecosupplements.ch\/index.php?rest_route=\/wp\/v2\/product\/5917","targetHints":{"allow":["GET"]}}],"collection":[{"href":"https:\/\/ecosupplements.ch\/index.php?rest_route=\/wp\/v2\/product"}],"about":[{"href":"https:\/\/ecosupplements.ch\/index.php?rest_route=\/wp\/v2\/types\/product"}],"replies":[{"embeddable":true,"href":"https:\/\/ecosupplements.ch\/index.php?rest_route=%2Fwp%2Fv2%2Fcomments&post=5917"}],"wp:featuredmedia":[{"embeddable":true,"href":"https:\/\/ecosupplements.ch\/index.php?rest_route=\/wp\/v2\/media\/5918"}],"wp:attachment":[{"href":"https:\/\/ecosupplements.ch\/index.php?rest_route=%2Fwp%2Fv2%2Fmedia&parent=5917"}],"wp:term":[{"taxonomy":"product_brand","embeddable":true,"href":"https:\/\/ecosupplements.ch\/index.php?rest_route=%2Fwp%2Fv2%2Fproduct_brand&post=5917"},{"taxonomy":"product_cat","embeddable":true,"href":"https:\/\/ecosupplements.ch\/index.php?rest_route=%2Fwp%2Fv2%2Fproduct_cat&post=5917"},{"taxonomy":"product_tag","embeddable":true,"href":"https:\/\/ecosupplements.ch\/index.php?rest_route=%2Fwp%2Fv2%2Fproduct_tag&post=5917"}],"curies":[{"name":"wp","href":"https:\/\/api.w.org\/{rel}","templated":true}]}}