{"id":6126,"date":"2026-05-11T15:12:24","date_gmt":"2026-05-11T15:12:24","guid":{"rendered":"https:\/\/ecosupplements.ch\/?product=vitaking-vitamin-k2-90-mcg-30-capsules"},"modified":"2026-05-13T07:27:51","modified_gmt":"2026-05-13T07:27:51","slug":"vitaking-vitamin-k2-90-mcg-30-capsules","status":"publish","type":"product","link":"https:\/\/ecosupplements.ch\/?product=vitaking-vitamin-k2-90-mcg-30-capsules","title":{"rendered":"Vitaking Vitamin K2 90 mcg (30 Capsules)"},"content":{"rendered":"<div class=\"chcg-product-description\">\n<h2 class=\"chcg-heading\">\u00dcber Vitaking \u2013 Vitamin K2 90 mcg (30 Kapseln)<\/h2>\n<div class=\"chcg-intro\">\n<p>Vitamin K2 in der besonders bioverf\u00fcgbaren Form Menaquinon-7 (MK-7) ist ein fettl\u00f6sliches Vitamin, das im K\u00f6rper eine wichtige Rolle bei der normalen Blutgerinnung und der Erhaltung gesunder Knochen spielt. Vitaking setzt dabei auf die patentierte VITAMK7\u00ae-Form, die f\u00fcr ihre hohe Qualit\u00e4t und Reinheit bekannt ist.<\/p>\n<p>Jede vegane Kapsel liefert 90 \u00b5g Vitamin K2 als Menaquinon-7 \u2013 das entspricht 120 % des Tagesbedarfs (NRW). Vitamin K2 tr\u00e4gt zur normalen Blutgerinnung bei und unterst\u00fctzt die Erhaltung normaler Knochen. Die Formulierung in praktischen Einzel-Kapseln erm\u00f6glicht eine einfache und pr\u00e4zise t\u00e4gliche Dosierung.<\/p>\n<p>Vitaking steht f\u00fcr transparente Qualit\u00e4tsstandards und setzt auf bew\u00e4hrte Zutaten. Das Produkt eignet sich f\u00fcr Personen, die ihre t\u00e4gliche Vitamin-K2-Versorgung gezielt erg\u00e4nzen m\u00f6chten \u2013 ideal in Kombination mit einer ausgewogenen Ern\u00e4hrung und einem gesunden Lebensstil.<\/p>\n<\/p><\/div>\n<div class=\"chcg-nutrition\">\n<h3>N\u00e4hrwertangaben<\/h3>\n<table class=\"chcg-nutrition-table\">\n<thead>\n<tr>\n<th>N\u00e4hrstoff<\/th>\n<th>Pro Portion (1 Kapsel)<\/th>\n<\/tr>\n<\/thead>\n<tbody>\n<tr>\n<td>Vitamin K2 (als Menaquinon-7, VITAMK7\u00ae)<\/td>\n<td>90 \u00b5g (120 % NRW)<\/td>\n<\/tr>\n<\/tbody>\n<\/table><\/div>\n<div class=\"chcg-ingredients\">\n<h3>Zutaten<\/h3>\n<p>F\u00fcllstoffe: Isomalt, mikrokristalline Cellulose; Hydroxypropylmethylcellulose (Kapselh\u00fclle); Menaquinon-Zubereitung: (modifizierte St\u00e4rke, Soja\u00f6l, Natriumcaseinat, St\u00e4rke-Natriumoctenylsuccinat, Mono- und Diglyceride von Fetts\u00e4uren, Ascorbylpalmitat, Menaquinon-7); Emulgator: Fetts\u00e4uren.<\/p>\n<p class=\"chcg-capsule-shell\">Kapselh\u00fclle: Hydroxypropylmethylcellulose (HPMC) \u2013 vegetarische\/vegane Kapsel<\/p>\n<\/p><\/div>\n<div class=\"chcg-dosage\">\n<h3>Verzehrempfehlung<\/h3>\n<p>Empfohlene Tagesmenge: 1 Kapsel t\u00e4glich zu einer Mahlzeit einnehmen.<\/p>\n<\/p><\/div>\n<div class=\"chcg-warnings\">\n<h3>Warnhinweise<\/h3>\n<p>Die empfohlene Tagesdosis nicht \u00fcberschreiten. Ausserhalb der Reichweite von Kindern aufbewahren. Dieses Produkt ersetzt keine ausgewogene und abwechslungsreiche Ern\u00e4hrung sowie einen gesunden Lebensstil. Nicht einnehmen bei \u00dcberempfindlichkeit oder Allergie gegen\u00fcber einem der Inhaltsstoffe. Konsultieren Sie Ihren Arzt, wenn Sie krank sind oder Medikamente einnehmen (insbesondere Antikoagulanzien\/Blutverd\u00fcnner wie Warfarin).<\/p>\n<\/p><\/div>\n<div class=\"chcg-allergens\">\n<h3>Allergeninformationen<\/h3>\n<p>Enth\u00e4lt Soja (Soja\u00f6l) und Milchderivate (Natriumcaseinat). Kann f\u00fcr Personen mit Soja- oder Milch-\/Kaseinallergien ungeeignet sein.<\/p>\n<\/p><\/div>\n<div class=\"chcg-storage\">\n<h3>Lagerung<\/h3>\n<p>An einem trockenen, k\u00fchlen Ort aufbewahren. Mindesthaltbarkeitsdatum siehe Verpackungsaufdruck.<\/p>\n<\/p><\/div>\n<div class=\"chcg-dietary\">\n<h3>Ern\u00e4hrungshinweise<\/h3>\n<ul>\n<li>Nicht geeignet f\u00fcr Veganer<\/li>\n<li>Nicht geeignet f\u00fcr Vegetarier<\/li>\n<li>Nicht laktosefrei<\/li>\n<\/ul><\/div>\n<\/div>\n","protected":false},"excerpt":{"rendered":"<p>Vitaking Vitamin K2 90 mcg liefert 120 % des Tagesbedarfs als hochwertiges Menaquinon-7 (VITAMK7\u00ae) und unterst\u00fctzt normale Blutgerinnung und Knochenerhalt. Praktisch als vegane Kapsel, 30 St\u00fcck pro Packung.<\/p>\n","protected":false},"featured_media":6127,"comment_status":"closed","ping_status":"open","template":"","meta":[],"product_brand":[303],"product_cat":[48],"product_tag":[],"class_list":{"0":"post-6126","1":"product","2":"type-product","3":"status-publish","4":"has-post-thumbnail","6":"product_brand-vitaking","7":"product_cat-gesunde-ernaehrung","9":"first","10":"outofstock","11":"taxable","12":"shipping-taxable","13":"purchasable","14":"product-type-simple"},"yoast_head":"<!-- This site is optimized with the Yoast SEO plugin v27.5 - https:\/\/yoast.com\/product\/yoast-seo-wordpress\/ -->\n<title>Vitaking Vitamin K2 90 mcg \u2013 30 Kapseln | ecosupplements.ch<\/title>\n<meta name=\"description\" content=\"Vitamin K2 als Menaquinon-7 (VITAMK7\u00ae) f\u00fcr Knochen und Blutgerinnung \u2013 90 \u00b5g pro Kapsel, 30 vegane Kapseln. Jetzt bestellen.\" \/>\n<meta name=\"robots\" content=\"index, follow, max-snippet:-1, max-image-preview:large, max-video-preview:-1\" \/>\n<link rel=\"canonical\" href=\"https:\/\/ecosupplements.ch\/?product=vitaking-vitamin-k2-90-mcg-30-capsules\" \/>\n<meta property=\"og:locale\" content=\"de_DE\" \/>\n<meta property=\"og:type\" content=\"article\" \/>\n<meta property=\"og:title\" content=\"Vitaking Vitamin K2 90 mcg \u2013 30 Kapseln | ecosupplements.ch\" \/>\n<meta property=\"og:description\" content=\"Vitamin K2 als Menaquinon-7 (VITAMK7\u00ae) f\u00fcr Knochen und Blutgerinnung \u2013 90 \u00b5g pro Kapsel, 30 vegane Kapseln. Jetzt bestellen.\" \/>\n<meta property=\"og:url\" content=\"https:\/\/ecosupplements.ch\/?product=vitaking-vitamin-k2-90-mcg-30-capsules\" \/>\n<meta property=\"og:site_name\" content=\"Eco Supplements\" \/>\n<meta property=\"article:modified_time\" content=\"2026-05-13T07:27:51+00:00\" \/>\n<meta property=\"og:image\" content=\"https:\/\/ecosupplements.ch\/wp-content\/uploads\/2026\/05\/Vitaking-Vitamin-K2-90-mcg-30-Capsules.webp\" \/>\n\t<meta property=\"og:image:width\" content=\"1000\" \/>\n\t<meta property=\"og:image:height\" content=\"1000\" \/>\n\t<meta property=\"og:image:type\" content=\"image\/jpeg\" \/>\n<meta name=\"twitter:card\" content=\"summary_large_image\" \/>\n<meta name=\"twitter:label1\" content=\"Price\" \/>\n\t<meta name=\"twitter:data1\" content=\"&#067;&#072;&#070;&nbsp;2.68\" \/>\n\t<meta name=\"twitter:label2\" content=\"Availability\" \/>\n\t<meta name=\"twitter:data2\" content=\"Out of stock\" \/>\n<script type=\"application\/ld+json\" class=\"yoast-schema-graph\">{\"@context\":\"https:\\\/\\\/schema.org\",\"@graph\":[{\"@type\":\"WebPage\",\"@id\":\"https:\\\/\\\/ecosupplements.ch\\\/?product=vitaking-vitamin-k2-90-mcg-30-capsules\",\"url\":\"https:\\\/\\\/ecosupplements.ch\\\/?product=vitaking-vitamin-k2-90-mcg-30-capsules\",\"name\":\"Vitaking Vitamin K2 90 mcg \u2013 30 Kapseln | ecosupplements.ch\",\"isPartOf\":{\"@id\":\"https:\\\/\\\/ecosupplements.ch\\\/#website\"},\"primaryImageOfPage\":{\"@id\":\"https:\\\/\\\/ecosupplements.ch\\\/?product=vitaking-vitamin-k2-90-mcg-30-capsules#primaryimage\"},\"image\":{\"@id\":\"https:\\\/\\\/ecosupplements.ch\\\/?product=vitaking-vitamin-k2-90-mcg-30-capsules#primaryimage\"},\"thumbnailUrl\":\"https:\\\/\\\/ecosupplements.ch\\\/wp-content\\\/uploads\\\/2026\\\/05\\\/Vitaking-Vitamin-K2-90-mcg-30-Capsules.webp\",\"datePublished\":\"2026-05-11T15:12:24+00:00\",\"dateModified\":\"2026-05-13T07:27:51+00:00\",\"description\":\"Vitamin K2 als Menaquinon-7 (VITAMK7\u00ae) f\u00fcr Knochen und Blutgerinnung \u2013 90 \u00b5g pro Kapsel, 30 vegane Kapseln. Jetzt bestellen.\",\"breadcrumb\":{\"@id\":\"https:\\\/\\\/ecosupplements.ch\\\/?product=vitaking-vitamin-k2-90-mcg-30-capsules#breadcrumb\"},\"inLanguage\":\"de-CH\",\"potentialAction\":[{\"@type\":\"ReadAction\",\"target\":[\"https:\\\/\\\/ecosupplements.ch\\\/?product=vitaking-vitamin-k2-90-mcg-30-capsules\"]}]},{\"@type\":\"ImageObject\",\"inLanguage\":\"de-CH\",\"@id\":\"https:\\\/\\\/ecosupplements.ch\\\/?product=vitaking-vitamin-k2-90-mcg-30-capsules#primaryimage\",\"url\":\"https:\\\/\\\/ecosupplements.ch\\\/wp-content\\\/uploads\\\/2026\\\/05\\\/Vitaking-Vitamin-K2-90-mcg-30-Capsules.webp\",\"contentUrl\":\"https:\\\/\\\/ecosupplements.ch\\\/wp-content\\\/uploads\\\/2026\\\/05\\\/Vitaking-Vitamin-K2-90-mcg-30-Capsules.webp\",\"width\":1000,\"height\":1000,\"caption\":\"Vitaking Vitamin K2 90 mcg (30 Capsules)\"},{\"@type\":\"BreadcrumbList\",\"@id\":\"https:\\\/\\\/ecosupplements.ch\\\/?product=vitaking-vitamin-k2-90-mcg-30-capsules#breadcrumb\",\"itemListElement\":[{\"@type\":\"ListItem\",\"position\":1,\"name\":\"Home\",\"item\":\"https:\\\/\\\/ecosupplements.ch\\\/\"},{\"@type\":\"ListItem\",\"position\":2,\"name\":\"Shop\",\"item\":\"https:\\\/\\\/ecosupplements.ch\\\/?page_id=14\"},{\"@type\":\"ListItem\",\"position\":3,\"name\":\"Vitaking Vitamin K2 90 mcg (30 Capsules)\"}]},{\"@type\":\"WebSite\",\"@id\":\"https:\\\/\\\/ecosupplements.ch\\\/#website\",\"url\":\"https:\\\/\\\/ecosupplements.ch\\\/\",\"name\":\"Eco Supplements\",\"description\":\"\",\"potentialAction\":[{\"@type\":\"SearchAction\",\"target\":{\"@type\":\"EntryPoint\",\"urlTemplate\":\"https:\\\/\\\/ecosupplements.ch\\\/?s={search_term_string}\"},\"query-input\":{\"@type\":\"PropertyValueSpecification\",\"valueRequired\":true,\"valueName\":\"search_term_string\"}}],\"inLanguage\":\"de-CH\"}]}<\/script>\n<meta property=\"product:price:amount\" content=\"2.68\" \/>\n<meta property=\"product:price:currency\" content=\"CHF\" \/>\n<meta property=\"og:availability\" content=\"out of stock\" \/>\n<meta property=\"product:availability\" content=\"out of stock\" \/>\n<meta property=\"product:retailer_item_id\" content=\"5999571381760\" \/>\n<meta property=\"product:condition\" content=\"new\" \/>\n<!-- \/ Yoast SEO plugin. -->","yoast_head_json":{"title":"Vitaking Vitamin K2 90 mcg \u2013 30 Kapseln | ecosupplements.ch","description":"Vitamin K2 als Menaquinon-7 (VITAMK7\u00ae) f\u00fcr Knochen und Blutgerinnung \u2013 90 \u00b5g pro Kapsel, 30 vegane Kapseln. Jetzt bestellen.","robots":{"index":"index","follow":"follow","max-snippet":"max-snippet:-1","max-image-preview":"max-image-preview:large","max-video-preview":"max-video-preview:-1"},"canonical":"https:\/\/ecosupplements.ch\/?product=vitaking-vitamin-k2-90-mcg-30-capsules","og_locale":"de_DE","og_type":"article","og_title":"Vitaking Vitamin K2 90 mcg \u2013 30 Kapseln | ecosupplements.ch","og_description":"Vitamin K2 als Menaquinon-7 (VITAMK7\u00ae) f\u00fcr Knochen und Blutgerinnung \u2013 90 \u00b5g pro Kapsel, 30 vegane Kapseln. Jetzt bestellen.","og_url":"https:\/\/ecosupplements.ch\/?product=vitaking-vitamin-k2-90-mcg-30-capsules","og_site_name":"Eco Supplements","article_modified_time":"2026-05-13T07:27:51+00:00","og_image":[{"width":1000,"height":1000,"url":"https:\/\/ecosupplements.ch\/wp-content\/uploads\/2026\/05\/Vitaking-Vitamin-K2-90-mcg-30-Capsules.webp","type":"image\/jpeg"}],"twitter_card":"summary_large_image","twitter_misc":{"Price":"&#67;&#72;&#70;&nbsp;2.68","Availability":"Out of stock"},"schema":{"@context":"https:\/\/schema.org","@graph":[{"@type":"WebPage","@id":"https:\/\/ecosupplements.ch\/?product=vitaking-vitamin-k2-90-mcg-30-capsules","url":"https:\/\/ecosupplements.ch\/?product=vitaking-vitamin-k2-90-mcg-30-capsules","name":"Vitaking Vitamin K2 90 mcg \u2013 30 Kapseln | ecosupplements.ch","isPartOf":{"@id":"https:\/\/ecosupplements.ch\/#website"},"primaryImageOfPage":{"@id":"https:\/\/ecosupplements.ch\/?product=vitaking-vitamin-k2-90-mcg-30-capsules#primaryimage"},"image":{"@id":"https:\/\/ecosupplements.ch\/?product=vitaking-vitamin-k2-90-mcg-30-capsules#primaryimage"},"thumbnailUrl":"https:\/\/ecosupplements.ch\/wp-content\/uploads\/2026\/05\/Vitaking-Vitamin-K2-90-mcg-30-Capsules.webp","datePublished":"2026-05-11T15:12:24+00:00","dateModified":"2026-05-13T07:27:51+00:00","description":"Vitamin K2 als Menaquinon-7 (VITAMK7\u00ae) f\u00fcr Knochen und Blutgerinnung \u2013 90 \u00b5g pro Kapsel, 30 vegane Kapseln. Jetzt bestellen.","breadcrumb":{"@id":"https:\/\/ecosupplements.ch\/?product=vitaking-vitamin-k2-90-mcg-30-capsules#breadcrumb"},"inLanguage":"de-CH","potentialAction":[{"@type":"ReadAction","target":["https:\/\/ecosupplements.ch\/?product=vitaking-vitamin-k2-90-mcg-30-capsules"]}]},{"@type":"ImageObject","inLanguage":"de-CH","@id":"https:\/\/ecosupplements.ch\/?product=vitaking-vitamin-k2-90-mcg-30-capsules#primaryimage","url":"https:\/\/ecosupplements.ch\/wp-content\/uploads\/2026\/05\/Vitaking-Vitamin-K2-90-mcg-30-Capsules.webp","contentUrl":"https:\/\/ecosupplements.ch\/wp-content\/uploads\/2026\/05\/Vitaking-Vitamin-K2-90-mcg-30-Capsules.webp","width":1000,"height":1000,"caption":"Vitaking Vitamin K2 90 mcg (30 Capsules)"},{"@type":"BreadcrumbList","@id":"https:\/\/ecosupplements.ch\/?product=vitaking-vitamin-k2-90-mcg-30-capsules#breadcrumb","itemListElement":[{"@type":"ListItem","position":1,"name":"Home","item":"https:\/\/ecosupplements.ch\/"},{"@type":"ListItem","position":2,"name":"Shop","item":"https:\/\/ecosupplements.ch\/?page_id=14"},{"@type":"ListItem","position":3,"name":"Vitaking Vitamin K2 90 mcg (30 Capsules)"}]},{"@type":"WebSite","@id":"https:\/\/ecosupplements.ch\/#website","url":"https:\/\/ecosupplements.ch\/","name":"Eco Supplements","description":"","potentialAction":[{"@type":"SearchAction","target":{"@type":"EntryPoint","urlTemplate":"https:\/\/ecosupplements.ch\/?s={search_term_string}"},"query-input":{"@type":"PropertyValueSpecification","valueRequired":true,"valueName":"search_term_string"}}],"inLanguage":"de-CH"}]},"product_price_amount":"2.68","product_price_currency":"CHF","og_availability":"out of stock","product_availability":"out of stock","product_retailer_item_id":"5999571381760","product_condition":"new"},"_links":{"self":[{"href":"https:\/\/ecosupplements.ch\/index.php?rest_route=\/wp\/v2\/product\/6126","targetHints":{"allow":["GET"]}}],"collection":[{"href":"https:\/\/ecosupplements.ch\/index.php?rest_route=\/wp\/v2\/product"}],"about":[{"href":"https:\/\/ecosupplements.ch\/index.php?rest_route=\/wp\/v2\/types\/product"}],"replies":[{"embeddable":true,"href":"https:\/\/ecosupplements.ch\/index.php?rest_route=%2Fwp%2Fv2%2Fcomments&post=6126"}],"wp:featuredmedia":[{"embeddable":true,"href":"https:\/\/ecosupplements.ch\/index.php?rest_route=\/wp\/v2\/media\/6127"}],"wp:attachment":[{"href":"https:\/\/ecosupplements.ch\/index.php?rest_route=%2Fwp%2Fv2%2Fmedia&parent=6126"}],"wp:term":[{"taxonomy":"product_brand","embeddable":true,"href":"https:\/\/ecosupplements.ch\/index.php?rest_route=%2Fwp%2Fv2%2Fproduct_brand&post=6126"},{"taxonomy":"product_cat","embeddable":true,"href":"https:\/\/ecosupplements.ch\/index.php?rest_route=%2Fwp%2Fv2%2Fproduct_cat&post=6126"},{"taxonomy":"product_tag","embeddable":true,"href":"https:\/\/ecosupplements.ch\/index.php?rest_route=%2Fwp%2Fv2%2Fproduct_tag&post=6126"}],"curies":[{"name":"wp","href":"https:\/\/api.w.org\/{rel}","templated":true}]}}