{"id":6324,"date":"2026-05-11T15:14:01","date_gmt":"2026-05-11T15:14:01","guid":{"rendered":"https:\/\/ecosupplements.ch\/?product=hepatica-curcumin-c3-complex-90-caps"},"modified":"2026-05-13T07:28:07","modified_gmt":"2026-05-13T07:28:07","slug":"hepatica-curcumin-c3-complex-90-caps","status":"publish","type":"product","link":"https:\/\/ecosupplements.ch\/?product=hepatica-curcumin-c3-complex-90-caps","title":{"rendered":"HEPATICA Curcumin C3 Complex (90 caps)"},"content":{"rendered":"<div class=\"chcg-product-description\">\n<h2 class=\"chcg-heading\">\u00dcber Hepatica \u2013 HEPATICA Curcumin C3 Complex (90 Kapseln)<\/h2>\n<div class=\"chcg-intro\">\n<p>HEPATICA Curcumin C3 Complex liefert pro Kapsel 230 mg standardisierten Kurkuma-Wurzelstockextrakt (<em>Curcuma longa<\/em>), der auf bis zu 95 % Curcuminoide konzentriert ist \u2013 davon 218,5 mg aktive Curcuminoide pro Tagesdosis. Der hochstandardisierte Extrakt garantiert eine konstante Wirkstoffkonzentration in jeder Kapsel.<\/p>\n<p>Das Produkt ist in pflanzlichen Vcaps Plus-Kapseln aus Hydroxypropylmethylcellulose (HPMC) abgef\u00fcllt \u2013 eine vegane und vegetarische Alternative zu herk\u00f6mmlichen Gelatinekapseln. Die Formulierung enth\u00e4lt keine \u00fcberfl\u00fcssigen Zusatzstoffe und eignet sich f\u00fcr Personen, die auf eine pflanzenbasierte Ern\u00e4hrungsweise achten.<\/p>\n<p>Mit 90 Kapseln pro Packung deckt HEPATICA Curcumin C3 Complex einen Vorrat von bis zu 90 Tagen bei empfohlener Tagesdosis von einer Kapsel ab. Das Produkt wird in der Schweiz als Nahrungserg\u00e4nzungsmittel vertrieben und erg\u00e4nzt eine abwechslungsreiche und ausgewogene Ern\u00e4hrung.<\/p>\n<\/p><\/div>\n<div class=\"chcg-nutrition\">\n<h3>N\u00e4hrwertangaben<\/h3>\n<table class=\"chcg-nutrition-table\">\n<thead>\n<tr>\n<th>N\u00e4hrstoff<\/th>\n<th>Pro Portion (1 Kapsel)<\/th>\n<\/tr>\n<\/thead>\n<tbody>\n<tr>\n<td>Kurkuma-Wurzelstockextrakt (<em>Curcuma longa<\/em>), standardisiert auf 95 % Curcuminoide<\/td>\n<td>230 mg*<\/td>\n<\/tr>\n<tr>\n<td>\u2013 davon Curcuminoide<\/td>\n<td>218,5 mg*<\/td>\n<\/tr>\n<\/tbody>\n<\/table>\n<p class=\"chcg-footnote\">* Kein festgelegter Tagesbedarf (Referenzwert nicht vorhanden).<\/p>\n<\/p><\/div>\n<div class=\"chcg-ingredients\">\n<h3>Zutaten<\/h3>\n<p>Standardisierter Kurkuma-Extrakt (<em>Curcuma longa<\/em>) auf bis zu 95 % Curcuminoide, Stabilisator \u2013 Hydroxypropylmethylcellulose (Kapselh\u00fcllenbestandteil).<\/p>\n<p class=\"chcg-capsule-shell\">Kapselh\u00fclle: Hydroxypropylmethylcellulose (HPMC) \u2013 Vcaps Plus Pflanzenkapseln<\/p>\n<\/p><\/div>\n<div class=\"chcg-dosage\">\n<h3>Verzehrempfehlung<\/h3>\n<p>1 Kapsel pro Tag zu einer Mahlzeit einnehmen. Die empfohlene Tagesdosis (1 Kapsel) enth\u00e4lt 230 mg Kurkuma-Wurzelstockextrakt, davon 218,5 mg Curcuminoide. Die empfohlene Tagesdosis nicht \u00fcberschreiten.<\/p>\n<\/p><\/div>\n<div class=\"chcg-warnings\">\n<h3>Warnhinweise<\/h3>\n<p>Die empfohlene Tagesdosis nicht \u00fcberschreiten. Ein Nahrungserg\u00e4nzungsmittel ist kein Ersatz f\u00fcr eine abwechslungsreiche Ern\u00e4hrung. Nicht empfohlen f\u00fcr Schwangere oder stillende Frauen. Bei \u00dcberempfindlichkeit gegen\u00fcber einem der Inhaltsstoffe nicht verwenden. Ausserhalb der Reichweite von Kindern aufbewahren.<\/p>\n<\/p><\/div>\n<div class=\"chcg-allergens\">\n<h3>Allergeninformationen<\/h3>\n<p>Keine Allergene deklariert. Bei \u00dcberempfindlichkeit gegen\u00fcber einem der Inhaltsstoffe des Produkts nicht verwenden.<\/p>\n<\/p><\/div>\n<div class=\"chcg-storage\">\n<h3>Lagerung<\/h3>\n<p>In einem fest verschlossenen Beh\u00e4lter, bei Raumtemperatur 15\u201325 \u00b0C, an einem trockenen Ort und ausserhalb der Reichweite von Kleinkindern aufbewahren. Vor Feuchtigkeit und Licht sch\u00fctzen.<\/p>\n<\/p><\/div>\n<div class=\"chcg-dietary\">\n<h3>Ern\u00e4hrungshinweise<\/h3>\n<ul>\n<li>Vegan<\/li>\n<li>Vegetarisch<\/li>\n<\/ul><\/div>\n<\/div>\n","protected":false},"excerpt":{"rendered":"<p>HEPATICA Curcumin C3 Complex liefert 218,5 mg hochkonzentrierte Curcuminoide pro Kapsel aus standardisiertem Kurkuma-Extrakt. Erh\u00e4ltlich in 90 veganen Vcaps Plus-Pflanzenkapseln f\u00fcr einen 90-Tage-Vorrat.<\/p>\n","protected":false},"featured_media":6325,"comment_status":"closed","ping_status":"open","template":"","meta":[],"product_brand":[329],"product_cat":[25,117,26,21],"product_tag":[],"class_list":{"0":"post-6324","1":"product","2":"type-product","3":"status-publish","4":"has-post-thumbnail","6":"product_brand-hepatica","7":"product_cat-gesundheit-und-wohlbefinden","8":"product_cat-kurkuma","9":"product_cat-multivitamine","10":"product_cat-vitamine-und-mineralstoffe","12":"first","13":"outofstock","14":"taxable","15":"shipping-taxable","16":"purchasable","17":"product-type-simple"},"yoast_head":"<!-- This site is optimized with the Yoast SEO plugin v27.5 - https:\/\/yoast.com\/product\/yoast-seo-wordpress\/ -->\n<title>HEPATICA Curcumin C3 Complex 90 Kapseln | ecosupplements.ch<\/title>\n<meta name=\"description\" content=\"218,5 mg Curcuminoide pro Kapsel aus standardisiertem Kurkuma-Extrakt \u2013 vegan, 90 Vcaps Plus. Jetzt bestellen.\" \/>\n<meta name=\"robots\" content=\"index, follow, max-snippet:-1, max-image-preview:large, max-video-preview:-1\" \/>\n<link rel=\"canonical\" href=\"https:\/\/ecosupplements.ch\/?product=hepatica-curcumin-c3-complex-90-caps\" \/>\n<meta property=\"og:locale\" content=\"de_DE\" \/>\n<meta property=\"og:type\" content=\"article\" \/>\n<meta property=\"og:title\" content=\"HEPATICA Curcumin C3 Complex 90 Kapseln | ecosupplements.ch\" \/>\n<meta property=\"og:description\" content=\"218,5 mg Curcuminoide pro Kapsel aus standardisiertem Kurkuma-Extrakt \u2013 vegan, 90 Vcaps Plus. Jetzt bestellen.\" \/>\n<meta property=\"og:url\" content=\"https:\/\/ecosupplements.ch\/?product=hepatica-curcumin-c3-complex-90-caps\" \/>\n<meta property=\"og:site_name\" content=\"Eco Supplements\" \/>\n<meta property=\"article:modified_time\" content=\"2026-05-13T07:28:07+00:00\" \/>\n<meta property=\"og:image\" content=\"https:\/\/ecosupplements.ch\/wp-content\/uploads\/2026\/05\/HEPATICA-Curcumin-C3-Complex-90-caps.jpg\" \/>\n\t<meta property=\"og:image:width\" content=\"632\" \/>\n\t<meta property=\"og:image:height\" content=\"877\" \/>\n\t<meta property=\"og:image:type\" content=\"image\/jpeg\" \/>\n<meta name=\"twitter:card\" content=\"summary_large_image\" \/>\n<meta name=\"twitter:label1\" content=\"Price\" \/>\n\t<meta name=\"twitter:data1\" content=\"&#067;&#072;&#070;&nbsp;11.32\" \/>\n\t<meta name=\"twitter:label2\" content=\"Availability\" \/>\n\t<meta name=\"twitter:data2\" content=\"Out of stock\" \/>\n<script type=\"application\/ld+json\" class=\"yoast-schema-graph\">{\"@context\":\"https:\\\/\\\/schema.org\",\"@graph\":[{\"@type\":\"WebPage\",\"@id\":\"https:\\\/\\\/ecosupplements.ch\\\/?product=hepatica-curcumin-c3-complex-90-caps\",\"url\":\"https:\\\/\\\/ecosupplements.ch\\\/?product=hepatica-curcumin-c3-complex-90-caps\",\"name\":\"HEPATICA Curcumin C3 Complex 90 Kapseln | ecosupplements.ch\",\"isPartOf\":{\"@id\":\"https:\\\/\\\/ecosupplements.ch\\\/#website\"},\"primaryImageOfPage\":{\"@id\":\"https:\\\/\\\/ecosupplements.ch\\\/?product=hepatica-curcumin-c3-complex-90-caps#primaryimage\"},\"image\":{\"@id\":\"https:\\\/\\\/ecosupplements.ch\\\/?product=hepatica-curcumin-c3-complex-90-caps#primaryimage\"},\"thumbnailUrl\":\"https:\\\/\\\/ecosupplements.ch\\\/wp-content\\\/uploads\\\/2026\\\/05\\\/HEPATICA-Curcumin-C3-Complex-90-caps.jpg\",\"datePublished\":\"2026-05-11T15:14:01+00:00\",\"dateModified\":\"2026-05-13T07:28:07+00:00\",\"description\":\"218,5 mg Curcuminoide pro Kapsel aus standardisiertem Kurkuma-Extrakt \u2013 vegan, 90 Vcaps Plus. Jetzt bestellen.\",\"breadcrumb\":{\"@id\":\"https:\\\/\\\/ecosupplements.ch\\\/?product=hepatica-curcumin-c3-complex-90-caps#breadcrumb\"},\"inLanguage\":\"de-CH\",\"potentialAction\":[{\"@type\":\"ReadAction\",\"target\":[\"https:\\\/\\\/ecosupplements.ch\\\/?product=hepatica-curcumin-c3-complex-90-caps\"]}]},{\"@type\":\"ImageObject\",\"inLanguage\":\"de-CH\",\"@id\":\"https:\\\/\\\/ecosupplements.ch\\\/?product=hepatica-curcumin-c3-complex-90-caps#primaryimage\",\"url\":\"https:\\\/\\\/ecosupplements.ch\\\/wp-content\\\/uploads\\\/2026\\\/05\\\/HEPATICA-Curcumin-C3-Complex-90-caps.jpg\",\"contentUrl\":\"https:\\\/\\\/ecosupplements.ch\\\/wp-content\\\/uploads\\\/2026\\\/05\\\/HEPATICA-Curcumin-C3-Complex-90-caps.jpg\",\"width\":632,\"height\":877,\"caption\":\"HEPATICA Curcumin C3 Complex (90 caps)\"},{\"@type\":\"BreadcrumbList\",\"@id\":\"https:\\\/\\\/ecosupplements.ch\\\/?product=hepatica-curcumin-c3-complex-90-caps#breadcrumb\",\"itemListElement\":[{\"@type\":\"ListItem\",\"position\":1,\"name\":\"Home\",\"item\":\"https:\\\/\\\/ecosupplements.ch\\\/\"},{\"@type\":\"ListItem\",\"position\":2,\"name\":\"Shop\",\"item\":\"https:\\\/\\\/ecosupplements.ch\\\/?page_id=14\"},{\"@type\":\"ListItem\",\"position\":3,\"name\":\"HEPATICA Curcumin C3 Complex (90 caps)\"}]},{\"@type\":\"WebSite\",\"@id\":\"https:\\\/\\\/ecosupplements.ch\\\/#website\",\"url\":\"https:\\\/\\\/ecosupplements.ch\\\/\",\"name\":\"Eco Supplements\",\"description\":\"\",\"potentialAction\":[{\"@type\":\"SearchAction\",\"target\":{\"@type\":\"EntryPoint\",\"urlTemplate\":\"https:\\\/\\\/ecosupplements.ch\\\/?s={search_term_string}\"},\"query-input\":{\"@type\":\"PropertyValueSpecification\",\"valueRequired\":true,\"valueName\":\"search_term_string\"}}],\"inLanguage\":\"de-CH\"}]}<\/script>\n<meta property=\"product:price:amount\" content=\"11.32\" \/>\n<meta property=\"product:price:currency\" content=\"CHF\" \/>\n<meta property=\"og:availability\" content=\"out of stock\" \/>\n<meta property=\"product:availability\" content=\"out of stock\" \/>\n<meta property=\"product:retailer_item_id\" content=\"5905279653054\" \/>\n<meta property=\"product:condition\" content=\"new\" \/>\n<!-- \/ Yoast SEO plugin. -->","yoast_head_json":{"title":"HEPATICA Curcumin C3 Complex 90 Kapseln | ecosupplements.ch","description":"218,5 mg Curcuminoide pro Kapsel aus standardisiertem Kurkuma-Extrakt \u2013 vegan, 90 Vcaps Plus. Jetzt bestellen.","robots":{"index":"index","follow":"follow","max-snippet":"max-snippet:-1","max-image-preview":"max-image-preview:large","max-video-preview":"max-video-preview:-1"},"canonical":"https:\/\/ecosupplements.ch\/?product=hepatica-curcumin-c3-complex-90-caps","og_locale":"de_DE","og_type":"article","og_title":"HEPATICA Curcumin C3 Complex 90 Kapseln | ecosupplements.ch","og_description":"218,5 mg Curcuminoide pro Kapsel aus standardisiertem Kurkuma-Extrakt \u2013 vegan, 90 Vcaps Plus. Jetzt bestellen.","og_url":"https:\/\/ecosupplements.ch\/?product=hepatica-curcumin-c3-complex-90-caps","og_site_name":"Eco Supplements","article_modified_time":"2026-05-13T07:28:07+00:00","og_image":[{"width":632,"height":877,"url":"https:\/\/ecosupplements.ch\/wp-content\/uploads\/2026\/05\/HEPATICA-Curcumin-C3-Complex-90-caps.jpg","type":"image\/jpeg"}],"twitter_card":"summary_large_image","twitter_misc":{"Price":"&#67;&#72;&#70;&nbsp;11.32","Availability":"Out of stock"},"schema":{"@context":"https:\/\/schema.org","@graph":[{"@type":"WebPage","@id":"https:\/\/ecosupplements.ch\/?product=hepatica-curcumin-c3-complex-90-caps","url":"https:\/\/ecosupplements.ch\/?product=hepatica-curcumin-c3-complex-90-caps","name":"HEPATICA Curcumin C3 Complex 90 Kapseln | ecosupplements.ch","isPartOf":{"@id":"https:\/\/ecosupplements.ch\/#website"},"primaryImageOfPage":{"@id":"https:\/\/ecosupplements.ch\/?product=hepatica-curcumin-c3-complex-90-caps#primaryimage"},"image":{"@id":"https:\/\/ecosupplements.ch\/?product=hepatica-curcumin-c3-complex-90-caps#primaryimage"},"thumbnailUrl":"https:\/\/ecosupplements.ch\/wp-content\/uploads\/2026\/05\/HEPATICA-Curcumin-C3-Complex-90-caps.jpg","datePublished":"2026-05-11T15:14:01+00:00","dateModified":"2026-05-13T07:28:07+00:00","description":"218,5 mg Curcuminoide pro Kapsel aus standardisiertem Kurkuma-Extrakt \u2013 vegan, 90 Vcaps Plus. Jetzt bestellen.","breadcrumb":{"@id":"https:\/\/ecosupplements.ch\/?product=hepatica-curcumin-c3-complex-90-caps#breadcrumb"},"inLanguage":"de-CH","potentialAction":[{"@type":"ReadAction","target":["https:\/\/ecosupplements.ch\/?product=hepatica-curcumin-c3-complex-90-caps"]}]},{"@type":"ImageObject","inLanguage":"de-CH","@id":"https:\/\/ecosupplements.ch\/?product=hepatica-curcumin-c3-complex-90-caps#primaryimage","url":"https:\/\/ecosupplements.ch\/wp-content\/uploads\/2026\/05\/HEPATICA-Curcumin-C3-Complex-90-caps.jpg","contentUrl":"https:\/\/ecosupplements.ch\/wp-content\/uploads\/2026\/05\/HEPATICA-Curcumin-C3-Complex-90-caps.jpg","width":632,"height":877,"caption":"HEPATICA Curcumin C3 Complex (90 caps)"},{"@type":"BreadcrumbList","@id":"https:\/\/ecosupplements.ch\/?product=hepatica-curcumin-c3-complex-90-caps#breadcrumb","itemListElement":[{"@type":"ListItem","position":1,"name":"Home","item":"https:\/\/ecosupplements.ch\/"},{"@type":"ListItem","position":2,"name":"Shop","item":"https:\/\/ecosupplements.ch\/?page_id=14"},{"@type":"ListItem","position":3,"name":"HEPATICA Curcumin C3 Complex (90 caps)"}]},{"@type":"WebSite","@id":"https:\/\/ecosupplements.ch\/#website","url":"https:\/\/ecosupplements.ch\/","name":"Eco Supplements","description":"","potentialAction":[{"@type":"SearchAction","target":{"@type":"EntryPoint","urlTemplate":"https:\/\/ecosupplements.ch\/?s={search_term_string}"},"query-input":{"@type":"PropertyValueSpecification","valueRequired":true,"valueName":"search_term_string"}}],"inLanguage":"de-CH"}]},"product_price_amount":"11.32","product_price_currency":"CHF","og_availability":"out of stock","product_availability":"out of stock","product_retailer_item_id":"5905279653054","product_condition":"new"},"_links":{"self":[{"href":"https:\/\/ecosupplements.ch\/index.php?rest_route=\/wp\/v2\/product\/6324","targetHints":{"allow":["GET"]}}],"collection":[{"href":"https:\/\/ecosupplements.ch\/index.php?rest_route=\/wp\/v2\/product"}],"about":[{"href":"https:\/\/ecosupplements.ch\/index.php?rest_route=\/wp\/v2\/types\/product"}],"replies":[{"embeddable":true,"href":"https:\/\/ecosupplements.ch\/index.php?rest_route=%2Fwp%2Fv2%2Fcomments&post=6324"}],"wp:featuredmedia":[{"embeddable":true,"href":"https:\/\/ecosupplements.ch\/index.php?rest_route=\/wp\/v2\/media\/6325"}],"wp:attachment":[{"href":"https:\/\/ecosupplements.ch\/index.php?rest_route=%2Fwp%2Fv2%2Fmedia&parent=6324"}],"wp:term":[{"taxonomy":"product_brand","embeddable":true,"href":"https:\/\/ecosupplements.ch\/index.php?rest_route=%2Fwp%2Fv2%2Fproduct_brand&post=6324"},{"taxonomy":"product_cat","embeddable":true,"href":"https:\/\/ecosupplements.ch\/index.php?rest_route=%2Fwp%2Fv2%2Fproduct_cat&post=6324"},{"taxonomy":"product_tag","embeddable":true,"href":"https:\/\/ecosupplements.ch\/index.php?rest_route=%2Fwp%2Fv2%2Fproduct_tag&post=6324"}],"curies":[{"name":"wp","href":"https:\/\/api.w.org\/{rel}","templated":true}]}}