{"id":645,"date":"2026-05-11T14:24:08","date_gmt":"2026-05-11T14:24:08","guid":{"rendered":"https:\/\/ecosupplements.ch\/?product=ajipure-l-leucine-500mg-60-vcaps"},"modified":"2026-05-13T07:23:39","modified_gmt":"2026-05-13T07:23:39","slug":"ajipure-l-leucine-500mg-60-vcaps","status":"publish","type":"product","link":"https:\/\/ecosupplements.ch\/?product=ajipure-l-leucine-500mg-60-vcaps","title":{"rendered":"AjiPure L-Leucine, 500mg &#8211; 60 vcaps"},"content":{"rendered":"<div class=\"chcg-product-description\">\n<h2 class=\"chcg-heading\">\u00dcber Swanson \u2013 AjiPure L-Leucine, 500mg \u2013 60 Kapseln<\/h2>\n<div class=\"chcg-intro\">\n<p>L-Leucin ist eine essentielle verzweigtkettige Aminos\u00e4ure (BCAA), die der K\u00f6rper nicht selbst herstellen kann und die daher \u00fcber die Nahrung oder Nahrungserg\u00e4nzungsmittel zugef\u00fchrt werden muss. Als eine der wichtigsten Aminos\u00e4uren f\u00fcr den Muskelstoffwechsel tr\u00e4gt L-Leucin zur normalen Proteinsynthese bei und wird von Sportlerinnen und Sportlern sowie aktiven Menschen regelm\u00e4ssig eingesetzt.<\/p>\n<p>Swanson setzt bei diesem Produkt auf AjiPure\u00ae L-Leucin \u2013 eine pharmazeutisch reine Qualit\u00e4t, die durch den renommierten japanischen Hersteller Ajinomoto hergestellt und mittels eines fermentierten Verfahrens gewonnen wird. Diese hochwertige Reinheit gew\u00e4hrleistet eine konsistente und zuverl\u00e4ssige Qualit\u00e4t, wie sie Schweizer Konsumentinnen und Konsumenten erwarten.<\/p>\n<p>Das Produkt ist vegan, glutenfrei (gepr\u00fcft auf weniger als 20 ppm) sowie nicht gentechnisch ver\u00e4ndert (Non-GMO). Mit 500 mg L-Leucin pro Kapsel und 60 pflanzlichen Kapseln pro Packung bietet dieses Nahrungserg\u00e4nzungsmittel eine unkomplizierte und pr\u00e4zise Dosierung im Alltag.<\/p>\n<\/p><\/div>\n<div class=\"chcg-nutrition\">\n<h3>N\u00e4hrwertangaben<\/h3>\n<table class=\"chcg-nutrition-table\">\n<thead>\n<tr>\n<th>N\u00e4hrstoff<\/th>\n<th>Pro Portion (1 Kapsel)<\/th>\n<\/tr>\n<\/thead>\n<tbody>\n<tr>\n<td>AjiPure\u00ae L-Leucin (pharmazeutische Qualit\u00e4t)<\/td>\n<td>500 mg *<\/td>\n<\/tr>\n<\/tbody>\n<\/table>\n<p class=\"chcg-footnote\">* Kein festgelegter Tagesreferenzwert vorhanden.<\/p>\n<\/p><\/div>\n<div class=\"chcg-ingredients\">\n<h3>Zutaten<\/h3>\n<p>AjiPure\u00ae L-Leucin (pharmazeutische Qualit\u00e4t) 500 mg. Weitere Zutaten: Reismehl, Hydroxypropylmethylcellulose (vegetarische Kapsel).<\/p>\n<p class=\"chcg-capsule-shell\">Kapselh\u00fclle: Hydroxypropylmethylcellulose (vegetarische Kapsel).<\/p>\n<\/p><\/div>\n<div class=\"chcg-dosage\">\n<h3>Verzehrempfehlung<\/h3>\n<p>Als Nahrungserg\u00e4nzungsmittel eine pflanzliche Kapsel zweimal t\u00e4glich mit Wasser einnehmen.<\/p>\n<\/p><\/div>\n<div class=\"chcg-warnings\">\n<h3>Warnhinweise<\/h3>\n<p>Nur f\u00fcr Erwachsene. Konsultieren Sie Ihre \u00c4rztin oder Ihren Arzt, bevor Sie dieses oder ein anderes Produkt einnehmen, wenn Sie schwanger sind oder stillen, Medikamente einnehmen oder an einer Erkrankung leiden. Ausserhalb der Reichweite von Kindern aufbewahren. Nicht verwenden, wenn die Schutzversiegelung besch\u00e4digt ist.<\/p>\n<\/p><\/div>\n<div class=\"chcg-allergens\">\n<h3>Allergeninformationen<\/h3>\n<p>Auf der Verpackung sind keine Allergene deklariert. Das Produkt ist glutenfrei (gepr\u00fcft auf weniger als 20 ppm) und nicht gentechnisch ver\u00e4ndert (Non-GMO).<\/p>\n<\/p><\/div>\n<div class=\"chcg-storage\">\n<h3>Lagerung<\/h3>\n<p>An einem k\u00fchlen, trockenen Ort lagern.<\/p>\n<\/p><\/div>\n<div class=\"chcg-dietary\">\n<h3>Ern\u00e4hrungshinweise<\/h3>\n<ul>\n<li>Vegan<\/li>\n<li>Vegetarisch<\/li>\n<li>Glutenfrei<\/li>\n<li>Laktosefrei<\/li>\n<\/ul><\/div>\n<\/div>\n","protected":false},"excerpt":{"rendered":"<p>AjiPure\u00ae L-Leucin von Swanson liefert 500 mg essentielle Aminos\u00e4ure in pharmazeutischer Reinheit pro pflanzlicher Kapsel. 60 vegane Kapseln pro Packung \u2013 glutenfrei und Non-GMO.<\/p>\n","protected":false},"featured_media":646,"comment_status":"closed","ping_status":"open","template":"","meta":[],"product_brand":[16],"product_cat":[514,516,90,48,21],"product_tag":[],"class_list":{"0":"post-645","1":"product","2":"type-product","3":"status-publish","4":"has-post-thumbnail","6":"product_brand-swanson","7":"product_cat-aminosaeuren-und-bcaas","8":"product_cat-einzelne-aminosaeuren-aminosaeuren-und-bcaas","9":"product_cat-fitness-training","10":"product_cat-gesunde-ernaehrung","11":"product_cat-vitamine-und-mineralstoffe","13":"first","14":"outofstock","15":"taxable","16":"shipping-taxable","17":"purchasable","18":"product-type-simple"},"yoast_head":"<!-- This site is optimized with the Yoast SEO plugin v27.5 - https:\/\/yoast.com\/product\/yoast-seo-wordpress\/ -->\n<title>AjiPure L-Leucine 500mg \u2013 Swanson | ecosupplements.ch<\/title>\n<meta name=\"description\" content=\"Swanson AjiPure\u00ae L-Leucin, 500 mg pro Kapsel, 60 vegane Kapseln \u2013 glutenfrei und in pharmazeutischer Qualit\u00e4t. Jetzt bestellen.\" \/>\n<meta name=\"robots\" content=\"index, follow, max-snippet:-1, max-image-preview:large, max-video-preview:-1\" \/>\n<link rel=\"canonical\" href=\"https:\/\/ecosupplements.ch\/?product=ajipure-l-leucine-500mg-60-vcaps\" \/>\n<meta property=\"og:locale\" content=\"de_DE\" \/>\n<meta property=\"og:type\" content=\"article\" \/>\n<meta property=\"og:title\" content=\"AjiPure L-Leucine 500mg \u2013 Swanson | ecosupplements.ch\" \/>\n<meta property=\"og:description\" content=\"Swanson AjiPure\u00ae L-Leucin, 500 mg pro Kapsel, 60 vegane Kapseln \u2013 glutenfrei und in pharmazeutischer Qualit\u00e4t. Jetzt bestellen.\" \/>\n<meta property=\"og:url\" content=\"https:\/\/ecosupplements.ch\/?product=ajipure-l-leucine-500mg-60-vcaps\" \/>\n<meta property=\"og:site_name\" content=\"Eco Supplements\" \/>\n<meta property=\"article:modified_time\" content=\"2026-05-13T07:23:39+00:00\" \/>\n<meta property=\"og:image\" content=\"https:\/\/ecosupplements.ch\/wp-content\/uploads\/2026\/05\/AjiPure-L-Leucine-500mg-60-vcaps.jpg\" \/>\n\t<meta property=\"og:image:width\" content=\"1080\" \/>\n\t<meta property=\"og:image:height\" content=\"1080\" \/>\n\t<meta property=\"og:image:type\" content=\"image\/jpeg\" \/>\n<meta name=\"twitter:card\" content=\"summary_large_image\" \/>\n<meta name=\"twitter:label1\" content=\"Price\" \/>\n\t<meta name=\"twitter:data1\" content=\"&#067;&#072;&#070;&nbsp;14.08\" \/>\n\t<meta name=\"twitter:label2\" content=\"Availability\" \/>\n\t<meta name=\"twitter:data2\" content=\"Out of stock\" \/>\n<script type=\"application\/ld+json\" class=\"yoast-schema-graph\">{\"@context\":\"https:\\\/\\\/schema.org\",\"@graph\":[{\"@type\":\"WebPage\",\"@id\":\"https:\\\/\\\/ecosupplements.ch\\\/?product=ajipure-l-leucine-500mg-60-vcaps\",\"url\":\"https:\\\/\\\/ecosupplements.ch\\\/?product=ajipure-l-leucine-500mg-60-vcaps\",\"name\":\"AjiPure L-Leucine 500mg \u2013 Swanson | ecosupplements.ch\",\"isPartOf\":{\"@id\":\"https:\\\/\\\/ecosupplements.ch\\\/#website\"},\"primaryImageOfPage\":{\"@id\":\"https:\\\/\\\/ecosupplements.ch\\\/?product=ajipure-l-leucine-500mg-60-vcaps#primaryimage\"},\"image\":{\"@id\":\"https:\\\/\\\/ecosupplements.ch\\\/?product=ajipure-l-leucine-500mg-60-vcaps#primaryimage\"},\"thumbnailUrl\":\"https:\\\/\\\/ecosupplements.ch\\\/wp-content\\\/uploads\\\/2026\\\/05\\\/AjiPure-L-Leucine-500mg-60-vcaps.jpg\",\"datePublished\":\"2026-05-11T14:24:08+00:00\",\"dateModified\":\"2026-05-13T07:23:39+00:00\",\"description\":\"Swanson AjiPure\u00ae L-Leucin, 500 mg pro Kapsel, 60 vegane Kapseln \u2013 glutenfrei und in pharmazeutischer Qualit\u00e4t. Jetzt bestellen.\",\"breadcrumb\":{\"@id\":\"https:\\\/\\\/ecosupplements.ch\\\/?product=ajipure-l-leucine-500mg-60-vcaps#breadcrumb\"},\"inLanguage\":\"de-CH\",\"potentialAction\":[{\"@type\":\"ReadAction\",\"target\":[\"https:\\\/\\\/ecosupplements.ch\\\/?product=ajipure-l-leucine-500mg-60-vcaps\"]}]},{\"@type\":\"ImageObject\",\"inLanguage\":\"de-CH\",\"@id\":\"https:\\\/\\\/ecosupplements.ch\\\/?product=ajipure-l-leucine-500mg-60-vcaps#primaryimage\",\"url\":\"https:\\\/\\\/ecosupplements.ch\\\/wp-content\\\/uploads\\\/2026\\\/05\\\/AjiPure-L-Leucine-500mg-60-vcaps.jpg\",\"contentUrl\":\"https:\\\/\\\/ecosupplements.ch\\\/wp-content\\\/uploads\\\/2026\\\/05\\\/AjiPure-L-Leucine-500mg-60-vcaps.jpg\",\"width\":1080,\"height\":1080,\"caption\":\"AjiPure L-Leucine\"},{\"@type\":\"BreadcrumbList\",\"@id\":\"https:\\\/\\\/ecosupplements.ch\\\/?product=ajipure-l-leucine-500mg-60-vcaps#breadcrumb\",\"itemListElement\":[{\"@type\":\"ListItem\",\"position\":1,\"name\":\"Home\",\"item\":\"https:\\\/\\\/ecosupplements.ch\\\/\"},{\"@type\":\"ListItem\",\"position\":2,\"name\":\"Shop\",\"item\":\"https:\\\/\\\/ecosupplements.ch\\\/?page_id=14\"},{\"@type\":\"ListItem\",\"position\":3,\"name\":\"AjiPure L-Leucine, 500mg &#8211; 60 vcaps\"}]},{\"@type\":\"WebSite\",\"@id\":\"https:\\\/\\\/ecosupplements.ch\\\/#website\",\"url\":\"https:\\\/\\\/ecosupplements.ch\\\/\",\"name\":\"Eco Supplements\",\"description\":\"\",\"potentialAction\":[{\"@type\":\"SearchAction\",\"target\":{\"@type\":\"EntryPoint\",\"urlTemplate\":\"https:\\\/\\\/ecosupplements.ch\\\/?s={search_term_string}\"},\"query-input\":{\"@type\":\"PropertyValueSpecification\",\"valueRequired\":true,\"valueName\":\"search_term_string\"}}],\"inLanguage\":\"de-CH\"}]}<\/script>\n<meta property=\"product:price:amount\" content=\"14.08\" \/>\n<meta property=\"product:price:currency\" content=\"CHF\" \/>\n<meta property=\"og:availability\" content=\"out of stock\" \/>\n<meta property=\"product:availability\" content=\"out of stock\" \/>\n<meta property=\"product:retailer_item_id\" content=\"087614025179\" \/>\n<meta property=\"product:condition\" content=\"new\" \/>\n<!-- \/ Yoast SEO plugin. -->","yoast_head_json":{"title":"AjiPure L-Leucine 500mg \u2013 Swanson | ecosupplements.ch","description":"Swanson AjiPure\u00ae L-Leucin, 500 mg pro Kapsel, 60 vegane Kapseln \u2013 glutenfrei und in pharmazeutischer Qualit\u00e4t. Jetzt bestellen.","robots":{"index":"index","follow":"follow","max-snippet":"max-snippet:-1","max-image-preview":"max-image-preview:large","max-video-preview":"max-video-preview:-1"},"canonical":"https:\/\/ecosupplements.ch\/?product=ajipure-l-leucine-500mg-60-vcaps","og_locale":"de_DE","og_type":"article","og_title":"AjiPure L-Leucine 500mg \u2013 Swanson | ecosupplements.ch","og_description":"Swanson AjiPure\u00ae L-Leucin, 500 mg pro Kapsel, 60 vegane Kapseln \u2013 glutenfrei und in pharmazeutischer Qualit\u00e4t. Jetzt bestellen.","og_url":"https:\/\/ecosupplements.ch\/?product=ajipure-l-leucine-500mg-60-vcaps","og_site_name":"Eco Supplements","article_modified_time":"2026-05-13T07:23:39+00:00","og_image":[{"width":1080,"height":1080,"url":"https:\/\/ecosupplements.ch\/wp-content\/uploads\/2026\/05\/AjiPure-L-Leucine-500mg-60-vcaps.jpg","type":"image\/jpeg"}],"twitter_card":"summary_large_image","twitter_misc":{"Price":"&#67;&#72;&#70;&nbsp;14.08","Availability":"Out of stock"},"schema":{"@context":"https:\/\/schema.org","@graph":[{"@type":"WebPage","@id":"https:\/\/ecosupplements.ch\/?product=ajipure-l-leucine-500mg-60-vcaps","url":"https:\/\/ecosupplements.ch\/?product=ajipure-l-leucine-500mg-60-vcaps","name":"AjiPure L-Leucine 500mg \u2013 Swanson | ecosupplements.ch","isPartOf":{"@id":"https:\/\/ecosupplements.ch\/#website"},"primaryImageOfPage":{"@id":"https:\/\/ecosupplements.ch\/?product=ajipure-l-leucine-500mg-60-vcaps#primaryimage"},"image":{"@id":"https:\/\/ecosupplements.ch\/?product=ajipure-l-leucine-500mg-60-vcaps#primaryimage"},"thumbnailUrl":"https:\/\/ecosupplements.ch\/wp-content\/uploads\/2026\/05\/AjiPure-L-Leucine-500mg-60-vcaps.jpg","datePublished":"2026-05-11T14:24:08+00:00","dateModified":"2026-05-13T07:23:39+00:00","description":"Swanson AjiPure\u00ae L-Leucin, 500 mg pro Kapsel, 60 vegane Kapseln \u2013 glutenfrei und in pharmazeutischer Qualit\u00e4t. Jetzt bestellen.","breadcrumb":{"@id":"https:\/\/ecosupplements.ch\/?product=ajipure-l-leucine-500mg-60-vcaps#breadcrumb"},"inLanguage":"de-CH","potentialAction":[{"@type":"ReadAction","target":["https:\/\/ecosupplements.ch\/?product=ajipure-l-leucine-500mg-60-vcaps"]}]},{"@type":"ImageObject","inLanguage":"de-CH","@id":"https:\/\/ecosupplements.ch\/?product=ajipure-l-leucine-500mg-60-vcaps#primaryimage","url":"https:\/\/ecosupplements.ch\/wp-content\/uploads\/2026\/05\/AjiPure-L-Leucine-500mg-60-vcaps.jpg","contentUrl":"https:\/\/ecosupplements.ch\/wp-content\/uploads\/2026\/05\/AjiPure-L-Leucine-500mg-60-vcaps.jpg","width":1080,"height":1080,"caption":"AjiPure L-Leucine"},{"@type":"BreadcrumbList","@id":"https:\/\/ecosupplements.ch\/?product=ajipure-l-leucine-500mg-60-vcaps#breadcrumb","itemListElement":[{"@type":"ListItem","position":1,"name":"Home","item":"https:\/\/ecosupplements.ch\/"},{"@type":"ListItem","position":2,"name":"Shop","item":"https:\/\/ecosupplements.ch\/?page_id=14"},{"@type":"ListItem","position":3,"name":"AjiPure L-Leucine, 500mg &#8211; 60 vcaps"}]},{"@type":"WebSite","@id":"https:\/\/ecosupplements.ch\/#website","url":"https:\/\/ecosupplements.ch\/","name":"Eco Supplements","description":"","potentialAction":[{"@type":"SearchAction","target":{"@type":"EntryPoint","urlTemplate":"https:\/\/ecosupplements.ch\/?s={search_term_string}"},"query-input":{"@type":"PropertyValueSpecification","valueRequired":true,"valueName":"search_term_string"}}],"inLanguage":"de-CH"}]},"product_price_amount":"14.08","product_price_currency":"CHF","og_availability":"out of stock","product_availability":"out of stock","product_retailer_item_id":"087614025179","product_condition":"new"},"_links":{"self":[{"href":"https:\/\/ecosupplements.ch\/index.php?rest_route=\/wp\/v2\/product\/645","targetHints":{"allow":["GET"]}}],"collection":[{"href":"https:\/\/ecosupplements.ch\/index.php?rest_route=\/wp\/v2\/product"}],"about":[{"href":"https:\/\/ecosupplements.ch\/index.php?rest_route=\/wp\/v2\/types\/product"}],"replies":[{"embeddable":true,"href":"https:\/\/ecosupplements.ch\/index.php?rest_route=%2Fwp%2Fv2%2Fcomments&post=645"}],"wp:featuredmedia":[{"embeddable":true,"href":"https:\/\/ecosupplements.ch\/index.php?rest_route=\/wp\/v2\/media\/646"}],"wp:attachment":[{"href":"https:\/\/ecosupplements.ch\/index.php?rest_route=%2Fwp%2Fv2%2Fmedia&parent=645"}],"wp:term":[{"taxonomy":"product_brand","embeddable":true,"href":"https:\/\/ecosupplements.ch\/index.php?rest_route=%2Fwp%2Fv2%2Fproduct_brand&post=645"},{"taxonomy":"product_cat","embeddable":true,"href":"https:\/\/ecosupplements.ch\/index.php?rest_route=%2Fwp%2Fv2%2Fproduct_cat&post=645"},{"taxonomy":"product_tag","embeddable":true,"href":"https:\/\/ecosupplements.ch\/index.php?rest_route=%2Fwp%2Fv2%2Fproduct_tag&post=645"}],"curies":[{"name":"wp","href":"https:\/\/api.w.org\/{rel}","templated":true}]}}