{"id":6782,"date":"2026-05-11T15:17:30","date_gmt":"2026-05-11T15:17:30","guid":{"rendered":"https:\/\/ecosupplements.ch\/?product=yango-glucomannan-90-caps"},"modified":"2026-05-13T07:28:52","modified_gmt":"2026-05-13T07:28:52","slug":"yango-glucomannan-90-caps","status":"publish","type":"product","link":"https:\/\/ecosupplements.ch\/?product=yango-glucomannan-90-caps","title":{"rendered":"YANGO Glucomannan (90 caps)"},"content":{"rendered":"<div class=\"chcg-product-description\">\n<h2 class=\"chcg-heading\">\u00dcber YANGO \u2013 Glucomannan (90 Kapseln)<\/h2>\n<div class=\"chcg-intro\">\n<p>YANGO Glucomannan liefert hochreines Konjac-Extrakt aus der Wurzel der Pflanze <em>Amorphophallus konjac<\/em>, standardisiert auf mindestens 85 % Glucomannan. Glucomannan ist ein nat\u00fcrliches Ballaststoff-Polysaccharid, das aus D-Mannose und D-Glucose aufgebaut ist und sich durch eine aussergew\u00f6hnlich hohe Wasserbindekapazit\u00e4t auszeichnet.<\/p>\n<p>Jede Kapsel enth\u00e4lt 550 mg Konjac-Extrakt, was 468 mg reinem Glucomannan entspricht. Bei einer Einnahme von drei Kapseln t\u00e4glich werden 1650 mg Konjac-Extrakt mit 1403 mg Glucomannan erreicht \u2013 eine Menge, die in der Forschung zu diesem Ballaststoff gut dokumentiert ist.<\/p>\n<p>Die Kapselh\u00fclle besteht aus pflanzlicher Zellulose und eignet sich damit sowohl f\u00fcr Veganer als auch f\u00fcr Vegetarier. Das Produkt wurde auf Schwermetalle wie Arsen, Cadmium, Blei und Quecksilber getestet und f\u00fcr frei davon befunden.<\/p>\n<\/p><\/div>\n<div class=\"chcg-nutrition\">\n<h3>N\u00e4hrwertangaben<\/h3>\n<table class=\"chcg-nutrition-table\">\n<thead>\n<tr>\n<th>N\u00e4hrstoff<\/th>\n<th>Pro 1 Kapsel<\/th>\n<th>Pro 2 Kapseln<\/th>\n<th>Pro 3 Kapseln<\/th>\n<\/tr>\n<\/thead>\n<tbody>\n<tr>\n<td>Konjac-Wurzel (Konjak) \u2013 Extrakt<\/td>\n<td>550 mg<\/td>\n<td>1100 mg<\/td>\n<td>1650 mg<\/td>\n<\/tr>\n<tr>\n<td>\u2013 davon Glucomannan (85 %)<\/td>\n<td>468 mg<\/td>\n<td>935 mg<\/td>\n<td>1403 mg<\/td>\n<\/tr>\n<tr>\n<td>\u2013 \u2013 davon D-Mannose<\/td>\n<td>288 mg<\/td>\n<td>576 mg<\/td>\n<td>864 mg<\/td>\n<\/tr>\n<tr>\n<td>\u2013 \u2013 davon D-Glucose<\/td>\n<td>180 mg<\/td>\n<td>360 mg<\/td>\n<td>540 mg<\/td>\n<\/tr>\n<\/tbody>\n<\/table>\n<p class=\"chcg-footnote\">* Kein festgelegter Tagesbedarf (NRV) vorhanden.<\/p>\n<\/p><\/div>\n<div class=\"chcg-ingredients\">\n<h3>Zutaten<\/h3>\n<p>Wirkstoff: Konjac-Extrakt (<em>Amorphophallus konjac<\/em>), standardisiert auf mindestens 85 % Glucomannan.<\/p>\n<p class=\"chcg-capsule-shell\">Kapselh\u00fclle: Pflanzliche Zellulose (vegetarisch).<\/p>\n<\/p><\/div>\n<div class=\"chcg-dosage\">\n<h3>Verzehrempfehlung<\/h3>\n<p>1 Kapsel 2\u20133 Mal t\u00e4glich. Die Kapsel mit reichlich Wasser, 15 Minuten vor einer Mahlzeit, schlucken.<\/p>\n<\/p><\/div>\n<div class=\"chcg-warnings\">\n<h3>Warnhinweise<\/h3>\n<p>Die empfohlene Tagesdosis nicht \u00fcberschreiten. Ein Nahrungserg\u00e4nzungsmittel kann eine abwechslungsreiche Ern\u00e4hrung und einen gesunden Lebensstil nicht ersetzen. Personen, die Medikamente einnehmen, sollten vor der Anwendung einen Arzt oder Apotheker konsultieren. Nicht empfohlen f\u00fcr Kinder, Schwangere oder stillende Frauen.<\/p>\n<\/p><\/div>\n<div class=\"chcg-allergens\">\n<h3>Allergeninformationen<\/h3>\n<p>Keine Allergene deklariert. Das Produkt ist frei von Schwermetallen wie Arsen, Cadmium, Blei und Quecksilber.<\/p>\n<\/p><\/div>\n<div class=\"chcg-storage\">\n<h3>Lagerung<\/h3>\n<p>An einem dunklen und trockenen Ort bei Raumtemperatur lagern. Ausserhalb der Reichweite von Kleinkindern aufbewahren.<\/p>\n<\/p><\/div>\n<div class=\"chcg-dietary\">\n<h3>Ern\u00e4hrungshinweise<\/h3>\n<ul>\n<li>Vegan<\/li>\n<li>Vegetarisch<\/li>\n<li>Glutenfrei<\/li>\n<li>Laktosefrei<\/li>\n<\/ul><\/div>\n<\/div>\n","protected":false},"excerpt":{"rendered":"<p>YANGO Glucomannan liefert 468 mg reines Glucomannan pro Kapsel aus standardisiertem Konjac-Extrakt. Vegane Kapseln, 90 St\u00fcck pro Packung. Ideal als Erg\u00e4nzung zu einer ausgewogenen Ern\u00e4hrung und gesunden Lebensweise.<\/p>\n","protected":false},"featured_media":6783,"comment_status":"closed","ping_status":"open","template":"","meta":[],"product_brand":[365],"product_cat":[23,48,25,22,102,21,24],"product_tag":[],"class_list":{"0":"post-6782","1":"product","2":"type-product","3":"status-publish","4":"has-post-thumbnail","6":"product_brand-yango","7":"product_cat-einige-mineralien","8":"product_cat-gesunde-ernaehrung","9":"product_cat-gesundheit-und-wohlbefinden","10":"product_cat-vegane-produkte","11":"product_cat-verdauungsgesundheit","12":"product_cat-vitamine-und-mineralstoffe","13":"product_cat-zink","15":"first","16":"outofstock","17":"taxable","18":"shipping-taxable","19":"purchasable","20":"product-type-simple"},"yoast_head":"<!-- This site is optimized with the Yoast SEO plugin v27.5 - https:\/\/yoast.com\/product\/yoast-seo-wordpress\/ -->\n<title>YANGO Glucomannan 90 Kapseln \u2013 Konjac-Extrakt | ecosupplements.ch<\/title>\n<meta name=\"description\" content=\"YANGO Glucomannan mit 85 % reinem Glucomannan aus Konjac-Extrakt \u2013 90 vegane Kapseln pro Packung. Jetzt bestellen.\" \/>\n<meta name=\"robots\" content=\"index, follow, max-snippet:-1, max-image-preview:large, max-video-preview:-1\" \/>\n<link rel=\"canonical\" href=\"https:\/\/ecosupplements.ch\/?product=yango-glucomannan-90-caps\" \/>\n<meta property=\"og:locale\" content=\"de_DE\" \/>\n<meta property=\"og:type\" content=\"article\" \/>\n<meta property=\"og:title\" content=\"YANGO Glucomannan 90 Kapseln \u2013 Konjac-Extrakt | ecosupplements.ch\" \/>\n<meta property=\"og:description\" content=\"YANGO Glucomannan mit 85 % reinem Glucomannan aus Konjac-Extrakt \u2013 90 vegane Kapseln pro Packung. Jetzt bestellen.\" \/>\n<meta property=\"og:url\" content=\"https:\/\/ecosupplements.ch\/?product=yango-glucomannan-90-caps\" \/>\n<meta property=\"og:site_name\" content=\"Eco Supplements\" \/>\n<meta property=\"article:modified_time\" content=\"2026-05-13T07:28:52+00:00\" \/>\n<meta property=\"og:image\" content=\"https:\/\/ecosupplements.ch\/wp-content\/uploads\/2026\/05\/YANGO-Glucomannan-90-caps.jpg\" \/>\n\t<meta property=\"og:image:width\" content=\"800\" \/>\n\t<meta property=\"og:image:height\" content=\"800\" \/>\n\t<meta property=\"og:image:type\" content=\"image\/jpeg\" \/>\n<meta name=\"twitter:card\" content=\"summary_large_image\" \/>\n<meta name=\"twitter:label1\" content=\"Price\" \/>\n\t<meta name=\"twitter:data1\" content=\"&#067;&#072;&#070;&nbsp;10.81\" \/>\n\t<meta name=\"twitter:label2\" content=\"Availability\" \/>\n\t<meta name=\"twitter:data2\" content=\"Out of stock\" \/>\n<script type=\"application\/ld+json\" class=\"yoast-schema-graph\">{\"@context\":\"https:\\\/\\\/schema.org\",\"@graph\":[{\"@type\":\"WebPage\",\"@id\":\"https:\\\/\\\/ecosupplements.ch\\\/?product=yango-glucomannan-90-caps\",\"url\":\"https:\\\/\\\/ecosupplements.ch\\\/?product=yango-glucomannan-90-caps\",\"name\":\"YANGO Glucomannan 90 Kapseln \u2013 Konjac-Extrakt | ecosupplements.ch\",\"isPartOf\":{\"@id\":\"https:\\\/\\\/ecosupplements.ch\\\/#website\"},\"primaryImageOfPage\":{\"@id\":\"https:\\\/\\\/ecosupplements.ch\\\/?product=yango-glucomannan-90-caps#primaryimage\"},\"image\":{\"@id\":\"https:\\\/\\\/ecosupplements.ch\\\/?product=yango-glucomannan-90-caps#primaryimage\"},\"thumbnailUrl\":\"https:\\\/\\\/ecosupplements.ch\\\/wp-content\\\/uploads\\\/2026\\\/05\\\/YANGO-Glucomannan-90-caps.jpg\",\"datePublished\":\"2026-05-11T15:17:30+00:00\",\"dateModified\":\"2026-05-13T07:28:52+00:00\",\"description\":\"YANGO Glucomannan mit 85 % reinem Glucomannan aus Konjac-Extrakt \u2013 90 vegane Kapseln pro Packung. Jetzt bestellen.\",\"breadcrumb\":{\"@id\":\"https:\\\/\\\/ecosupplements.ch\\\/?product=yango-glucomannan-90-caps#breadcrumb\"},\"inLanguage\":\"de-CH\",\"potentialAction\":[{\"@type\":\"ReadAction\",\"target\":[\"https:\\\/\\\/ecosupplements.ch\\\/?product=yango-glucomannan-90-caps\"]}]},{\"@type\":\"ImageObject\",\"inLanguage\":\"de-CH\",\"@id\":\"https:\\\/\\\/ecosupplements.ch\\\/?product=yango-glucomannan-90-caps#primaryimage\",\"url\":\"https:\\\/\\\/ecosupplements.ch\\\/wp-content\\\/uploads\\\/2026\\\/05\\\/YANGO-Glucomannan-90-caps.jpg\",\"contentUrl\":\"https:\\\/\\\/ecosupplements.ch\\\/wp-content\\\/uploads\\\/2026\\\/05\\\/YANGO-Glucomannan-90-caps.jpg\",\"width\":800,\"height\":800,\"caption\":\"YANGO Glucomannan (90 caps)\"},{\"@type\":\"BreadcrumbList\",\"@id\":\"https:\\\/\\\/ecosupplements.ch\\\/?product=yango-glucomannan-90-caps#breadcrumb\",\"itemListElement\":[{\"@type\":\"ListItem\",\"position\":1,\"name\":\"Home\",\"item\":\"https:\\\/\\\/ecosupplements.ch\\\/\"},{\"@type\":\"ListItem\",\"position\":2,\"name\":\"Shop\",\"item\":\"https:\\\/\\\/ecosupplements.ch\\\/?page_id=14\"},{\"@type\":\"ListItem\",\"position\":3,\"name\":\"YANGO Glucomannan (90 caps)\"}]},{\"@type\":\"WebSite\",\"@id\":\"https:\\\/\\\/ecosupplements.ch\\\/#website\",\"url\":\"https:\\\/\\\/ecosupplements.ch\\\/\",\"name\":\"Eco Supplements\",\"description\":\"\",\"potentialAction\":[{\"@type\":\"SearchAction\",\"target\":{\"@type\":\"EntryPoint\",\"urlTemplate\":\"https:\\\/\\\/ecosupplements.ch\\\/?s={search_term_string}\"},\"query-input\":{\"@type\":\"PropertyValueSpecification\",\"valueRequired\":true,\"valueName\":\"search_term_string\"}}],\"inLanguage\":\"de-CH\"}]}<\/script>\n<meta property=\"product:price:amount\" content=\"10.81\" \/>\n<meta property=\"product:price:currency\" content=\"CHF\" \/>\n<meta property=\"og:availability\" content=\"out of stock\" \/>\n<meta property=\"product:availability\" content=\"out of stock\" \/>\n<meta property=\"product:retailer_item_id\" content=\"5903796650013\" \/>\n<meta property=\"product:condition\" content=\"new\" \/>\n<!-- \/ Yoast SEO plugin. -->","yoast_head_json":{"title":"YANGO Glucomannan 90 Kapseln \u2013 Konjac-Extrakt | ecosupplements.ch","description":"YANGO Glucomannan mit 85 % reinem Glucomannan aus Konjac-Extrakt \u2013 90 vegane Kapseln pro Packung. Jetzt bestellen.","robots":{"index":"index","follow":"follow","max-snippet":"max-snippet:-1","max-image-preview":"max-image-preview:large","max-video-preview":"max-video-preview:-1"},"canonical":"https:\/\/ecosupplements.ch\/?product=yango-glucomannan-90-caps","og_locale":"de_DE","og_type":"article","og_title":"YANGO Glucomannan 90 Kapseln \u2013 Konjac-Extrakt | ecosupplements.ch","og_description":"YANGO Glucomannan mit 85 % reinem Glucomannan aus Konjac-Extrakt \u2013 90 vegane Kapseln pro Packung. Jetzt bestellen.","og_url":"https:\/\/ecosupplements.ch\/?product=yango-glucomannan-90-caps","og_site_name":"Eco Supplements","article_modified_time":"2026-05-13T07:28:52+00:00","og_image":[{"width":800,"height":800,"url":"https:\/\/ecosupplements.ch\/wp-content\/uploads\/2026\/05\/YANGO-Glucomannan-90-caps.jpg","type":"image\/jpeg"}],"twitter_card":"summary_large_image","twitter_misc":{"Price":"&#67;&#72;&#70;&nbsp;10.81","Availability":"Out of stock"},"schema":{"@context":"https:\/\/schema.org","@graph":[{"@type":"WebPage","@id":"https:\/\/ecosupplements.ch\/?product=yango-glucomannan-90-caps","url":"https:\/\/ecosupplements.ch\/?product=yango-glucomannan-90-caps","name":"YANGO Glucomannan 90 Kapseln \u2013 Konjac-Extrakt | ecosupplements.ch","isPartOf":{"@id":"https:\/\/ecosupplements.ch\/#website"},"primaryImageOfPage":{"@id":"https:\/\/ecosupplements.ch\/?product=yango-glucomannan-90-caps#primaryimage"},"image":{"@id":"https:\/\/ecosupplements.ch\/?product=yango-glucomannan-90-caps#primaryimage"},"thumbnailUrl":"https:\/\/ecosupplements.ch\/wp-content\/uploads\/2026\/05\/YANGO-Glucomannan-90-caps.jpg","datePublished":"2026-05-11T15:17:30+00:00","dateModified":"2026-05-13T07:28:52+00:00","description":"YANGO Glucomannan mit 85 % reinem Glucomannan aus Konjac-Extrakt \u2013 90 vegane Kapseln pro Packung. Jetzt bestellen.","breadcrumb":{"@id":"https:\/\/ecosupplements.ch\/?product=yango-glucomannan-90-caps#breadcrumb"},"inLanguage":"de-CH","potentialAction":[{"@type":"ReadAction","target":["https:\/\/ecosupplements.ch\/?product=yango-glucomannan-90-caps"]}]},{"@type":"ImageObject","inLanguage":"de-CH","@id":"https:\/\/ecosupplements.ch\/?product=yango-glucomannan-90-caps#primaryimage","url":"https:\/\/ecosupplements.ch\/wp-content\/uploads\/2026\/05\/YANGO-Glucomannan-90-caps.jpg","contentUrl":"https:\/\/ecosupplements.ch\/wp-content\/uploads\/2026\/05\/YANGO-Glucomannan-90-caps.jpg","width":800,"height":800,"caption":"YANGO Glucomannan (90 caps)"},{"@type":"BreadcrumbList","@id":"https:\/\/ecosupplements.ch\/?product=yango-glucomannan-90-caps#breadcrumb","itemListElement":[{"@type":"ListItem","position":1,"name":"Home","item":"https:\/\/ecosupplements.ch\/"},{"@type":"ListItem","position":2,"name":"Shop","item":"https:\/\/ecosupplements.ch\/?page_id=14"},{"@type":"ListItem","position":3,"name":"YANGO Glucomannan (90 caps)"}]},{"@type":"WebSite","@id":"https:\/\/ecosupplements.ch\/#website","url":"https:\/\/ecosupplements.ch\/","name":"Eco Supplements","description":"","potentialAction":[{"@type":"SearchAction","target":{"@type":"EntryPoint","urlTemplate":"https:\/\/ecosupplements.ch\/?s={search_term_string}"},"query-input":{"@type":"PropertyValueSpecification","valueRequired":true,"valueName":"search_term_string"}}],"inLanguage":"de-CH"}]},"product_price_amount":"10.81","product_price_currency":"CHF","og_availability":"out of stock","product_availability":"out of stock","product_retailer_item_id":"5903796650013","product_condition":"new"},"_links":{"self":[{"href":"https:\/\/ecosupplements.ch\/index.php?rest_route=\/wp\/v2\/product\/6782","targetHints":{"allow":["GET"]}}],"collection":[{"href":"https:\/\/ecosupplements.ch\/index.php?rest_route=\/wp\/v2\/product"}],"about":[{"href":"https:\/\/ecosupplements.ch\/index.php?rest_route=\/wp\/v2\/types\/product"}],"replies":[{"embeddable":true,"href":"https:\/\/ecosupplements.ch\/index.php?rest_route=%2Fwp%2Fv2%2Fcomments&post=6782"}],"wp:featuredmedia":[{"embeddable":true,"href":"https:\/\/ecosupplements.ch\/index.php?rest_route=\/wp\/v2\/media\/6783"}],"wp:attachment":[{"href":"https:\/\/ecosupplements.ch\/index.php?rest_route=%2Fwp%2Fv2%2Fmedia&parent=6782"}],"wp:term":[{"taxonomy":"product_brand","embeddable":true,"href":"https:\/\/ecosupplements.ch\/index.php?rest_route=%2Fwp%2Fv2%2Fproduct_brand&post=6782"},{"taxonomy":"product_cat","embeddable":true,"href":"https:\/\/ecosupplements.ch\/index.php?rest_route=%2Fwp%2Fv2%2Fproduct_cat&post=6782"},{"taxonomy":"product_tag","embeddable":true,"href":"https:\/\/ecosupplements.ch\/index.php?rest_route=%2Fwp%2Fv2%2Fproduct_tag&post=6782"}],"curies":[{"name":"wp","href":"https:\/\/api.w.org\/{rel}","templated":true}]}}