{"id":6794,"date":"2026-05-11T15:17:35","date_gmt":"2026-05-11T15:17:35","guid":{"rendered":"https:\/\/ecosupplements.ch\/?product=yango-insuliniv-90-caps"},"modified":"2026-05-13T07:28:53","modified_gmt":"2026-05-13T07:28:53","slug":"yango-insuliniv-90-caps","status":"publish","type":"product","link":"https:\/\/ecosupplements.ch\/?product=yango-insuliniv-90-caps","title":{"rendered":"YANGO Insuliniv (90 caps)"},"content":{"rendered":"<div class=\"chcg-product-description\">\n<h2 class=\"chcg-heading\">\u00dcber Yango \u2013 YANGO Insuliniv (90 Kapseln)<\/h2>\n<div class=\"chcg-intro\">\n<p>YANGO Insuliniv ist ein sorgf\u00e4ltig zusammengestelltes Nahrungserg\u00e4nzungsmittel, das gezielt auf die Bed\u00fcrfnisse von Erwachsenen ausgerichtet ist, die ihren Stoffwechsel und ihr allgemeines Wohlbefinden unterst\u00fctzen m\u00f6chten. Die Formel vereint Myo-Inositol, Berberin aus Berberitzen-Extrakt, Gr\u00fcner-Kaffee-Extrakt sowie Bockshornklee-Extrakt \u2013 erg\u00e4nzt durch eine sorgf\u00e4ltig ausgew\u00e4hlte Kombination an Mikron\u00e4hrstoffen.<\/p>\n<p>Chrom tr\u00e4gt zur Aufrechterhaltung eines normalen Blutzuckerspiegels bei. Vitamin B6 unterst\u00fctzt einen normalen Energiestoffwechsel sowie die normale Funktion des Nervensystems. Vitamin B9 und Vitamin B12 tragen zur normalen Bildung roter Blutk\u00f6rperchen und zur Verringerung von M\u00fcdigkeit und Ersch\u00f6pfung bei. Vitamin D3 tr\u00e4gt zur normalen Funktion des Immunsystems und zur Erhaltung normaler Knochen bei.<\/p>\n<p>Insuliniv ist in praktischen Vegetarischen Kapseln erh\u00e4ltlich \u2013 frei von k\u00fcnstlichen Konservierungsstoffen, Duftstoffen und Farbstoffen. Eine Packung enth\u00e4lt 90 Kapseln und deckt damit einen dreimonatigen Bedarf bei t\u00e4glicher Einnahme.<\/p>\n<\/p><\/div>\n<div class=\"chcg-nutrition\">\n<h3>N\u00e4hrwertangaben<\/h3>\n<table class=\"chcg-nutrition-table\">\n<thead>\n<tr>\n<th>N\u00e4hrstoff<\/th>\n<th>Pro Portion (1 Kapsel)<\/th>\n<\/tr>\n<\/thead>\n<tbody>\n<tr>\n<td>Myo-Inositol<\/td>\n<td>200 mg<\/td>\n<\/tr>\n<tr>\n<td>Berberitzen-Extrakt (<em>Berberis aristata<\/em>)<\/td>\n<td>82 mg<\/td>\n<\/tr>\n<tr>\n<td>\u2013 davon Berberin (98 %)<\/td>\n<td>80 mg<\/td>\n<\/tr>\n<tr>\n<td>Gr\u00fcner-Kaffee-Extrakt (<em>Coffea arabica<\/em>)<\/td>\n<td>44 mg<\/td>\n<\/tr>\n<tr>\n<td>\u2013 davon Chlorogens\u00e4ure (50 %)<\/td>\n<td>22 mg<\/td>\n<\/tr>\n<tr>\n<td>\u2013 davon Koffein (4 %)<\/td>\n<td>1,8 mg<\/td>\n<\/tr>\n<tr>\n<td>Bockshornklee-Extrakt 10:1<\/td>\n<td>25 mg<\/td>\n<\/tr>\n<tr>\n<td>Chrom-Picolinat<\/td>\n<td>1,67 mg<\/td>\n<\/tr>\n<tr>\n<td>\u2013 davon Chrom (12 %)<\/td>\n<td>200 \u00b5g (500 % NRV)<\/td>\n<\/tr>\n<tr>\n<td>Vitamin B6 (Pyridoxin-HCl)<\/td>\n<td>6 mg (428,6 % NRV)<\/td>\n<\/tr>\n<tr>\n<td>Vitamin B9 (Pteroylglutamins\u00e4ure)<\/td>\n<td>600 \u00b5g (300 % NRV)<\/td>\n<\/tr>\n<tr>\n<td>Vitamin B12 (Methylcobalamin)<\/td>\n<td>100 \u00b5g (4000 % NRV)<\/td>\n<\/tr>\n<tr>\n<td>Vitamin D3 (Cholecalciferol)<\/td>\n<td>2000 IU (1000 % NRV)<\/td>\n<\/tr>\n<\/tbody>\n<\/table>\n<p class=\"chcg-footnote\">NRV = N\u00e4hrstoffbezugswert (Nutrient Reference Value)<\/p>\n<\/p><\/div>\n<div class=\"chcg-ingredients\">\n<h3>Zutaten<\/h3>\n<p>Myo-Inositol, Berberitzenwurzel-Extrakt (<em>Berberis aristata<\/em>), standardisiert auf 98 % Berberin, Gr\u00fcner-Kaffee-Extrakt (<em>Coffea arabica<\/em>), standardisiert auf mind. 50 % Chlorogens\u00e4ure und mind. 4 % Koffein, Bockshornklee-Samenextrakt (<em>Trigonella foenum-graecum<\/em>) 10:1, Vitamin D3 (Cholecalciferol), Vitamin B6 (Pyridoxin-HCl), Chrom (Chrom-Picolinat), Vitamin B12 (Methylcobalamin), Vitamin B9 (Pteroylglutamins\u00e4ure).<\/p>\n<p class=\"chcg-capsule-shell\">Kapselh\u00fclle: Pflanzliche Zellulose (vegetarisch).<\/p>\n<\/p><\/div>\n<div class=\"chcg-dosage\">\n<h3>Verzehrempfehlung<\/h3>\n<p>Erwachsene: 1 Kapsel t\u00e4glich. Die Kapsel mit einer grossen Menge Wasser schlucken.<\/p>\n<\/p><\/div>\n<div class=\"chcg-warnings\">\n<h3>Warnhinweise<\/h3>\n<p>Die empfohlene Tagesdosis nicht \u00fcberschreiten. Dieses Nahrungserg\u00e4nzungsmittel kann eine abwechslungsreiche Ern\u00e4hrung und eine gesunde Lebensweise nicht ersetzen. Personen, die Medikamente einnehmen, sollten vor der Anwendung einen Arzt oder Apotheker konsultieren. Nicht empfohlen f\u00fcr Kinder, Schwangere oder stillende Frauen. Vor der Einnahme empfiehlt es sich, den 25-(OH)D-Blutspiegel zu messen und das Ergebnis mit einem Arzt oder Apotheker zu besprechen.<\/p>\n<\/p><\/div>\n<div class=\"chcg-allergens\">\n<h3>Allergeninformationen<\/h3>\n<p>Enth\u00e4lt keine Schalen- oder Krustentiere, Eier, Fisch, N\u00fcsse, Soja, Milchbestandteile, Sellerie, Senf oder Sesam. Hergestellt ohne den Einsatz von k\u00fcnstlichen Konservierungsstoffen, Duftstoffen oder Farbstoffen. Das Produkt ist frei von Schwermetallen wie Arsen, Cadmium, Blei oder Quecksilber.<\/p>\n<\/p><\/div>\n<div class=\"chcg-storage\">\n<h3>Lagerung<\/h3>\n<p>An einem dunklen und trockenen Ort bei Raumtemperatur lagern. Ausserhalb der Reichweite von Kleinkindern aufbewahren.<\/p>\n<\/p><\/div>\n<div class=\"chcg-dietary\">\n<h3>Ern\u00e4hrungshinweise<\/h3>\n<ul>\n<li>Vegan<\/li>\n<li>Vegetarisch<\/li>\n<li>Laktosefrei<\/li>\n<\/ul><\/div>\n<\/div>\n","protected":false},"excerpt":{"rendered":"<p>YANGO Insuliniv kombiniert Myo-Inositol, Berberin, Gr\u00fcner-Kaffee-Extrakt und wichtige Vitamine wie B6, B12 und D3 in einer praktischen Kapsel. 90 vegetarische Kapseln \u2013 vegan und laktosefrei.<\/p>\n","protected":false},"featured_media":6795,"comment_status":"closed","ping_status":"open","template":"","meta":[],"product_brand":[365],"product_cat":[25,44,21],"product_tag":[],"class_list":{"0":"post-6794","1":"product","2":"type-product","3":"status-publish","4":"has-post-thumbnail","6":"product_brand-yango","7":"product_cat-gesundheit-und-wohlbefinden","8":"product_cat-pflanzliche-nahrungsergaenzungsmittel","9":"product_cat-vitamine-und-mineralstoffe","11":"first","12":"outofstock","13":"taxable","14":"shipping-taxable","15":"purchasable","16":"product-type-simple"},"yoast_head":"<!-- This site is optimized with the Yoast SEO plugin v27.5 - https:\/\/yoast.com\/product\/yoast-seo-wordpress\/ -->\n<title>YANGO Insuliniv 90 Kapseln \u2013 Yango | ecosupplements.ch<\/title>\n<meta name=\"description\" content=\"YANGO Insuliniv mit Myo-Inositol, Berberin, Chrom und Vitaminen B6, B12 &amp; D3 \u2013 90 vegetarische Kapseln, vegan und laktosefrei. Jetzt bestellen.\" \/>\n<meta name=\"robots\" content=\"index, follow, max-snippet:-1, max-image-preview:large, max-video-preview:-1\" \/>\n<link rel=\"canonical\" href=\"https:\/\/ecosupplements.ch\/?product=yango-insuliniv-90-caps\" \/>\n<meta property=\"og:locale\" content=\"de_DE\" \/>\n<meta property=\"og:type\" content=\"article\" \/>\n<meta property=\"og:title\" content=\"YANGO Insuliniv 90 Kapseln \u2013 Yango | ecosupplements.ch\" \/>\n<meta property=\"og:description\" content=\"YANGO Insuliniv mit Myo-Inositol, Berberin, Chrom und Vitaminen B6, B12 &amp; D3 \u2013 90 vegetarische Kapseln, vegan und laktosefrei. Jetzt bestellen.\" \/>\n<meta property=\"og:url\" content=\"https:\/\/ecosupplements.ch\/?product=yango-insuliniv-90-caps\" \/>\n<meta property=\"og:site_name\" content=\"Eco Supplements\" \/>\n<meta property=\"article:modified_time\" content=\"2026-05-13T07:28:53+00:00\" \/>\n<meta property=\"og:image\" content=\"https:\/\/ecosupplements.ch\/wp-content\/uploads\/2026\/05\/YANGO-Insuliniv-90-caps.jpg\" \/>\n\t<meta property=\"og:image:width\" content=\"800\" \/>\n\t<meta property=\"og:image:height\" content=\"800\" \/>\n\t<meta property=\"og:image:type\" content=\"image\/jpeg\" \/>\n<meta name=\"twitter:card\" content=\"summary_large_image\" \/>\n<meta name=\"twitter:label1\" content=\"Price\" \/>\n\t<meta name=\"twitter:data1\" content=\"&#067;&#072;&#070;&nbsp;14.67\" \/>\n\t<meta name=\"twitter:label2\" content=\"Availability\" \/>\n\t<meta name=\"twitter:data2\" content=\"Out of stock\" \/>\n<script type=\"application\/ld+json\" class=\"yoast-schema-graph\">{\"@context\":\"https:\\\/\\\/schema.org\",\"@graph\":[{\"@type\":\"WebPage\",\"@id\":\"https:\\\/\\\/ecosupplements.ch\\\/?product=yango-insuliniv-90-caps\",\"url\":\"https:\\\/\\\/ecosupplements.ch\\\/?product=yango-insuliniv-90-caps\",\"name\":\"YANGO Insuliniv 90 Kapseln \u2013 Yango | ecosupplements.ch\",\"isPartOf\":{\"@id\":\"https:\\\/\\\/ecosupplements.ch\\\/#website\"},\"primaryImageOfPage\":{\"@id\":\"https:\\\/\\\/ecosupplements.ch\\\/?product=yango-insuliniv-90-caps#primaryimage\"},\"image\":{\"@id\":\"https:\\\/\\\/ecosupplements.ch\\\/?product=yango-insuliniv-90-caps#primaryimage\"},\"thumbnailUrl\":\"https:\\\/\\\/ecosupplements.ch\\\/wp-content\\\/uploads\\\/2026\\\/05\\\/YANGO-Insuliniv-90-caps.jpg\",\"datePublished\":\"2026-05-11T15:17:35+00:00\",\"dateModified\":\"2026-05-13T07:28:53+00:00\",\"description\":\"YANGO Insuliniv mit Myo-Inositol, Berberin, Chrom und Vitaminen B6, B12 & D3 \u2013 90 vegetarische Kapseln, vegan und laktosefrei. Jetzt bestellen.\",\"breadcrumb\":{\"@id\":\"https:\\\/\\\/ecosupplements.ch\\\/?product=yango-insuliniv-90-caps#breadcrumb\"},\"inLanguage\":\"de-CH\",\"potentialAction\":[{\"@type\":\"ReadAction\",\"target\":[\"https:\\\/\\\/ecosupplements.ch\\\/?product=yango-insuliniv-90-caps\"]}]},{\"@type\":\"ImageObject\",\"inLanguage\":\"de-CH\",\"@id\":\"https:\\\/\\\/ecosupplements.ch\\\/?product=yango-insuliniv-90-caps#primaryimage\",\"url\":\"https:\\\/\\\/ecosupplements.ch\\\/wp-content\\\/uploads\\\/2026\\\/05\\\/YANGO-Insuliniv-90-caps.jpg\",\"contentUrl\":\"https:\\\/\\\/ecosupplements.ch\\\/wp-content\\\/uploads\\\/2026\\\/05\\\/YANGO-Insuliniv-90-caps.jpg\",\"width\":800,\"height\":800,\"caption\":\"YANGO Insuliniv (90 caps)\"},{\"@type\":\"BreadcrumbList\",\"@id\":\"https:\\\/\\\/ecosupplements.ch\\\/?product=yango-insuliniv-90-caps#breadcrumb\",\"itemListElement\":[{\"@type\":\"ListItem\",\"position\":1,\"name\":\"Home\",\"item\":\"https:\\\/\\\/ecosupplements.ch\\\/\"},{\"@type\":\"ListItem\",\"position\":2,\"name\":\"Shop\",\"item\":\"https:\\\/\\\/ecosupplements.ch\\\/?page_id=14\"},{\"@type\":\"ListItem\",\"position\":3,\"name\":\"YANGO Insuliniv (90 caps)\"}]},{\"@type\":\"WebSite\",\"@id\":\"https:\\\/\\\/ecosupplements.ch\\\/#website\",\"url\":\"https:\\\/\\\/ecosupplements.ch\\\/\",\"name\":\"Eco Supplements\",\"description\":\"\",\"potentialAction\":[{\"@type\":\"SearchAction\",\"target\":{\"@type\":\"EntryPoint\",\"urlTemplate\":\"https:\\\/\\\/ecosupplements.ch\\\/?s={search_term_string}\"},\"query-input\":{\"@type\":\"PropertyValueSpecification\",\"valueRequired\":true,\"valueName\":\"search_term_string\"}}],\"inLanguage\":\"de-CH\"}]}<\/script>\n<meta property=\"product:price:amount\" content=\"14.67\" \/>\n<meta property=\"product:price:currency\" content=\"CHF\" \/>\n<meta property=\"og:availability\" content=\"out of stock\" \/>\n<meta property=\"product:availability\" content=\"out of stock\" \/>\n<meta property=\"product:retailer_item_id\" content=\"5904194060916\" \/>\n<meta property=\"product:condition\" content=\"new\" \/>\n<!-- \/ Yoast SEO plugin. -->","yoast_head_json":{"title":"YANGO Insuliniv 90 Kapseln \u2013 Yango | ecosupplements.ch","description":"YANGO Insuliniv mit Myo-Inositol, Berberin, Chrom und Vitaminen B6, B12 & D3 \u2013 90 vegetarische Kapseln, vegan und laktosefrei. Jetzt bestellen.","robots":{"index":"index","follow":"follow","max-snippet":"max-snippet:-1","max-image-preview":"max-image-preview:large","max-video-preview":"max-video-preview:-1"},"canonical":"https:\/\/ecosupplements.ch\/?product=yango-insuliniv-90-caps","og_locale":"de_DE","og_type":"article","og_title":"YANGO Insuliniv 90 Kapseln \u2013 Yango | ecosupplements.ch","og_description":"YANGO Insuliniv mit Myo-Inositol, Berberin, Chrom und Vitaminen B6, B12 & D3 \u2013 90 vegetarische Kapseln, vegan und laktosefrei. Jetzt bestellen.","og_url":"https:\/\/ecosupplements.ch\/?product=yango-insuliniv-90-caps","og_site_name":"Eco Supplements","article_modified_time":"2026-05-13T07:28:53+00:00","og_image":[{"width":800,"height":800,"url":"https:\/\/ecosupplements.ch\/wp-content\/uploads\/2026\/05\/YANGO-Insuliniv-90-caps.jpg","type":"image\/jpeg"}],"twitter_card":"summary_large_image","twitter_misc":{"Price":"&#67;&#72;&#70;&nbsp;14.67","Availability":"Out of stock"},"schema":{"@context":"https:\/\/schema.org","@graph":[{"@type":"WebPage","@id":"https:\/\/ecosupplements.ch\/?product=yango-insuliniv-90-caps","url":"https:\/\/ecosupplements.ch\/?product=yango-insuliniv-90-caps","name":"YANGO Insuliniv 90 Kapseln \u2013 Yango | ecosupplements.ch","isPartOf":{"@id":"https:\/\/ecosupplements.ch\/#website"},"primaryImageOfPage":{"@id":"https:\/\/ecosupplements.ch\/?product=yango-insuliniv-90-caps#primaryimage"},"image":{"@id":"https:\/\/ecosupplements.ch\/?product=yango-insuliniv-90-caps#primaryimage"},"thumbnailUrl":"https:\/\/ecosupplements.ch\/wp-content\/uploads\/2026\/05\/YANGO-Insuliniv-90-caps.jpg","datePublished":"2026-05-11T15:17:35+00:00","dateModified":"2026-05-13T07:28:53+00:00","description":"YANGO Insuliniv mit Myo-Inositol, Berberin, Chrom und Vitaminen B6, B12 & D3 \u2013 90 vegetarische Kapseln, vegan und laktosefrei. Jetzt bestellen.","breadcrumb":{"@id":"https:\/\/ecosupplements.ch\/?product=yango-insuliniv-90-caps#breadcrumb"},"inLanguage":"de-CH","potentialAction":[{"@type":"ReadAction","target":["https:\/\/ecosupplements.ch\/?product=yango-insuliniv-90-caps"]}]},{"@type":"ImageObject","inLanguage":"de-CH","@id":"https:\/\/ecosupplements.ch\/?product=yango-insuliniv-90-caps#primaryimage","url":"https:\/\/ecosupplements.ch\/wp-content\/uploads\/2026\/05\/YANGO-Insuliniv-90-caps.jpg","contentUrl":"https:\/\/ecosupplements.ch\/wp-content\/uploads\/2026\/05\/YANGO-Insuliniv-90-caps.jpg","width":800,"height":800,"caption":"YANGO Insuliniv (90 caps)"},{"@type":"BreadcrumbList","@id":"https:\/\/ecosupplements.ch\/?product=yango-insuliniv-90-caps#breadcrumb","itemListElement":[{"@type":"ListItem","position":1,"name":"Home","item":"https:\/\/ecosupplements.ch\/"},{"@type":"ListItem","position":2,"name":"Shop","item":"https:\/\/ecosupplements.ch\/?page_id=14"},{"@type":"ListItem","position":3,"name":"YANGO Insuliniv (90 caps)"}]},{"@type":"WebSite","@id":"https:\/\/ecosupplements.ch\/#website","url":"https:\/\/ecosupplements.ch\/","name":"Eco Supplements","description":"","potentialAction":[{"@type":"SearchAction","target":{"@type":"EntryPoint","urlTemplate":"https:\/\/ecosupplements.ch\/?s={search_term_string}"},"query-input":{"@type":"PropertyValueSpecification","valueRequired":true,"valueName":"search_term_string"}}],"inLanguage":"de-CH"}]},"product_price_amount":"14.67","product_price_currency":"CHF","og_availability":"out of stock","product_availability":"out of stock","product_retailer_item_id":"5904194060916","product_condition":"new"},"_links":{"self":[{"href":"https:\/\/ecosupplements.ch\/index.php?rest_route=\/wp\/v2\/product\/6794","targetHints":{"allow":["GET"]}}],"collection":[{"href":"https:\/\/ecosupplements.ch\/index.php?rest_route=\/wp\/v2\/product"}],"about":[{"href":"https:\/\/ecosupplements.ch\/index.php?rest_route=\/wp\/v2\/types\/product"}],"replies":[{"embeddable":true,"href":"https:\/\/ecosupplements.ch\/index.php?rest_route=%2Fwp%2Fv2%2Fcomments&post=6794"}],"wp:featuredmedia":[{"embeddable":true,"href":"https:\/\/ecosupplements.ch\/index.php?rest_route=\/wp\/v2\/media\/6795"}],"wp:attachment":[{"href":"https:\/\/ecosupplements.ch\/index.php?rest_route=%2Fwp%2Fv2%2Fmedia&parent=6794"}],"wp:term":[{"taxonomy":"product_brand","embeddable":true,"href":"https:\/\/ecosupplements.ch\/index.php?rest_route=%2Fwp%2Fv2%2Fproduct_brand&post=6794"},{"taxonomy":"product_cat","embeddable":true,"href":"https:\/\/ecosupplements.ch\/index.php?rest_route=%2Fwp%2Fv2%2Fproduct_cat&post=6794"},{"taxonomy":"product_tag","embeddable":true,"href":"https:\/\/ecosupplements.ch\/index.php?rest_route=%2Fwp%2Fv2%2Fproduct_tag&post=6794"}],"curies":[{"name":"wp","href":"https:\/\/api.w.org\/{rel}","templated":true}]}}