{"id":6878,"date":"2026-05-11T15:18:12","date_gmt":"2026-05-11T15:18:12","guid":{"rendered":"https:\/\/ecosupplements.ch\/?product=yango-magnesium-taurate-60-caps"},"modified":"2026-05-13T07:28:59","modified_gmt":"2026-05-13T07:28:59","slug":"yango-magnesium-taurate-60-caps","status":"publish","type":"product","link":"https:\/\/ecosupplements.ch\/?product=yango-magnesium-taurate-60-caps","title":{"rendered":"YANGO Magnesium taurate (60 caps)"},"content":{"rendered":"<div class=\"chcg-product-description\">\n<h2 class=\"chcg-heading\">\u00dcber YANGO \u2013 Magnesium Taurate \u2013 60 Kapseln<\/h2>\n<div class=\"chcg-intro\">\n<p>Magnesium Taurate von YANGO kombiniert Magnesium mit der Aminos\u00e4ure Taurin in einer einzigen, praktischen Kapsel. Magnesium tr\u00e4gt zur normalen Muskelfunktion, zur Erhaltung normaler Knochen und Z\u00e4hne sowie zur normalen Funktion des Nervensystems bei. Die Verbindung als Taurinat gilt als gut vertr\u00e4glich und eignet sich f\u00fcr den t\u00e4glichen Einsatz.<\/p>\n<p>Jede Tagesportion (2 Kapseln) liefert 400 mg Magnesium Taurate, was 36 mg elementarem Magnesium entspricht \u2013 10 % des N\u00e4hrstoffreferenzwerts (NRV). Das Produkt ist frei von tierischen Inhaltsstoffen und damit sowohl f\u00fcr Veganer als auch f\u00fcr Vegetarier geeignet.<\/p>\n<p>Als F\u00fcllstoff wird Inulin verwendet, ein nat\u00fcrlicher Pr\u00e4biotikum pflanzlicher Herkunft. Das Produkt verzichtet bewusst auf k\u00fcnstliche Konservierungsstoffe, Aromen und Farbstoffe und wurde auf Schwermetalle wie Arsen, Cadmium, Blei und Quecksilber gepr\u00fcft.<\/p>\n<\/p><\/div>\n<div class=\"chcg-nutrition\">\n<h3>N\u00e4hrwertangaben<\/h3>\n<table class=\"chcg-nutrition-table\">\n<thead>\n<tr>\n<th>N\u00e4hrstoff<\/th>\n<th>Pro Kapsel<\/th>\n<th>Pro Portion (2 Kapseln)<\/th>\n<\/tr>\n<\/thead>\n<tbody>\n<tr>\n<td>Magnesium Taurate<\/td>\n<td>200 mg<\/td>\n<td>400 mg<\/td>\n<\/tr>\n<tr>\n<td>\u2013 davon Magnesiumionen (8,9 %)<\/td>\n<td>18 mg (5 % NRV)<\/td>\n<td>36 mg (10 % NRV)<\/td>\n<\/tr>\n<\/tbody>\n<\/table>\n<p class=\"chcg-footnote\">NRV = N\u00e4hrstoffreferenzwert<\/p>\n<\/p><\/div>\n<div class=\"chcg-ingredients\">\n<h3>Zutaten<\/h3>\n<p>Magnesium Taurate, F\u00fcllstoff: Inulin (Pr\u00e4biotikum).<\/p>\n<p class=\"chcg-capsule-shell\">Kapselh\u00fclle: Pflanzliche Cellulose (vegetarisch).<\/p>\n<\/p><\/div>\n<div class=\"chcg-dosage\">\n<h3>Verzehrempfehlung<\/h3>\n<p>T\u00e4glich 2 vegetarische Kapseln nach einer Mahlzeit einnehmen.<\/p>\n<\/p><\/div>\n<div class=\"chcg-warnings\">\n<h3>Warnhinweise<\/h3>\n<p>Das Nahrungserg\u00e4nzungsmittel ist kein Ersatz f\u00fcr eine abwechslungsreiche Ern\u00e4hrung und eine gesunde Lebensweise. Personen, die Medikamente einnehmen, sollten vor der Anwendung einen Arzt oder Apotheker konsultieren. Nicht empfohlen f\u00fcr Kleinkinder, Schwangere und stillende Frauen. Die empfohlene Tagesdosis darf nicht \u00fcberschritten werden.<\/p>\n<\/p><\/div>\n<div class=\"chcg-allergens\">\n<h3>Allergeninformationen<\/h3>\n<p>Enth\u00e4lt keine Schalentiere, Eier, Fisch, N\u00fcsse, Soja, Milchbestandteile, Sellerie, Senf oder Sesam. Hergestellt ohne den Einsatz von k\u00fcnstlichen Konservierungsstoffen, Aromen oder Farbstoffen. Frei von Schwermetallen wie Arsen, Cadmium, Blei und Quecksilber.<\/p>\n<\/p><\/div>\n<div class=\"chcg-storage\">\n<h3>Lagerung<\/h3>\n<p>An einem dunklen und trockenen Ort bei Raumtemperatur aufbewahren, ausserhalb der Reichweite von Kleinkindern.<\/p>\n<\/p><\/div>\n<div class=\"chcg-dietary\">\n<h3>Ern\u00e4hrungshinweise<\/h3>\n<ul>\n<li>Vegan<\/li>\n<li>Vegetarisch<\/li>\n<li>Laktosefrei<\/li>\n<\/ul><\/div>\n<\/div>\n","protected":false},"excerpt":{"rendered":"<p>YANGO Magnesium Taurate unterst\u00fctzt normale Muskelfunktion und Nervensystem. 60 vegane Kapseln, 2 pro Tag, frei von k\u00fcnstlichen Zus\u00e4tzen und Schwermetallen.<\/p>\n","protected":false},"featured_media":6879,"comment_status":"closed","ping_status":"open","template":"","meta":[],"product_brand":[365],"product_cat":[23,27,94,31,21,24],"product_tag":[],"class_list":{"0":"post-6878","1":"product","2":"type-product","3":"status-publish","4":"has-post-thumbnail","6":"product_brand-yango","7":"product_cat-einige-mineralien","8":"product_cat-einige-vitamine","9":"product_cat-magnesium","10":"product_cat-vitamin-k","11":"product_cat-vitamine-und-mineralstoffe","12":"product_cat-zink","14":"first","15":"outofstock","16":"taxable","17":"shipping-taxable","18":"purchasable","19":"product-type-simple"},"yoast_head":"<!-- This site is optimized with the Yoast SEO plugin v27.5 - https:\/\/yoast.com\/product\/yoast-seo-wordpress\/ -->\n<title>Magnesium Taurate 60 Kapseln \u2013 YANGO | ecosupplements.ch<\/title>\n<meta name=\"description\" content=\"YANGO Magnesium Taurate in 60 veganen Kapseln \u2013 unterst\u00fctzt Muskeln, Nerven und Knochen. Ohne k\u00fcnstliche Zus\u00e4tze. Jetzt bestellen.\" \/>\n<meta name=\"robots\" content=\"index, follow, max-snippet:-1, max-image-preview:large, max-video-preview:-1\" \/>\n<link rel=\"canonical\" href=\"https:\/\/ecosupplements.ch\/?product=yango-magnesium-taurate-60-caps\" \/>\n<meta property=\"og:locale\" content=\"de_DE\" \/>\n<meta property=\"og:type\" content=\"article\" \/>\n<meta property=\"og:title\" content=\"Magnesium Taurate 60 Kapseln \u2013 YANGO | ecosupplements.ch\" \/>\n<meta property=\"og:description\" content=\"YANGO Magnesium Taurate in 60 veganen Kapseln \u2013 unterst\u00fctzt Muskeln, Nerven und Knochen. Ohne k\u00fcnstliche Zus\u00e4tze. Jetzt bestellen.\" \/>\n<meta property=\"og:url\" content=\"https:\/\/ecosupplements.ch\/?product=yango-magnesium-taurate-60-caps\" \/>\n<meta property=\"og:site_name\" content=\"Eco Supplements\" \/>\n<meta property=\"article:modified_time\" content=\"2026-05-13T07:28:59+00:00\" \/>\n<meta property=\"og:image\" content=\"https:\/\/ecosupplements.ch\/wp-content\/uploads\/2026\/05\/YANGO-Magnesium-taurate-60-caps.jpg\" \/>\n\t<meta property=\"og:image:width\" content=\"800\" \/>\n\t<meta property=\"og:image:height\" content=\"800\" \/>\n\t<meta property=\"og:image:type\" content=\"image\/jpeg\" \/>\n<meta name=\"twitter:card\" content=\"summary_large_image\" \/>\n<meta name=\"twitter:label1\" content=\"Price\" \/>\n\t<meta name=\"twitter:data1\" content=\"&#067;&#072;&#070;&nbsp;9.64\" \/>\n\t<meta name=\"twitter:label2\" content=\"Availability\" \/>\n\t<meta name=\"twitter:data2\" content=\"Out of stock\" \/>\n<script type=\"application\/ld+json\" class=\"yoast-schema-graph\">{\"@context\":\"https:\\\/\\\/schema.org\",\"@graph\":[{\"@type\":\"WebPage\",\"@id\":\"https:\\\/\\\/ecosupplements.ch\\\/?product=yango-magnesium-taurate-60-caps\",\"url\":\"https:\\\/\\\/ecosupplements.ch\\\/?product=yango-magnesium-taurate-60-caps\",\"name\":\"Magnesium Taurate 60 Kapseln \u2013 YANGO | ecosupplements.ch\",\"isPartOf\":{\"@id\":\"https:\\\/\\\/ecosupplements.ch\\\/#website\"},\"primaryImageOfPage\":{\"@id\":\"https:\\\/\\\/ecosupplements.ch\\\/?product=yango-magnesium-taurate-60-caps#primaryimage\"},\"image\":{\"@id\":\"https:\\\/\\\/ecosupplements.ch\\\/?product=yango-magnesium-taurate-60-caps#primaryimage\"},\"thumbnailUrl\":\"https:\\\/\\\/ecosupplements.ch\\\/wp-content\\\/uploads\\\/2026\\\/05\\\/YANGO-Magnesium-taurate-60-caps.jpg\",\"datePublished\":\"2026-05-11T15:18:12+00:00\",\"dateModified\":\"2026-05-13T07:28:59+00:00\",\"description\":\"YANGO Magnesium Taurate in 60 veganen Kapseln \u2013 unterst\u00fctzt Muskeln, Nerven und Knochen. Ohne k\u00fcnstliche Zus\u00e4tze. Jetzt bestellen.\",\"breadcrumb\":{\"@id\":\"https:\\\/\\\/ecosupplements.ch\\\/?product=yango-magnesium-taurate-60-caps#breadcrumb\"},\"inLanguage\":\"de-CH\",\"potentialAction\":[{\"@type\":\"ReadAction\",\"target\":[\"https:\\\/\\\/ecosupplements.ch\\\/?product=yango-magnesium-taurate-60-caps\"]}]},{\"@type\":\"ImageObject\",\"inLanguage\":\"de-CH\",\"@id\":\"https:\\\/\\\/ecosupplements.ch\\\/?product=yango-magnesium-taurate-60-caps#primaryimage\",\"url\":\"https:\\\/\\\/ecosupplements.ch\\\/wp-content\\\/uploads\\\/2026\\\/05\\\/YANGO-Magnesium-taurate-60-caps.jpg\",\"contentUrl\":\"https:\\\/\\\/ecosupplements.ch\\\/wp-content\\\/uploads\\\/2026\\\/05\\\/YANGO-Magnesium-taurate-60-caps.jpg\",\"width\":800,\"height\":800,\"caption\":\"YANGO Magnesium taurate (60 caps)\"},{\"@type\":\"BreadcrumbList\",\"@id\":\"https:\\\/\\\/ecosupplements.ch\\\/?product=yango-magnesium-taurate-60-caps#breadcrumb\",\"itemListElement\":[{\"@type\":\"ListItem\",\"position\":1,\"name\":\"Home\",\"item\":\"https:\\\/\\\/ecosupplements.ch\\\/\"},{\"@type\":\"ListItem\",\"position\":2,\"name\":\"Shop\",\"item\":\"https:\\\/\\\/ecosupplements.ch\\\/?page_id=14\"},{\"@type\":\"ListItem\",\"position\":3,\"name\":\"YANGO Magnesium taurate (60 caps)\"}]},{\"@type\":\"WebSite\",\"@id\":\"https:\\\/\\\/ecosupplements.ch\\\/#website\",\"url\":\"https:\\\/\\\/ecosupplements.ch\\\/\",\"name\":\"Eco Supplements\",\"description\":\"\",\"potentialAction\":[{\"@type\":\"SearchAction\",\"target\":{\"@type\":\"EntryPoint\",\"urlTemplate\":\"https:\\\/\\\/ecosupplements.ch\\\/?s={search_term_string}\"},\"query-input\":{\"@type\":\"PropertyValueSpecification\",\"valueRequired\":true,\"valueName\":\"search_term_string\"}}],\"inLanguage\":\"de-CH\"}]}<\/script>\n<meta property=\"product:price:amount\" content=\"9.64\" \/>\n<meta property=\"product:price:currency\" content=\"CHF\" \/>\n<meta property=\"og:availability\" content=\"out of stock\" \/>\n<meta property=\"product:availability\" content=\"out of stock\" \/>\n<meta property=\"product:retailer_item_id\" content=\"5903796650440\" \/>\n<meta property=\"product:condition\" content=\"new\" \/>\n<!-- \/ Yoast SEO plugin. -->","yoast_head_json":{"title":"Magnesium Taurate 60 Kapseln \u2013 YANGO | ecosupplements.ch","description":"YANGO Magnesium Taurate in 60 veganen Kapseln \u2013 unterst\u00fctzt Muskeln, Nerven und Knochen. Ohne k\u00fcnstliche Zus\u00e4tze. Jetzt bestellen.","robots":{"index":"index","follow":"follow","max-snippet":"max-snippet:-1","max-image-preview":"max-image-preview:large","max-video-preview":"max-video-preview:-1"},"canonical":"https:\/\/ecosupplements.ch\/?product=yango-magnesium-taurate-60-caps","og_locale":"de_DE","og_type":"article","og_title":"Magnesium Taurate 60 Kapseln \u2013 YANGO | ecosupplements.ch","og_description":"YANGO Magnesium Taurate in 60 veganen Kapseln \u2013 unterst\u00fctzt Muskeln, Nerven und Knochen. Ohne k\u00fcnstliche Zus\u00e4tze. Jetzt bestellen.","og_url":"https:\/\/ecosupplements.ch\/?product=yango-magnesium-taurate-60-caps","og_site_name":"Eco Supplements","article_modified_time":"2026-05-13T07:28:59+00:00","og_image":[{"width":800,"height":800,"url":"https:\/\/ecosupplements.ch\/wp-content\/uploads\/2026\/05\/YANGO-Magnesium-taurate-60-caps.jpg","type":"image\/jpeg"}],"twitter_card":"summary_large_image","twitter_misc":{"Price":"&#67;&#72;&#70;&nbsp;9.64","Availability":"Out of stock"},"schema":{"@context":"https:\/\/schema.org","@graph":[{"@type":"WebPage","@id":"https:\/\/ecosupplements.ch\/?product=yango-magnesium-taurate-60-caps","url":"https:\/\/ecosupplements.ch\/?product=yango-magnesium-taurate-60-caps","name":"Magnesium Taurate 60 Kapseln \u2013 YANGO | ecosupplements.ch","isPartOf":{"@id":"https:\/\/ecosupplements.ch\/#website"},"primaryImageOfPage":{"@id":"https:\/\/ecosupplements.ch\/?product=yango-magnesium-taurate-60-caps#primaryimage"},"image":{"@id":"https:\/\/ecosupplements.ch\/?product=yango-magnesium-taurate-60-caps#primaryimage"},"thumbnailUrl":"https:\/\/ecosupplements.ch\/wp-content\/uploads\/2026\/05\/YANGO-Magnesium-taurate-60-caps.jpg","datePublished":"2026-05-11T15:18:12+00:00","dateModified":"2026-05-13T07:28:59+00:00","description":"YANGO Magnesium Taurate in 60 veganen Kapseln \u2013 unterst\u00fctzt Muskeln, Nerven und Knochen. Ohne k\u00fcnstliche Zus\u00e4tze. Jetzt bestellen.","breadcrumb":{"@id":"https:\/\/ecosupplements.ch\/?product=yango-magnesium-taurate-60-caps#breadcrumb"},"inLanguage":"de-CH","potentialAction":[{"@type":"ReadAction","target":["https:\/\/ecosupplements.ch\/?product=yango-magnesium-taurate-60-caps"]}]},{"@type":"ImageObject","inLanguage":"de-CH","@id":"https:\/\/ecosupplements.ch\/?product=yango-magnesium-taurate-60-caps#primaryimage","url":"https:\/\/ecosupplements.ch\/wp-content\/uploads\/2026\/05\/YANGO-Magnesium-taurate-60-caps.jpg","contentUrl":"https:\/\/ecosupplements.ch\/wp-content\/uploads\/2026\/05\/YANGO-Magnesium-taurate-60-caps.jpg","width":800,"height":800,"caption":"YANGO Magnesium taurate (60 caps)"},{"@type":"BreadcrumbList","@id":"https:\/\/ecosupplements.ch\/?product=yango-magnesium-taurate-60-caps#breadcrumb","itemListElement":[{"@type":"ListItem","position":1,"name":"Home","item":"https:\/\/ecosupplements.ch\/"},{"@type":"ListItem","position":2,"name":"Shop","item":"https:\/\/ecosupplements.ch\/?page_id=14"},{"@type":"ListItem","position":3,"name":"YANGO Magnesium taurate (60 caps)"}]},{"@type":"WebSite","@id":"https:\/\/ecosupplements.ch\/#website","url":"https:\/\/ecosupplements.ch\/","name":"Eco Supplements","description":"","potentialAction":[{"@type":"SearchAction","target":{"@type":"EntryPoint","urlTemplate":"https:\/\/ecosupplements.ch\/?s={search_term_string}"},"query-input":{"@type":"PropertyValueSpecification","valueRequired":true,"valueName":"search_term_string"}}],"inLanguage":"de-CH"}]},"product_price_amount":"9.64","product_price_currency":"CHF","og_availability":"out of stock","product_availability":"out of stock","product_retailer_item_id":"5903796650440","product_condition":"new"},"_links":{"self":[{"href":"https:\/\/ecosupplements.ch\/index.php?rest_route=\/wp\/v2\/product\/6878","targetHints":{"allow":["GET"]}}],"collection":[{"href":"https:\/\/ecosupplements.ch\/index.php?rest_route=\/wp\/v2\/product"}],"about":[{"href":"https:\/\/ecosupplements.ch\/index.php?rest_route=\/wp\/v2\/types\/product"}],"replies":[{"embeddable":true,"href":"https:\/\/ecosupplements.ch\/index.php?rest_route=%2Fwp%2Fv2%2Fcomments&post=6878"}],"wp:featuredmedia":[{"embeddable":true,"href":"https:\/\/ecosupplements.ch\/index.php?rest_route=\/wp\/v2\/media\/6879"}],"wp:attachment":[{"href":"https:\/\/ecosupplements.ch\/index.php?rest_route=%2Fwp%2Fv2%2Fmedia&parent=6878"}],"wp:term":[{"taxonomy":"product_brand","embeddable":true,"href":"https:\/\/ecosupplements.ch\/index.php?rest_route=%2Fwp%2Fv2%2Fproduct_brand&post=6878"},{"taxonomy":"product_cat","embeddable":true,"href":"https:\/\/ecosupplements.ch\/index.php?rest_route=%2Fwp%2Fv2%2Fproduct_cat&post=6878"},{"taxonomy":"product_tag","embeddable":true,"href":"https:\/\/ecosupplements.ch\/index.php?rest_route=%2Fwp%2Fv2%2Fproduct_tag&post=6878"}],"curies":[{"name":"wp","href":"https:\/\/api.w.org\/{rel}","templated":true}]}}