{"id":6896,"date":"2026-05-11T15:18:20","date_gmt":"2026-05-11T15:18:20","guid":{"rendered":"https:\/\/ecosupplements.ch\/?product=yango-cranberry-50-proanthocyanidins-extract-1501-60-caps"},"modified":"2026-05-13T07:29:01","modified_gmt":"2026-05-13T07:29:01","slug":"yango-cranberry-50-proanthocyanidins-extract-1501-60-caps","status":"publish","type":"product","link":"https:\/\/ecosupplements.ch\/?product=yango-cranberry-50-proanthocyanidins-extract-1501-60-caps","title":{"rendered":"YANGO Cranberry &#8211; 50% proanthocyanidins &#8211; extract 150:1 (60 caps)"},"content":{"rendered":"<div class=\"chcg-product-description\">\n<h2 class=\"chcg-heading\">\u00dcber Yango \u2013 YANGO Cranberry \u2013 50% Proanthocyanidine \u2013 Extrakt 150:1 (60 Kapseln)<\/h2>\n<div class=\"chcg-intro\">\n<p>Cranberries (Vaccinium macrocarpon) geh\u00f6ren zu den am intensivsten erforschten Beerenfr\u00fcchten der Welt und sind vor allem f\u00fcr ihren hohen Gehalt an Proanthocyanidinen (PAC) bekannt \u2013 einer besonderen Klasse pflanzlicher Polyphenole. Das YANGO Cranberry-Pr\u00e4parat basiert auf einem hochwertigen 150:1-Extrakt, der auf einen Mindestgehalt von 50 % Proanthocyanidinen standardisiert ist. Jede Kapsel liefert 370 mg Cranberry-Extrakt, was 185 mg reinen PAC entspricht.<\/p>\n<p>Dank des hochkonzentrierten Extraktionsverh\u00e4ltnisses von 150:1 entspricht jede Kapsel der Inhaltsstoffmenge von 55 500 mg frischer Cranberryfrucht. Diese Konzentration stellt sicher, dass Sie mit einer einzigen t\u00e4glichen Kapsel eine pr\u00e4zise und gleichbleibende Menge an Proanthocyanidinen erhalten \u2013 bequem und ohne grossen Aufwand.<\/p>\n<p>Das Produkt ist vollst\u00e4ndig pflanzlich und vegan formuliert. Die Kapselh\u00fclle besteht aus pflanzlicher Zellulose, und der Extrakt enth\u00e4lt keine k\u00fcnstlichen Zusatzstoffe, Konservierungsstoffe oder Farbstoffe. YANGO Cranberry ist damit eine saubere und transparente Wahl f\u00fcr alle, die auf die Qualit\u00e4t ihrer Nahrungserg\u00e4nzungsmittel achten.<\/p>\n<\/p><\/div>\n<div class=\"chcg-nutrition\">\n<h3>N\u00e4hrwertangaben<\/h3>\n<table class=\"chcg-nutrition-table\">\n<thead>\n<tr>\n<th>N\u00e4hrstoff<\/th>\n<th>Pro Portion (1 Kapsel)<\/th>\n<\/tr>\n<\/thead>\n<tbody>\n<tr>\n<td>Cranberry-Extrakt (Vaccinium macrocarpon)<\/td>\n<td>370 mg<\/td>\n<\/tr>\n<tr>\n<td>\u2013 davon Proanthocyanidine (PAC, 50 %)<\/td>\n<td>185 mg<\/td>\n<\/tr>\n<\/tbody>\n<\/table>\n<p class=\"chcg-footnote\">* Kein festgelegter Tagesreferenzwert.<\/p>\n<\/p><\/div>\n<div class=\"chcg-ingredients\">\n<h3>Zutaten<\/h3>\n<p>Cranberry-Fruchtextrakt (Vaccinium macrocarpon), standardisiert auf mindestens 50 % Proanthocyanidine (PAC).<\/p>\n<p class=\"chcg-capsule-shell\">Kapselh\u00fclle: Pflanzliche Zellulose (vegetarisch).<\/p>\n<\/p><\/div>\n<div class=\"chcg-dosage\">\n<h3>Verzehrempfehlung<\/h3>\n<p>1 Kapsel t\u00e4glich, nach einer Mahlzeit. Die Kapsel w\u00e4hrend oder nach einer Mahlzeit mit reichlich Wasser schlucken.<\/p>\n<\/p><\/div>\n<div class=\"chcg-warnings\">\n<h3>Warnhinweise<\/h3>\n<p>Dieses Nahrungserg\u00e4nzungsmittel kann eine abwechslungsreiche Ern\u00e4hrung und eine gesunde Lebensweise nicht ersetzen. Nicht empfohlen f\u00fcr Kleinkinder, Schwangere oder stillende M\u00fctter. Personen, die Medikamente einnehmen, sollten vor der Anwendung einen Arzt oder Apotheker konsultieren.<\/p>\n<\/p><\/div>\n<div class=\"chcg-allergens\">\n<h3>Allergeninformationen<\/h3>\n<p>Enth\u00e4lt keine Krebstiere, Eier, Fisch, N\u00fcsse, Soja, Milchbestandteile, Sellerie, Senf oder Sesam. Hergestellt ohne k\u00fcnstliche Konservierungsstoffe, Duftstoffe oder Farbstoffe. Das Produkt ist frei von Schwermetallen wie Arsen, Cadmium, Blei oder Quecksilber.<\/p>\n<\/p><\/div>\n<div class=\"chcg-storage\">\n<h3>Lagerung<\/h3>\n<p>An einem dunklen, trockenen Ort bei Raumtemperatur und ausserhalb der Reichweite von Kleinkindern aufbewahren.<\/p>\n<\/p><\/div>\n<div class=\"chcg-dietary\">\n<h3>Ern\u00e4hrungshinweise<\/h3>\n<ul>\n<li>Vegan<\/li>\n<li>Vegetarisch<\/li>\n<li>Laktosefrei<\/li>\n<\/ul><\/div>\n<\/div>\n","protected":false},"excerpt":{"rendered":"<p>YANGO Cranberry liefert 185 mg Proanthocyanidine (PAC) pro Kapsel \u2013 aus einem 150:1-Extrakt, standardisiert auf 50 % PAC. Vegane Formulierung, 60 Kapseln pro Packung.<\/p>\n","protected":false},"featured_media":6897,"comment_status":"closed","ping_status":"open","template":"","meta":[],"product_brand":[365],"product_cat":[27,25,106,31,21],"product_tag":[],"class_list":{"0":"post-6896","1":"product","2":"type-product","3":"status-publish","4":"has-post-thumbnail","6":"product_brand-yango","7":"product_cat-einige-vitamine","8":"product_cat-gesundheit-und-wohlbefinden","9":"product_cat-harnwegsgesundheit","10":"product_cat-vitamin-k","11":"product_cat-vitamine-und-mineralstoffe","13":"first","14":"outofstock","15":"taxable","16":"shipping-taxable","17":"purchasable","18":"product-type-simple"},"yoast_head":"<!-- This site is optimized with the Yoast SEO plugin v27.5 - https:\/\/yoast.com\/product\/yoast-seo-wordpress\/ -->\n<title>YANGO Cranberry 50% PAC Extrakt 150:1 \u2013 Yango | ecosupplements.ch<\/title>\n<meta name=\"description\" content=\"Hochdosierter Cranberry-Extrakt mit 185 mg Proanthocyanidinen pro Kapsel \u2013 vegan, ohne Zusatzstoffe, 60 Kapseln. Jetzt bestellen.\" \/>\n<meta name=\"robots\" content=\"index, follow, max-snippet:-1, max-image-preview:large, max-video-preview:-1\" \/>\n<link rel=\"canonical\" href=\"https:\/\/ecosupplements.ch\/?product=yango-cranberry-50-proanthocyanidins-extract-1501-60-caps\" \/>\n<meta property=\"og:locale\" content=\"de_DE\" \/>\n<meta property=\"og:type\" content=\"article\" \/>\n<meta property=\"og:title\" content=\"YANGO Cranberry 50% PAC Extrakt 150:1 \u2013 Yango | ecosupplements.ch\" \/>\n<meta property=\"og:description\" content=\"Hochdosierter Cranberry-Extrakt mit 185 mg Proanthocyanidinen pro Kapsel \u2013 vegan, ohne Zusatzstoffe, 60 Kapseln. Jetzt bestellen.\" \/>\n<meta property=\"og:url\" content=\"https:\/\/ecosupplements.ch\/?product=yango-cranberry-50-proanthocyanidins-extract-1501-60-caps\" \/>\n<meta property=\"og:site_name\" content=\"Eco Supplements\" \/>\n<meta property=\"article:modified_time\" content=\"2026-05-13T07:29:01+00:00\" \/>\n<meta property=\"og:image\" content=\"https:\/\/ecosupplements.ch\/wp-content\/uploads\/2026\/05\/YANGO-Cranberry-50-proanthocyanidins-extract-1501-60-caps.jpg\" \/>\n\t<meta property=\"og:image:width\" content=\"800\" \/>\n\t<meta property=\"og:image:height\" content=\"800\" \/>\n\t<meta property=\"og:image:type\" content=\"image\/jpeg\" \/>\n<meta name=\"twitter:card\" content=\"summary_large_image\" \/>\n<meta name=\"twitter:label1\" content=\"Price\" \/>\n\t<meta name=\"twitter:data1\" content=\"&#067;&#072;&#070;&nbsp;16.26\" \/>\n\t<meta name=\"twitter:label2\" content=\"Availability\" \/>\n\t<meta name=\"twitter:data2\" content=\"Out of stock\" \/>\n<script type=\"application\/ld+json\" class=\"yoast-schema-graph\">{\"@context\":\"https:\\\/\\\/schema.org\",\"@graph\":[{\"@type\":\"WebPage\",\"@id\":\"https:\\\/\\\/ecosupplements.ch\\\/?product=yango-cranberry-50-proanthocyanidins-extract-1501-60-caps\",\"url\":\"https:\\\/\\\/ecosupplements.ch\\\/?product=yango-cranberry-50-proanthocyanidins-extract-1501-60-caps\",\"name\":\"YANGO Cranberry 50% PAC Extrakt 150:1 \u2013 Yango | ecosupplements.ch\",\"isPartOf\":{\"@id\":\"https:\\\/\\\/ecosupplements.ch\\\/#website\"},\"primaryImageOfPage\":{\"@id\":\"https:\\\/\\\/ecosupplements.ch\\\/?product=yango-cranberry-50-proanthocyanidins-extract-1501-60-caps#primaryimage\"},\"image\":{\"@id\":\"https:\\\/\\\/ecosupplements.ch\\\/?product=yango-cranberry-50-proanthocyanidins-extract-1501-60-caps#primaryimage\"},\"thumbnailUrl\":\"https:\\\/\\\/ecosupplements.ch\\\/wp-content\\\/uploads\\\/2026\\\/05\\\/YANGO-Cranberry-50-proanthocyanidins-extract-1501-60-caps.jpg\",\"datePublished\":\"2026-05-11T15:18:20+00:00\",\"dateModified\":\"2026-05-13T07:29:01+00:00\",\"description\":\"Hochdosierter Cranberry-Extrakt mit 185 mg Proanthocyanidinen pro Kapsel \u2013 vegan, ohne Zusatzstoffe, 60 Kapseln. Jetzt bestellen.\",\"breadcrumb\":{\"@id\":\"https:\\\/\\\/ecosupplements.ch\\\/?product=yango-cranberry-50-proanthocyanidins-extract-1501-60-caps#breadcrumb\"},\"inLanguage\":\"de-CH\",\"potentialAction\":[{\"@type\":\"ReadAction\",\"target\":[\"https:\\\/\\\/ecosupplements.ch\\\/?product=yango-cranberry-50-proanthocyanidins-extract-1501-60-caps\"]}]},{\"@type\":\"ImageObject\",\"inLanguage\":\"de-CH\",\"@id\":\"https:\\\/\\\/ecosupplements.ch\\\/?product=yango-cranberry-50-proanthocyanidins-extract-1501-60-caps#primaryimage\",\"url\":\"https:\\\/\\\/ecosupplements.ch\\\/wp-content\\\/uploads\\\/2026\\\/05\\\/YANGO-Cranberry-50-proanthocyanidins-extract-1501-60-caps.jpg\",\"contentUrl\":\"https:\\\/\\\/ecosupplements.ch\\\/wp-content\\\/uploads\\\/2026\\\/05\\\/YANGO-Cranberry-50-proanthocyanidins-extract-1501-60-caps.jpg\",\"width\":800,\"height\":800,\"caption\":\"YANGO Cranberry - 50% proanthocyanidins - extract 150:1 (60 caps)\"},{\"@type\":\"BreadcrumbList\",\"@id\":\"https:\\\/\\\/ecosupplements.ch\\\/?product=yango-cranberry-50-proanthocyanidins-extract-1501-60-caps#breadcrumb\",\"itemListElement\":[{\"@type\":\"ListItem\",\"position\":1,\"name\":\"Home\",\"item\":\"https:\\\/\\\/ecosupplements.ch\\\/\"},{\"@type\":\"ListItem\",\"position\":2,\"name\":\"Shop\",\"item\":\"https:\\\/\\\/ecosupplements.ch\\\/?page_id=14\"},{\"@type\":\"ListItem\",\"position\":3,\"name\":\"YANGO Cranberry &#8211; 50% proanthocyanidins &#8211; extract 150:1 (60 caps)\"}]},{\"@type\":\"WebSite\",\"@id\":\"https:\\\/\\\/ecosupplements.ch\\\/#website\",\"url\":\"https:\\\/\\\/ecosupplements.ch\\\/\",\"name\":\"Eco Supplements\",\"description\":\"\",\"potentialAction\":[{\"@type\":\"SearchAction\",\"target\":{\"@type\":\"EntryPoint\",\"urlTemplate\":\"https:\\\/\\\/ecosupplements.ch\\\/?s={search_term_string}\"},\"query-input\":{\"@type\":\"PropertyValueSpecification\",\"valueRequired\":true,\"valueName\":\"search_term_string\"}}],\"inLanguage\":\"de-CH\"}]}<\/script>\n<meta property=\"product:price:amount\" content=\"16.26\" \/>\n<meta property=\"product:price:currency\" content=\"CHF\" \/>\n<meta property=\"og:availability\" content=\"out of stock\" \/>\n<meta property=\"product:availability\" content=\"out of stock\" \/>\n<meta property=\"product:retailer_item_id\" content=\"5907483417620\" \/>\n<meta property=\"product:condition\" content=\"new\" \/>\n<!-- \/ Yoast SEO plugin. -->","yoast_head_json":{"title":"YANGO Cranberry 50% PAC Extrakt 150:1 \u2013 Yango | ecosupplements.ch","description":"Hochdosierter Cranberry-Extrakt mit 185 mg Proanthocyanidinen pro Kapsel \u2013 vegan, ohne Zusatzstoffe, 60 Kapseln. Jetzt bestellen.","robots":{"index":"index","follow":"follow","max-snippet":"max-snippet:-1","max-image-preview":"max-image-preview:large","max-video-preview":"max-video-preview:-1"},"canonical":"https:\/\/ecosupplements.ch\/?product=yango-cranberry-50-proanthocyanidins-extract-1501-60-caps","og_locale":"de_DE","og_type":"article","og_title":"YANGO Cranberry 50% PAC Extrakt 150:1 \u2013 Yango | ecosupplements.ch","og_description":"Hochdosierter Cranberry-Extrakt mit 185 mg Proanthocyanidinen pro Kapsel \u2013 vegan, ohne Zusatzstoffe, 60 Kapseln. Jetzt bestellen.","og_url":"https:\/\/ecosupplements.ch\/?product=yango-cranberry-50-proanthocyanidins-extract-1501-60-caps","og_site_name":"Eco Supplements","article_modified_time":"2026-05-13T07:29:01+00:00","og_image":[{"width":800,"height":800,"url":"https:\/\/ecosupplements.ch\/wp-content\/uploads\/2026\/05\/YANGO-Cranberry-50-proanthocyanidins-extract-1501-60-caps.jpg","type":"image\/jpeg"}],"twitter_card":"summary_large_image","twitter_misc":{"Price":"&#67;&#72;&#70;&nbsp;16.26","Availability":"Out of stock"},"schema":{"@context":"https:\/\/schema.org","@graph":[{"@type":"WebPage","@id":"https:\/\/ecosupplements.ch\/?product=yango-cranberry-50-proanthocyanidins-extract-1501-60-caps","url":"https:\/\/ecosupplements.ch\/?product=yango-cranberry-50-proanthocyanidins-extract-1501-60-caps","name":"YANGO Cranberry 50% PAC Extrakt 150:1 \u2013 Yango | ecosupplements.ch","isPartOf":{"@id":"https:\/\/ecosupplements.ch\/#website"},"primaryImageOfPage":{"@id":"https:\/\/ecosupplements.ch\/?product=yango-cranberry-50-proanthocyanidins-extract-1501-60-caps#primaryimage"},"image":{"@id":"https:\/\/ecosupplements.ch\/?product=yango-cranberry-50-proanthocyanidins-extract-1501-60-caps#primaryimage"},"thumbnailUrl":"https:\/\/ecosupplements.ch\/wp-content\/uploads\/2026\/05\/YANGO-Cranberry-50-proanthocyanidins-extract-1501-60-caps.jpg","datePublished":"2026-05-11T15:18:20+00:00","dateModified":"2026-05-13T07:29:01+00:00","description":"Hochdosierter Cranberry-Extrakt mit 185 mg Proanthocyanidinen pro Kapsel \u2013 vegan, ohne Zusatzstoffe, 60 Kapseln. Jetzt bestellen.","breadcrumb":{"@id":"https:\/\/ecosupplements.ch\/?product=yango-cranberry-50-proanthocyanidins-extract-1501-60-caps#breadcrumb"},"inLanguage":"de-CH","potentialAction":[{"@type":"ReadAction","target":["https:\/\/ecosupplements.ch\/?product=yango-cranberry-50-proanthocyanidins-extract-1501-60-caps"]}]},{"@type":"ImageObject","inLanguage":"de-CH","@id":"https:\/\/ecosupplements.ch\/?product=yango-cranberry-50-proanthocyanidins-extract-1501-60-caps#primaryimage","url":"https:\/\/ecosupplements.ch\/wp-content\/uploads\/2026\/05\/YANGO-Cranberry-50-proanthocyanidins-extract-1501-60-caps.jpg","contentUrl":"https:\/\/ecosupplements.ch\/wp-content\/uploads\/2026\/05\/YANGO-Cranberry-50-proanthocyanidins-extract-1501-60-caps.jpg","width":800,"height":800,"caption":"YANGO Cranberry - 50% proanthocyanidins - extract 150:1 (60 caps)"},{"@type":"BreadcrumbList","@id":"https:\/\/ecosupplements.ch\/?product=yango-cranberry-50-proanthocyanidins-extract-1501-60-caps#breadcrumb","itemListElement":[{"@type":"ListItem","position":1,"name":"Home","item":"https:\/\/ecosupplements.ch\/"},{"@type":"ListItem","position":2,"name":"Shop","item":"https:\/\/ecosupplements.ch\/?page_id=14"},{"@type":"ListItem","position":3,"name":"YANGO Cranberry &#8211; 50% proanthocyanidins &#8211; extract 150:1 (60 caps)"}]},{"@type":"WebSite","@id":"https:\/\/ecosupplements.ch\/#website","url":"https:\/\/ecosupplements.ch\/","name":"Eco Supplements","description":"","potentialAction":[{"@type":"SearchAction","target":{"@type":"EntryPoint","urlTemplate":"https:\/\/ecosupplements.ch\/?s={search_term_string}"},"query-input":{"@type":"PropertyValueSpecification","valueRequired":true,"valueName":"search_term_string"}}],"inLanguage":"de-CH"}]},"product_price_amount":"16.26","product_price_currency":"CHF","og_availability":"out of stock","product_availability":"out of stock","product_retailer_item_id":"5907483417620","product_condition":"new"},"_links":{"self":[{"href":"https:\/\/ecosupplements.ch\/index.php?rest_route=\/wp\/v2\/product\/6896","targetHints":{"allow":["GET"]}}],"collection":[{"href":"https:\/\/ecosupplements.ch\/index.php?rest_route=\/wp\/v2\/product"}],"about":[{"href":"https:\/\/ecosupplements.ch\/index.php?rest_route=\/wp\/v2\/types\/product"}],"replies":[{"embeddable":true,"href":"https:\/\/ecosupplements.ch\/index.php?rest_route=%2Fwp%2Fv2%2Fcomments&post=6896"}],"wp:featuredmedia":[{"embeddable":true,"href":"https:\/\/ecosupplements.ch\/index.php?rest_route=\/wp\/v2\/media\/6897"}],"wp:attachment":[{"href":"https:\/\/ecosupplements.ch\/index.php?rest_route=%2Fwp%2Fv2%2Fmedia&parent=6896"}],"wp:term":[{"taxonomy":"product_brand","embeddable":true,"href":"https:\/\/ecosupplements.ch\/index.php?rest_route=%2Fwp%2Fv2%2Fproduct_brand&post=6896"},{"taxonomy":"product_cat","embeddable":true,"href":"https:\/\/ecosupplements.ch\/index.php?rest_route=%2Fwp%2Fv2%2Fproduct_cat&post=6896"},{"taxonomy":"product_tag","embeddable":true,"href":"https:\/\/ecosupplements.ch\/index.php?rest_route=%2Fwp%2Fv2%2Fproduct_tag&post=6896"}],"curies":[{"name":"wp","href":"https:\/\/api.w.org\/{rel}","templated":true}]}}