{"id":6972,"date":"2026-05-11T15:18:53","date_gmt":"2026-05-11T15:18:53","guid":{"rendered":"https:\/\/ecosupplements.ch\/?product=aura-herbals-colostrum-700-mg-bioperine-60-caps"},"modified":"2026-05-13T07:29:07","modified_gmt":"2026-05-13T07:29:07","slug":"aura-herbals-colostrum-700-mg-bioperine-60-caps","status":"publish","type":"product","link":"https:\/\/ecosupplements.ch\/?product=aura-herbals-colostrum-700-mg-bioperine-60-caps","title":{"rendered":"AURA HERBALS Colostrum, 700 mg + BioPerine (60 caps)"},"content":{"rendered":"<div class=\"chcg-product-description\">\n<h2 class=\"chcg-heading\">\u00dcber Aura Herbals \u2013 Colostrum, 700 mg + BioPerine (60 Kapseln)<\/h2>\n<div class=\"chcg-intro\">\n<p>Colostrum \u2013 auch Biestmilch genannt \u2013 ist das n\u00e4hrstoffreiche Erstgemelk, das in den ersten Stunden nach der Geburt produziert wird. Es enth\u00e4lt eine einzigartige Kombination aus Immunglobulinen, Wachstumsfaktoren und weiteren bioaktiven Verbindungen. Das Produkt von Aura Herbals liefert pro Tagesportion 700 mg gefriergetrocknetes Rindcolostrum, standardisiert auf einen Gehalt von 40 % Immunglobulin G (IgG) \u2013 das entspricht 280 mg IgG pro Tagesportion.<\/p>\n<p>Zur Verbesserung der Bioverf\u00fcgbarkeit wurde BioPerine\u00ae zugesetzt \u2013 ein patentierter Schwarzpfefferextrakt aus <em>Piper nigrum<\/em>, standardisiert auf 95 % Piperin. BioPerine\u00ae ist ein eingetragenes Markenzeichen und bekannt f\u00fcr seine unterst\u00fctzende Wirkung auf die Aufnahme von N\u00e4hrstoffen im K\u00f6rper.<\/p>\n<p>Die Kapseln sind mit einer H\u00fclle aus Hydroxypropylmethylcellulose (HPMC) gefertigt und damit f\u00fcr Vegetarierinnen und Vegetarier geeignet. Mit nur 2 Kapseln t\u00e4glich l\u00e4sst sich dieses Nahrungserg\u00e4nzungsmittel problemlos in den Alltag integrieren.<\/p>\n<\/p><\/div>\n<div class=\"chcg-nutrition\">\n<h3>N\u00e4hrwertangaben<\/h3>\n<table class=\"chcg-nutrition-table\">\n<thead>\n<tr>\n<th>N\u00e4hrstoff<\/th>\n<th>Pro Portion (2 Kapseln)<\/th>\n<\/tr>\n<\/thead>\n<tbody>\n<tr>\n<td>Colostrum (Rindcolostrum)<\/td>\n<td>700 mg*<\/td>\n<\/tr>\n<tr>\n<td>\u2013 davon Immunglobulin G (IgG) 40 %<\/td>\n<td>280 mg*<\/td>\n<\/tr>\n<tr>\n<td>BioPerine\u00ae Schwarzpfefferextrakt DER 50:1<\/td>\n<td>2,1 mg*<\/td>\n<\/tr>\n<tr>\n<td>\u2013 davon Piperin 95 %<\/td>\n<td>2 mg*<\/td>\n<\/tr>\n<tr>\n<td>L-Leucin<\/td>\n<td>17,9 mg*<\/td>\n<\/tr>\n<\/tbody>\n<\/table>\n<p class=\"chcg-footnote\">* Kein festgelegter Tagesbedarf (N\u00e4hrstoffbezugswert) vorhanden.<\/p>\n<\/p><\/div>\n<div class=\"chcg-ingredients\">\n<h3>Zutaten<\/h3>\n<p>Gefriergetrocknetes Colostrum (Rindcolostrum), standardisiert auf 40 % Immunglobulin G (Milch), L-Leucin, BioPerine\u00ae \u2013 Schwarzpfefferfr\u00fcchteextrakt (<em>Piper nigrum<\/em>) DER 50:1, standardisiert auf 95 % Piperin, Kapselh\u00fclle: Hydroxypropylmethylcellulose.<\/p>\n<p class=\"chcg-capsule-shell\">Kapselh\u00fclle: Hydroxypropylmethylcellulose (HPMC)<\/p>\n<\/p><\/div>\n<div class=\"chcg-dosage\">\n<h3>Verzehrempfehlung<\/h3>\n<p>1 Kapsel mit Wasser einnehmen. Zweimal t\u00e4glich anwenden. Empfohlene Tagesportion: 2 Kapseln pro Tag. Die empfohlene Tagesportion nicht \u00fcberschreiten.<\/p>\n<\/p><\/div>\n<div class=\"chcg-warnings\">\n<h3>Warnhinweise<\/h3>\n<p>Die empfohlene Tagesportion nicht \u00fcberschreiten. Nicht f\u00fcr Kinder, Schwangere oder Stillende geeignet. Nicht verwenden bei einer Allergie gegen einen der Inhaltsstoffe des Nahrungserg\u00e4nzungsmittels. Ein Nahrungserg\u00e4nzungsmittel ist kein Ersatz f\u00fcr eine abwechslungsreiche Ern\u00e4hrung. Eine ausgewogene Ern\u00e4hrung und eine gesunde Lebensweise sind wichtig und werden empfohlen.<\/p>\n<\/p><\/div>\n<div class=\"chcg-allergens\">\n<h3>Allergeninformationen<\/h3>\n<p>Enth\u00e4lt Milch. Nicht verwenden bei einer Allergie gegen einen der Inhaltsstoffe des Nahrungserg\u00e4nzungsmittels.<\/p>\n<\/p><\/div>\n<div class=\"chcg-storage\">\n<h3>Lagerung<\/h3>\n<p>In fest verschlossener Originalverpackung bei Raumtemperatur (15\u201325 \u00b0C) an einem trockenen Ort und ausserhalb der Reichweite von Kleinkindern aufbewahren. Vor Feuchtigkeit und Licht sch\u00fctzen.<\/p>\n<\/p><\/div>\n<div class=\"chcg-dietary\">\n<h3>Ern\u00e4hrungshinweise<\/h3>\n<ul>\n<li>Vegetarisch geeignet<\/li>\n<\/ul><\/div>\n<\/div>\n","protected":false},"excerpt":{"rendered":"<p>Aura Herbals Colostrum liefert 700 mg gefriergetrocknetes Rindcolostrum (40 % IgG) pro Tagesportion, kombiniert mit BioPerine\u00ae f\u00fcr eine optimierte N\u00e4hrstoffaufnahme. Praktisch in vegetarischen HPMC-Kapseln, 60 St\u00fcck pro Packung.<\/p>\n","protected":false},"featured_media":6973,"comment_status":"closed","ping_status":"open","template":"","meta":[],"product_brand":[311],"product_cat":[48,171,21],"product_tag":[],"class_list":{"0":"post-6972","1":"product","2":"type-product","3":"status-publish","4":"has-post-thumbnail","6":"product_brand-aura-herbals","7":"product_cat-gesunde-ernaehrung","8":"product_cat-vitamine-und-mineralien","9":"product_cat-vitamine-und-mineralstoffe","11":"first","12":"outofstock","13":"taxable","14":"shipping-taxable","15":"purchasable","16":"product-type-simple"},"yoast_head":"<!-- This site is optimized with the Yoast SEO plugin v27.5 - https:\/\/yoast.com\/product\/yoast-seo-wordpress\/ -->\n<title>Colostrum 700 mg + BioPerine (60 Kapseln) \u2013 Aura Herbals | ecosupplements.ch<\/title>\n<meta name=\"description\" content=\"Hochwertiges Rindcolostrum mit 40 % IgG und BioPerine\u00ae f\u00fcr optimierte Bioverf\u00fcgbarkeit \u2013 60 vegetarische Kapseln pro Packung. Jetzt bestellen.\" \/>\n<meta name=\"robots\" content=\"index, follow, max-snippet:-1, max-image-preview:large, max-video-preview:-1\" \/>\n<link rel=\"canonical\" href=\"https:\/\/ecosupplements.ch\/?product=aura-herbals-colostrum-700-mg-bioperine-60-caps\" \/>\n<meta property=\"og:locale\" content=\"de_DE\" \/>\n<meta property=\"og:type\" content=\"article\" \/>\n<meta property=\"og:title\" content=\"Colostrum 700 mg + BioPerine (60 Kapseln) \u2013 Aura Herbals | ecosupplements.ch\" \/>\n<meta property=\"og:description\" content=\"Hochwertiges Rindcolostrum mit 40 % IgG und BioPerine\u00ae f\u00fcr optimierte Bioverf\u00fcgbarkeit \u2013 60 vegetarische Kapseln pro Packung. Jetzt bestellen.\" \/>\n<meta property=\"og:url\" content=\"https:\/\/ecosupplements.ch\/?product=aura-herbals-colostrum-700-mg-bioperine-60-caps\" \/>\n<meta property=\"og:site_name\" content=\"Eco Supplements\" \/>\n<meta property=\"article:modified_time\" content=\"2026-05-13T07:29:07+00:00\" \/>\n<meta property=\"og:image\" content=\"https:\/\/ecosupplements.ch\/wp-content\/uploads\/2026\/05\/AURA-HERBALS-Colostrum-700-mg-BioPerine-60-caps.jpg\" \/>\n\t<meta property=\"og:image:width\" content=\"1080\" \/>\n\t<meta property=\"og:image:height\" content=\"1080\" \/>\n\t<meta property=\"og:image:type\" content=\"image\/jpeg\" \/>\n<meta name=\"twitter:card\" content=\"summary_large_image\" \/>\n<meta name=\"twitter:label1\" content=\"Price\" \/>\n\t<meta name=\"twitter:data1\" content=\"&#067;&#072;&#070;&nbsp;11.00\" \/>\n\t<meta name=\"twitter:label2\" content=\"Availability\" \/>\n\t<meta name=\"twitter:data2\" content=\"Out of stock\" \/>\n<script type=\"application\/ld+json\" class=\"yoast-schema-graph\">{\"@context\":\"https:\\\/\\\/schema.org\",\"@graph\":[{\"@type\":\"WebPage\",\"@id\":\"https:\\\/\\\/ecosupplements.ch\\\/?product=aura-herbals-colostrum-700-mg-bioperine-60-caps\",\"url\":\"https:\\\/\\\/ecosupplements.ch\\\/?product=aura-herbals-colostrum-700-mg-bioperine-60-caps\",\"name\":\"Colostrum 700 mg + BioPerine (60 Kapseln) \u2013 Aura Herbals | ecosupplements.ch\",\"isPartOf\":{\"@id\":\"https:\\\/\\\/ecosupplements.ch\\\/#website\"},\"primaryImageOfPage\":{\"@id\":\"https:\\\/\\\/ecosupplements.ch\\\/?product=aura-herbals-colostrum-700-mg-bioperine-60-caps#primaryimage\"},\"image\":{\"@id\":\"https:\\\/\\\/ecosupplements.ch\\\/?product=aura-herbals-colostrum-700-mg-bioperine-60-caps#primaryimage\"},\"thumbnailUrl\":\"https:\\\/\\\/ecosupplements.ch\\\/wp-content\\\/uploads\\\/2026\\\/05\\\/AURA-HERBALS-Colostrum-700-mg-BioPerine-60-caps.jpg\",\"datePublished\":\"2026-05-11T15:18:53+00:00\",\"dateModified\":\"2026-05-13T07:29:07+00:00\",\"description\":\"Hochwertiges Rindcolostrum mit 40 % IgG und BioPerine\u00ae f\u00fcr optimierte Bioverf\u00fcgbarkeit \u2013 60 vegetarische Kapseln pro Packung. Jetzt bestellen.\",\"breadcrumb\":{\"@id\":\"https:\\\/\\\/ecosupplements.ch\\\/?product=aura-herbals-colostrum-700-mg-bioperine-60-caps#breadcrumb\"},\"inLanguage\":\"de-CH\",\"potentialAction\":[{\"@type\":\"ReadAction\",\"target\":[\"https:\\\/\\\/ecosupplements.ch\\\/?product=aura-herbals-colostrum-700-mg-bioperine-60-caps\"]}]},{\"@type\":\"ImageObject\",\"inLanguage\":\"de-CH\",\"@id\":\"https:\\\/\\\/ecosupplements.ch\\\/?product=aura-herbals-colostrum-700-mg-bioperine-60-caps#primaryimage\",\"url\":\"https:\\\/\\\/ecosupplements.ch\\\/wp-content\\\/uploads\\\/2026\\\/05\\\/AURA-HERBALS-Colostrum-700-mg-BioPerine-60-caps.jpg\",\"contentUrl\":\"https:\\\/\\\/ecosupplements.ch\\\/wp-content\\\/uploads\\\/2026\\\/05\\\/AURA-HERBALS-Colostrum-700-mg-BioPerine-60-caps.jpg\",\"width\":1080,\"height\":1080,\"caption\":\"AURA HERBALS Colostrum\"},{\"@type\":\"BreadcrumbList\",\"@id\":\"https:\\\/\\\/ecosupplements.ch\\\/?product=aura-herbals-colostrum-700-mg-bioperine-60-caps#breadcrumb\",\"itemListElement\":[{\"@type\":\"ListItem\",\"position\":1,\"name\":\"Home\",\"item\":\"https:\\\/\\\/ecosupplements.ch\\\/\"},{\"@type\":\"ListItem\",\"position\":2,\"name\":\"Shop\",\"item\":\"https:\\\/\\\/ecosupplements.ch\\\/?page_id=14\"},{\"@type\":\"ListItem\",\"position\":3,\"name\":\"AURA HERBALS Colostrum, 700 mg + BioPerine (60 caps)\"}]},{\"@type\":\"WebSite\",\"@id\":\"https:\\\/\\\/ecosupplements.ch\\\/#website\",\"url\":\"https:\\\/\\\/ecosupplements.ch\\\/\",\"name\":\"Eco Supplements\",\"description\":\"\",\"potentialAction\":[{\"@type\":\"SearchAction\",\"target\":{\"@type\":\"EntryPoint\",\"urlTemplate\":\"https:\\\/\\\/ecosupplements.ch\\\/?s={search_term_string}\"},\"query-input\":{\"@type\":\"PropertyValueSpecification\",\"valueRequired\":true,\"valueName\":\"search_term_string\"}}],\"inLanguage\":\"de-CH\"}]}<\/script>\n<meta property=\"product:price:amount\" content=\"11.00\" \/>\n<meta property=\"product:price:currency\" content=\"CHF\" \/>\n<meta property=\"og:availability\" content=\"out of stock\" \/>\n<meta property=\"product:availability\" content=\"out of stock\" \/>\n<meta property=\"product:retailer_item_id\" content=\"5902479615417\" \/>\n<meta property=\"product:condition\" content=\"new\" \/>\n<!-- \/ Yoast SEO plugin. -->","yoast_head_json":{"title":"Colostrum 700 mg + BioPerine (60 Kapseln) \u2013 Aura Herbals | ecosupplements.ch","description":"Hochwertiges Rindcolostrum mit 40 % IgG und BioPerine\u00ae f\u00fcr optimierte Bioverf\u00fcgbarkeit \u2013 60 vegetarische Kapseln pro Packung. Jetzt bestellen.","robots":{"index":"index","follow":"follow","max-snippet":"max-snippet:-1","max-image-preview":"max-image-preview:large","max-video-preview":"max-video-preview:-1"},"canonical":"https:\/\/ecosupplements.ch\/?product=aura-herbals-colostrum-700-mg-bioperine-60-caps","og_locale":"de_DE","og_type":"article","og_title":"Colostrum 700 mg + BioPerine (60 Kapseln) \u2013 Aura Herbals | ecosupplements.ch","og_description":"Hochwertiges Rindcolostrum mit 40 % IgG und BioPerine\u00ae f\u00fcr optimierte Bioverf\u00fcgbarkeit \u2013 60 vegetarische Kapseln pro Packung. Jetzt bestellen.","og_url":"https:\/\/ecosupplements.ch\/?product=aura-herbals-colostrum-700-mg-bioperine-60-caps","og_site_name":"Eco Supplements","article_modified_time":"2026-05-13T07:29:07+00:00","og_image":[{"width":1080,"height":1080,"url":"https:\/\/ecosupplements.ch\/wp-content\/uploads\/2026\/05\/AURA-HERBALS-Colostrum-700-mg-BioPerine-60-caps.jpg","type":"image\/jpeg"}],"twitter_card":"summary_large_image","twitter_misc":{"Price":"&#67;&#72;&#70;&nbsp;11.00","Availability":"Out of stock"},"schema":{"@context":"https:\/\/schema.org","@graph":[{"@type":"WebPage","@id":"https:\/\/ecosupplements.ch\/?product=aura-herbals-colostrum-700-mg-bioperine-60-caps","url":"https:\/\/ecosupplements.ch\/?product=aura-herbals-colostrum-700-mg-bioperine-60-caps","name":"Colostrum 700 mg + BioPerine (60 Kapseln) \u2013 Aura Herbals | ecosupplements.ch","isPartOf":{"@id":"https:\/\/ecosupplements.ch\/#website"},"primaryImageOfPage":{"@id":"https:\/\/ecosupplements.ch\/?product=aura-herbals-colostrum-700-mg-bioperine-60-caps#primaryimage"},"image":{"@id":"https:\/\/ecosupplements.ch\/?product=aura-herbals-colostrum-700-mg-bioperine-60-caps#primaryimage"},"thumbnailUrl":"https:\/\/ecosupplements.ch\/wp-content\/uploads\/2026\/05\/AURA-HERBALS-Colostrum-700-mg-BioPerine-60-caps.jpg","datePublished":"2026-05-11T15:18:53+00:00","dateModified":"2026-05-13T07:29:07+00:00","description":"Hochwertiges Rindcolostrum mit 40 % IgG und BioPerine\u00ae f\u00fcr optimierte Bioverf\u00fcgbarkeit \u2013 60 vegetarische Kapseln pro Packung. Jetzt bestellen.","breadcrumb":{"@id":"https:\/\/ecosupplements.ch\/?product=aura-herbals-colostrum-700-mg-bioperine-60-caps#breadcrumb"},"inLanguage":"de-CH","potentialAction":[{"@type":"ReadAction","target":["https:\/\/ecosupplements.ch\/?product=aura-herbals-colostrum-700-mg-bioperine-60-caps"]}]},{"@type":"ImageObject","inLanguage":"de-CH","@id":"https:\/\/ecosupplements.ch\/?product=aura-herbals-colostrum-700-mg-bioperine-60-caps#primaryimage","url":"https:\/\/ecosupplements.ch\/wp-content\/uploads\/2026\/05\/AURA-HERBALS-Colostrum-700-mg-BioPerine-60-caps.jpg","contentUrl":"https:\/\/ecosupplements.ch\/wp-content\/uploads\/2026\/05\/AURA-HERBALS-Colostrum-700-mg-BioPerine-60-caps.jpg","width":1080,"height":1080,"caption":"AURA HERBALS Colostrum"},{"@type":"BreadcrumbList","@id":"https:\/\/ecosupplements.ch\/?product=aura-herbals-colostrum-700-mg-bioperine-60-caps#breadcrumb","itemListElement":[{"@type":"ListItem","position":1,"name":"Home","item":"https:\/\/ecosupplements.ch\/"},{"@type":"ListItem","position":2,"name":"Shop","item":"https:\/\/ecosupplements.ch\/?page_id=14"},{"@type":"ListItem","position":3,"name":"AURA HERBALS Colostrum, 700 mg + BioPerine (60 caps)"}]},{"@type":"WebSite","@id":"https:\/\/ecosupplements.ch\/#website","url":"https:\/\/ecosupplements.ch\/","name":"Eco Supplements","description":"","potentialAction":[{"@type":"SearchAction","target":{"@type":"EntryPoint","urlTemplate":"https:\/\/ecosupplements.ch\/?s={search_term_string}"},"query-input":{"@type":"PropertyValueSpecification","valueRequired":true,"valueName":"search_term_string"}}],"inLanguage":"de-CH"}]},"product_price_amount":"11.00","product_price_currency":"CHF","og_availability":"out of stock","product_availability":"out of stock","product_retailer_item_id":"5902479615417","product_condition":"new"},"_links":{"self":[{"href":"https:\/\/ecosupplements.ch\/index.php?rest_route=\/wp\/v2\/product\/6972","targetHints":{"allow":["GET"]}}],"collection":[{"href":"https:\/\/ecosupplements.ch\/index.php?rest_route=\/wp\/v2\/product"}],"about":[{"href":"https:\/\/ecosupplements.ch\/index.php?rest_route=\/wp\/v2\/types\/product"}],"replies":[{"embeddable":true,"href":"https:\/\/ecosupplements.ch\/index.php?rest_route=%2Fwp%2Fv2%2Fcomments&post=6972"}],"wp:featuredmedia":[{"embeddable":true,"href":"https:\/\/ecosupplements.ch\/index.php?rest_route=\/wp\/v2\/media\/6973"}],"wp:attachment":[{"href":"https:\/\/ecosupplements.ch\/index.php?rest_route=%2Fwp%2Fv2%2Fmedia&parent=6972"}],"wp:term":[{"taxonomy":"product_brand","embeddable":true,"href":"https:\/\/ecosupplements.ch\/index.php?rest_route=%2Fwp%2Fv2%2Fproduct_brand&post=6972"},{"taxonomy":"product_cat","embeddable":true,"href":"https:\/\/ecosupplements.ch\/index.php?rest_route=%2Fwp%2Fv2%2Fproduct_cat&post=6972"},{"taxonomy":"product_tag","embeddable":true,"href":"https:\/\/ecosupplements.ch\/index.php?rest_route=%2Fwp%2Fv2%2Fproduct_tag&post=6972"}],"curies":[{"name":"wp","href":"https:\/\/api.w.org\/{rel}","templated":true}]}}