{"id":7041,"date":"2026-05-11T15:19:25","date_gmt":"2026-05-11T15:19:25","guid":{"rendered":"https:\/\/ecosupplements.ch\/?product=high-strength-complete-vit-b-complex-240-tabs"},"modified":"2026-05-13T07:24:56","modified_gmt":"2026-05-13T07:24:56","slug":"high-strength-complete-vit-b-complex-240-tabs","status":"publish","type":"product","link":"https:\/\/ecosupplements.ch\/?product=high-strength-complete-vit-b-complex-240-tabs","title":{"rendered":"High Strength Complete Vit B Complex &#8211; 240 tabs"},"content":{"rendered":"<div class=\"chcg-product-description\">\n<h2 class=\"chcg-heading\">\u00dcber Holland &amp; Barrett \u2013 High Strength Complete Vit B Complex \u2013 240 Tabletten<\/h2>\n<div class=\"chcg-intro\">\n<p>Der High Strength Complete Vit B Complex von Holland &amp; Barrett bietet einen umfassenden Komplex aller acht B-Vitamine in einer einzigen Tablette \u2013 erg\u00e4nzt durch die verwandten N\u00e4hrstoffe Cholin, Inositol und PABA. Die hochdosierte Rezeptur deckt einen bedeutenden Teil des t\u00e4glichen Bedarfs ab und eignet sich besonders f\u00fcr Personen, die eine praktische und vollst\u00e4ndige B-Vitamin-Versorgung suchen.<\/p>\n<p>B-Vitamine tragen zu einem normalen Energiestoffwechsel bei und unterst\u00fctzen die normale Funktion des Nervensystems. Vitamin B6, B12 und Fols\u00e4ure leisten einen Beitrag zur normalen Bildung roter Blutk\u00f6rperchen sowie zur Verringerung von M\u00fcdigkeit und Ersch\u00f6pfung. Biotin und Niacin unterst\u00fctzen zudem die Erhaltung normaler Haut, Haare und Schleimh\u00e4ute.<\/p>\n<p>Mit 240 Tabletten pro Packung \u2013 entsprechend 120 Tagesportionen \u2013 bietet dieses Produkt einen ausgezeichneten Langzeitvorrat. Die Tabletten sind sowohl f\u00fcr Veganer als auch f\u00fcr Vegetarier geeignet und enthalten keine k\u00fcnstlichen Farb-, Aroma- oder S\u00fcssungsmittel, keine Konservierungsstoffe sowie keinen zugesetzten Zucker oder Salz.<\/p>\n<\/p><\/div>\n<div class=\"chcg-nutrition\">\n<h3>N\u00e4hrwertangaben<\/h3>\n<table class=\"chcg-nutrition-table\">\n<thead>\n<tr>\n<th>N\u00e4hrstoff<\/th>\n<th>Pro Portion (2 Tabletten)<\/th>\n<\/tr>\n<\/thead>\n<tbody>\n<tr>\n<td>Thiamin (Vitamin B1)<\/td>\n<td>10 mg (909% NRV)<\/td>\n<\/tr>\n<tr>\n<td>Riboflavin (Vitamin B2)<\/td>\n<td>15 mg (1&#8217;071% NRV)<\/td>\n<\/tr>\n<tr>\n<td>Niacin<\/td>\n<td>25 mg NE (156% NRV)<\/td>\n<\/tr>\n<tr>\n<td>Pantothens\u00e4ure<\/td>\n<td>100 mg (1&#8217;667% NRV)<\/td>\n<\/tr>\n<tr>\n<td>Vitamin B6<\/td>\n<td>10 mg (714% NRV)<\/td>\n<\/tr>\n<tr>\n<td>Fols\u00e4ure<\/td>\n<td>400 \u00b5g (200% NRV)<\/td>\n<\/tr>\n<tr>\n<td>Vitamin B12<\/td>\n<td>25 \u00b5g (1&#8217;000% NRV)<\/td>\n<\/tr>\n<tr>\n<td>Biotin<\/td>\n<td>100 \u00b5g (200% NRV)<\/td>\n<\/tr>\n<tr>\n<td>Cholin Bitartrat<\/td>\n<td>250 mg (**)<\/td>\n<\/tr>\n<tr>\n<td>Inositol<\/td>\n<td>250 mg (**)<\/td>\n<\/tr>\n<tr>\n<td>PABA (Paraaminobenzoes\u00e4ure)<\/td>\n<td>50 mg (**)<\/td>\n<\/tr>\n<\/tbody>\n<\/table>\n<p class=\"chcg-footnote\">** Kein N\u00e4hrstoffbezugswert (NRV) festgelegt.<\/p>\n<\/p><\/div>\n<div class=\"chcg-ingredients\">\n<h3>Zutaten<\/h3>\n<p>Stabilisator (Calciumcarbonat), F\u00fcllstoffe (mikrokristalline Cellulose, Dicalciumphosphat), Cholin Bitartrat, Inositol, Pantothens\u00e4ure (als d-Calciumpantothenat), Trennmittel (Stearins\u00e4ure, Siliciumdioxid, Magnesiumstearat), Maltodextrin, PABA (Paraaminobenzoes\u00e4ure), Niacin (als Nicotinamid), Riboflavin (Vitamin B2), Vitamin B6 (als Pyridoxinhydrochlorid), Festigungsmittel (Povidon), Thiaminmononitrat, \u00dcberzugsmittel (Hydroxypropylmethylcellulose, Glycerin, Carnaubawachs), Fols\u00e4ure, Biotin (als d-Biotin), Vitamin B12 (als Cyanocobalamin).<\/p>\n<\/p><\/div>\n<div class=\"chcg-dosage\">\n<h3>Verzehrempfehlung<\/h3>\n<p>T\u00e4glich zwei Tabletten einnehmen, vorzugsweise zu den Mahlzeiten. Die angegebene Tagesdosis nicht \u00fcberschreiten.<\/p>\n<\/p><\/div>\n<div class=\"chcg-warnings\">\n<h3>Warnhinweise<\/h3>\n<p>Nahrungserg\u00e4nzungsmittel d\u00fcrfen nicht als Ersatz f\u00fcr eine abwechslungsreiche und ausgewogene Ern\u00e4hrung sowie eine gesunde Lebensweise verwendet werden. Wenn Sie schwanger sind, stillen, Medikamente einnehmen oder unter \u00e4rztlicher Aufsicht stehen, konsultieren Sie bitte vor der Einnahme einen Arzt oder eine medizinische Fachperson. Bei unerw\u00fcnschten Reaktionen die Einnahme abbrechen und einen Arzt aufsuchen. Ausserhalb der Reichweite von Kindern aufbewahren.<\/p>\n<\/p><\/div>\n<div class=\"chcg-allergens\">\n<h3>Allergeninformationen<\/h3>\n<p>F\u00fcr Allergene siehe die fett gedruckten Zutaten. Ohne k\u00fcnstliche Farb-, Aroma- oder S\u00fcssungsmittel. Ohne Konservierungsstoffe. Ohne zugesetzten Zucker oder Salz.<\/p>\n<\/p><\/div>\n<div class=\"chcg-storage\">\n<h3>Lagerung<\/h3>\n<p>An einem k\u00fchlen, trockenen Ort aufbewahren.<\/p>\n<\/p><\/div>\n<div class=\"chcg-dietary\">\n<h3>Ern\u00e4hrungshinweise<\/h3>\n<ul>\n<li>Vegan<\/li>\n<li>Vegetarisch<\/li>\n<\/ul><\/div>\n<\/div>\n","protected":false},"excerpt":{"rendered":"<p>Der High Strength Complete Vit B Complex von Holland &amp; Barrett liefert alle acht B-Vitamine plus Cholin, Inositol und PABA in einer Tagesportion von zwei Tabletten. Die Packung enth\u00e4lt 240 Tabletten und ist vegan sowie vegetarisch geeignet.<\/p>\n","protected":false},"featured_media":7042,"comment_status":"closed","ping_status":"open","template":"","meta":[],"product_brand":[197],"product_cat":[27,25,28,171,21],"product_tag":[],"class_list":{"0":"post-7041","1":"product","2":"type-product","3":"status-publish","4":"has-post-thumbnail","6":"product_brand-holland-barrett","7":"product_cat-einige-vitamine","8":"product_cat-gesundheit-und-wohlbefinden","9":"product_cat-vitamin-b","10":"product_cat-vitamine-und-mineralien","11":"product_cat-vitamine-und-mineralstoffe","13":"first","14":"outofstock","15":"taxable","16":"shipping-taxable","17":"purchasable","18":"product-type-simple"},"yoast_head":"<!-- This site is optimized with the Yoast SEO plugin v27.5 - https:\/\/yoast.com\/product\/yoast-seo-wordpress\/ -->\n<title>High Strength Complete Vit B Complex \u2013 Holland &amp; Barrett | ecosupplements.ch<\/title>\n<meta name=\"description\" content=\"Alle acht B-Vitamine hochdosiert in einer Tablette \u2013 240 Tabletten pro Packung, vegan geeignet. Jetzt bestellen.\" \/>\n<meta name=\"robots\" content=\"index, follow, max-snippet:-1, max-image-preview:large, max-video-preview:-1\" \/>\n<link rel=\"canonical\" href=\"https:\/\/ecosupplements.ch\/?product=high-strength-complete-vit-b-complex-240-tabs\" \/>\n<meta property=\"og:locale\" content=\"de_DE\" \/>\n<meta property=\"og:type\" content=\"article\" \/>\n<meta property=\"og:title\" content=\"High Strength Complete Vit B Complex \u2013 Holland &amp; Barrett | ecosupplements.ch\" \/>\n<meta property=\"og:description\" content=\"Alle acht B-Vitamine hochdosiert in einer Tablette \u2013 240 Tabletten pro Packung, vegan geeignet. Jetzt bestellen.\" \/>\n<meta property=\"og:url\" content=\"https:\/\/ecosupplements.ch\/?product=high-strength-complete-vit-b-complex-240-tabs\" \/>\n<meta property=\"og:site_name\" content=\"Eco Supplements\" \/>\n<meta property=\"article:modified_time\" content=\"2026-05-13T07:24:56+00:00\" \/>\n<meta property=\"og:image\" content=\"https:\/\/ecosupplements.ch\/wp-content\/uploads\/2026\/05\/High-Strength-Complete-Vit-B-Complex-240-tabs.jpg\" \/>\n\t<meta property=\"og:image:width\" content=\"724\" \/>\n\t<meta property=\"og:image:height\" content=\"724\" \/>\n\t<meta property=\"og:image:type\" content=\"image\/jpeg\" \/>\n<meta name=\"twitter:card\" content=\"summary_large_image\" \/>\n<meta name=\"twitter:label1\" content=\"Price\" \/>\n\t<meta name=\"twitter:data1\" content=\"&#067;&#072;&#070;&nbsp;17.33\" \/>\n\t<meta name=\"twitter:label2\" content=\"Availability\" \/>\n\t<meta name=\"twitter:data2\" content=\"Out of stock\" \/>\n<script type=\"application\/ld+json\" class=\"yoast-schema-graph\">{\"@context\":\"https:\\\/\\\/schema.org\",\"@graph\":[{\"@type\":\"WebPage\",\"@id\":\"https:\\\/\\\/ecosupplements.ch\\\/?product=high-strength-complete-vit-b-complex-240-tabs\",\"url\":\"https:\\\/\\\/ecosupplements.ch\\\/?product=high-strength-complete-vit-b-complex-240-tabs\",\"name\":\"High Strength Complete Vit B Complex \u2013 Holland & Barrett | ecosupplements.ch\",\"isPartOf\":{\"@id\":\"https:\\\/\\\/ecosupplements.ch\\\/#website\"},\"primaryImageOfPage\":{\"@id\":\"https:\\\/\\\/ecosupplements.ch\\\/?product=high-strength-complete-vit-b-complex-240-tabs#primaryimage\"},\"image\":{\"@id\":\"https:\\\/\\\/ecosupplements.ch\\\/?product=high-strength-complete-vit-b-complex-240-tabs#primaryimage\"},\"thumbnailUrl\":\"https:\\\/\\\/ecosupplements.ch\\\/wp-content\\\/uploads\\\/2026\\\/05\\\/High-Strength-Complete-Vit-B-Complex-240-tabs.jpg\",\"datePublished\":\"2026-05-11T15:19:25+00:00\",\"dateModified\":\"2026-05-13T07:24:56+00:00\",\"description\":\"Alle acht B-Vitamine hochdosiert in einer Tablette \u2013 240 Tabletten pro Packung, vegan geeignet. Jetzt bestellen.\",\"breadcrumb\":{\"@id\":\"https:\\\/\\\/ecosupplements.ch\\\/?product=high-strength-complete-vit-b-complex-240-tabs#breadcrumb\"},\"inLanguage\":\"de-CH\",\"potentialAction\":[{\"@type\":\"ReadAction\",\"target\":[\"https:\\\/\\\/ecosupplements.ch\\\/?product=high-strength-complete-vit-b-complex-240-tabs\"]}]},{\"@type\":\"ImageObject\",\"inLanguage\":\"de-CH\",\"@id\":\"https:\\\/\\\/ecosupplements.ch\\\/?product=high-strength-complete-vit-b-complex-240-tabs#primaryimage\",\"url\":\"https:\\\/\\\/ecosupplements.ch\\\/wp-content\\\/uploads\\\/2026\\\/05\\\/High-Strength-Complete-Vit-B-Complex-240-tabs.jpg\",\"contentUrl\":\"https:\\\/\\\/ecosupplements.ch\\\/wp-content\\\/uploads\\\/2026\\\/05\\\/High-Strength-Complete-Vit-B-Complex-240-tabs.jpg\",\"width\":724,\"height\":724,\"caption\":\"High Strength Complete Vit B Complex - 240 tabs\"},{\"@type\":\"BreadcrumbList\",\"@id\":\"https:\\\/\\\/ecosupplements.ch\\\/?product=high-strength-complete-vit-b-complex-240-tabs#breadcrumb\",\"itemListElement\":[{\"@type\":\"ListItem\",\"position\":1,\"name\":\"Home\",\"item\":\"https:\\\/\\\/ecosupplements.ch\\\/\"},{\"@type\":\"ListItem\",\"position\":2,\"name\":\"Shop\",\"item\":\"https:\\\/\\\/ecosupplements.ch\\\/?page_id=14\"},{\"@type\":\"ListItem\",\"position\":3,\"name\":\"High Strength Complete Vit B Complex &#8211; 240 tabs\"}]},{\"@type\":\"WebSite\",\"@id\":\"https:\\\/\\\/ecosupplements.ch\\\/#website\",\"url\":\"https:\\\/\\\/ecosupplements.ch\\\/\",\"name\":\"Eco Supplements\",\"description\":\"\",\"potentialAction\":[{\"@type\":\"SearchAction\",\"target\":{\"@type\":\"EntryPoint\",\"urlTemplate\":\"https:\\\/\\\/ecosupplements.ch\\\/?s={search_term_string}\"},\"query-input\":{\"@type\":\"PropertyValueSpecification\",\"valueRequired\":true,\"valueName\":\"search_term_string\"}}],\"inLanguage\":\"de-CH\"}]}<\/script>\n<meta property=\"product:price:amount\" content=\"17.33\" \/>\n<meta property=\"product:price:currency\" content=\"CHF\" \/>\n<meta property=\"og:availability\" content=\"out of stock\" \/>\n<meta property=\"product:availability\" content=\"out of stock\" \/>\n<meta property=\"product:retailer_item_id\" content=\"5059604499012\" \/>\n<meta property=\"product:condition\" content=\"new\" \/>\n<!-- \/ Yoast SEO plugin. -->","yoast_head_json":{"title":"High Strength Complete Vit B Complex \u2013 Holland & Barrett | ecosupplements.ch","description":"Alle acht B-Vitamine hochdosiert in einer Tablette \u2013 240 Tabletten pro Packung, vegan geeignet. Jetzt bestellen.","robots":{"index":"index","follow":"follow","max-snippet":"max-snippet:-1","max-image-preview":"max-image-preview:large","max-video-preview":"max-video-preview:-1"},"canonical":"https:\/\/ecosupplements.ch\/?product=high-strength-complete-vit-b-complex-240-tabs","og_locale":"de_DE","og_type":"article","og_title":"High Strength Complete Vit B Complex \u2013 Holland & Barrett | ecosupplements.ch","og_description":"Alle acht B-Vitamine hochdosiert in einer Tablette \u2013 240 Tabletten pro Packung, vegan geeignet. Jetzt bestellen.","og_url":"https:\/\/ecosupplements.ch\/?product=high-strength-complete-vit-b-complex-240-tabs","og_site_name":"Eco Supplements","article_modified_time":"2026-05-13T07:24:56+00:00","og_image":[{"width":724,"height":724,"url":"https:\/\/ecosupplements.ch\/wp-content\/uploads\/2026\/05\/High-Strength-Complete-Vit-B-Complex-240-tabs.jpg","type":"image\/jpeg"}],"twitter_card":"summary_large_image","twitter_misc":{"Price":"&#67;&#72;&#70;&nbsp;17.33","Availability":"Out of stock"},"schema":{"@context":"https:\/\/schema.org","@graph":[{"@type":"WebPage","@id":"https:\/\/ecosupplements.ch\/?product=high-strength-complete-vit-b-complex-240-tabs","url":"https:\/\/ecosupplements.ch\/?product=high-strength-complete-vit-b-complex-240-tabs","name":"High Strength Complete Vit B Complex \u2013 Holland & Barrett | ecosupplements.ch","isPartOf":{"@id":"https:\/\/ecosupplements.ch\/#website"},"primaryImageOfPage":{"@id":"https:\/\/ecosupplements.ch\/?product=high-strength-complete-vit-b-complex-240-tabs#primaryimage"},"image":{"@id":"https:\/\/ecosupplements.ch\/?product=high-strength-complete-vit-b-complex-240-tabs#primaryimage"},"thumbnailUrl":"https:\/\/ecosupplements.ch\/wp-content\/uploads\/2026\/05\/High-Strength-Complete-Vit-B-Complex-240-tabs.jpg","datePublished":"2026-05-11T15:19:25+00:00","dateModified":"2026-05-13T07:24:56+00:00","description":"Alle acht B-Vitamine hochdosiert in einer Tablette \u2013 240 Tabletten pro Packung, vegan geeignet. Jetzt bestellen.","breadcrumb":{"@id":"https:\/\/ecosupplements.ch\/?product=high-strength-complete-vit-b-complex-240-tabs#breadcrumb"},"inLanguage":"de-CH","potentialAction":[{"@type":"ReadAction","target":["https:\/\/ecosupplements.ch\/?product=high-strength-complete-vit-b-complex-240-tabs"]}]},{"@type":"ImageObject","inLanguage":"de-CH","@id":"https:\/\/ecosupplements.ch\/?product=high-strength-complete-vit-b-complex-240-tabs#primaryimage","url":"https:\/\/ecosupplements.ch\/wp-content\/uploads\/2026\/05\/High-Strength-Complete-Vit-B-Complex-240-tabs.jpg","contentUrl":"https:\/\/ecosupplements.ch\/wp-content\/uploads\/2026\/05\/High-Strength-Complete-Vit-B-Complex-240-tabs.jpg","width":724,"height":724,"caption":"High Strength Complete Vit B Complex - 240 tabs"},{"@type":"BreadcrumbList","@id":"https:\/\/ecosupplements.ch\/?product=high-strength-complete-vit-b-complex-240-tabs#breadcrumb","itemListElement":[{"@type":"ListItem","position":1,"name":"Home","item":"https:\/\/ecosupplements.ch\/"},{"@type":"ListItem","position":2,"name":"Shop","item":"https:\/\/ecosupplements.ch\/?page_id=14"},{"@type":"ListItem","position":3,"name":"High Strength Complete Vit B Complex &#8211; 240 tabs"}]},{"@type":"WebSite","@id":"https:\/\/ecosupplements.ch\/#website","url":"https:\/\/ecosupplements.ch\/","name":"Eco Supplements","description":"","potentialAction":[{"@type":"SearchAction","target":{"@type":"EntryPoint","urlTemplate":"https:\/\/ecosupplements.ch\/?s={search_term_string}"},"query-input":{"@type":"PropertyValueSpecification","valueRequired":true,"valueName":"search_term_string"}}],"inLanguage":"de-CH"}]},"product_price_amount":"17.33","product_price_currency":"CHF","og_availability":"out of stock","product_availability":"out of stock","product_retailer_item_id":"5059604499012","product_condition":"new"},"_links":{"self":[{"href":"https:\/\/ecosupplements.ch\/index.php?rest_route=\/wp\/v2\/product\/7041","targetHints":{"allow":["GET"]}}],"collection":[{"href":"https:\/\/ecosupplements.ch\/index.php?rest_route=\/wp\/v2\/product"}],"about":[{"href":"https:\/\/ecosupplements.ch\/index.php?rest_route=\/wp\/v2\/types\/product"}],"replies":[{"embeddable":true,"href":"https:\/\/ecosupplements.ch\/index.php?rest_route=%2Fwp%2Fv2%2Fcomments&post=7041"}],"wp:featuredmedia":[{"embeddable":true,"href":"https:\/\/ecosupplements.ch\/index.php?rest_route=\/wp\/v2\/media\/7042"}],"wp:attachment":[{"href":"https:\/\/ecosupplements.ch\/index.php?rest_route=%2Fwp%2Fv2%2Fmedia&parent=7041"}],"wp:term":[{"taxonomy":"product_brand","embeddable":true,"href":"https:\/\/ecosupplements.ch\/index.php?rest_route=%2Fwp%2Fv2%2Fproduct_brand&post=7041"},{"taxonomy":"product_cat","embeddable":true,"href":"https:\/\/ecosupplements.ch\/index.php?rest_route=%2Fwp%2Fv2%2Fproduct_cat&post=7041"},{"taxonomy":"product_tag","embeddable":true,"href":"https:\/\/ecosupplements.ch\/index.php?rest_route=%2Fwp%2Fv2%2Fproduct_tag&post=7041"}],"curies":[{"name":"wp","href":"https:\/\/api.w.org\/{rel}","templated":true}]}}