{"id":797,"date":"2026-05-11T14:25:07","date_gmt":"2026-05-11T14:25:07","guid":{"rendered":"https:\/\/ecosupplements.ch\/?product=full-spectrum-coleus-forskohlii-400mg-60-caps"},"modified":"2026-05-13T07:23:51","modified_gmt":"2026-05-13T07:23:51","slug":"full-spectrum-coleus-forskohlii-400mg-60-caps","status":"publish","type":"product","link":"https:\/\/ecosupplements.ch\/?product=full-spectrum-coleus-forskohlii-400mg-60-caps","title":{"rendered":"Full Spectrum Coleus Forskohlii, 400mg &#8211; 60 caps"},"content":{"rendered":"<div class=\"chcg-product-description\">\n<h2 class=\"chcg-heading\">\u00dcber Swanson \u2013 Full Spectrum Coleus Forskohlii, 400mg \u2013 60 Kapseln<\/h2>\n<div class=\"chcg-intro\">\n<p>Coleus forskohlii ist eine traditionelle Heilpflanze aus der ayurvedischen Medizin, die seit Jahrhunderten in Indien und anderen Teilen Asiens verwendet wird. Swanson bietet mit diesem Produkt einen hochwertigen Vollspektrum-Extrakt der Wurzel von Coleus forskohlii in einer praktischen Kapselform \u2013 400 mg pro Kapsel, ohne unn\u00f6tige Zusatzstoffe.<\/p>\n<p>Das Produkt enth\u00e4lt den Rohextrakt der gesamten Wurzel (Full Spectrum), wodurch das nat\u00fcrliche Profil der Pflanze m\u00f6glichst vollst\u00e4ndig erhalten bleibt. Swanson steht f\u00fcr sorgf\u00e4ltige Rohstoffauswahl und konsistente Qualit\u00e4t \u2013 Werte, die besonders anspruchsvolle Schweizer Konsumentinnen und Konsumenten sch\u00e4tzen.<\/p>\n<p>Mit 60 Kapseln pro Packung und einer empfohlenen Tagesdosis von zwei Kapseln deckt eine Packung einen Vorrat von 30 Tagen ab. Die Kapseln sind einfach in der Anwendung und lassen sich problemlos in den Alltag integrieren.<\/p>\n<\/p><\/div>\n<div class=\"chcg-nutrition\">\n<h3>N\u00e4hrwertangaben<\/h3>\n<table class=\"chcg-nutrition-table\">\n<thead>\n<tr>\n<th>N\u00e4hrstoff<\/th>\n<th>Pro Portion (1 Kapsel)<\/th>\n<\/tr>\n<\/thead>\n<tbody>\n<tr>\n<td>Coleus forskohlii (Wurzel)<\/td>\n<td>400 mg<\/td>\n<\/tr>\n<\/tbody>\n<\/table>\n<p class=\"chcg-footnote\">* Kein etablierter Tagesreferenzwert vorhanden.<\/p>\n<\/p><\/div>\n<div class=\"chcg-ingredients\">\n<h3>Zutaten<\/h3>\n<p>Coleus forskohlii (Wurzel) 400 mg. Weitere Zutaten: Gelatine, mikrokristalline Zellulose (Pflanzenfaser), kann eines oder beide der folgenden Mittel enthalten: Magnesiumstearat, Siliziumdioxid.<\/p>\n<p class=\"chcg-capsule-shell\">Kapselh\u00fclle: Gelatine<\/p>\n<\/p><\/div>\n<div class=\"chcg-dosage\">\n<h3>Verzehrempfehlung<\/h3>\n<p>Als Nahrungserg\u00e4nzungsmittel eine Kapsel zweimal t\u00e4glich mit Wasser einnehmen.<\/p>\n<\/p><\/div>\n<div class=\"chcg-warnings\">\n<h3>Warnhinweise<\/h3>\n<p>Nur f\u00fcr Erwachsene. Dieses Produkt nicht einnehmen, wenn Sie schwanger sind oder stillen. Dieses Produkt nicht einnehmen, wenn Sie an einer Erkrankung leiden, wie z. B. niedrigem Blutdruck, einer Blutgerinnungsst\u00f6rung oder Magengeschw\u00fcren. Dieses Produkt nicht einnehmen, wenn Sie verschreibungspflichtige Medikamente nehmen, insbesondere blutdrucksenkende, blutverd\u00fcnnende oder antiasthmatische Medikamente. Die Einnahme zwei Wochen vor einem chirurgischen Eingriff abbrechen. Ausserhalb der Reichweite von Kindern aufbewahren. Nicht verwenden, wenn die Schutzversiegelung besch\u00e4digt ist.<\/p>\n<\/p><\/div>\n<div class=\"chcg-allergens\">\n<h3>Allergeninformationen<\/h3>\n<p>Auf der Produktetikette sind keine Allergene deklariert.<\/p>\n<\/p><\/div>\n<div class=\"chcg-storage\">\n<h3>Lagerung<\/h3>\n<p>An einem k\u00fchlen, trockenen Ort aufbewahren.<\/p>\n<\/p><\/div>\n<div class=\"chcg-dietary\">\n<h3>Ern\u00e4hrungshinweise<\/h3>\n<ul>\n<li>Laktosefrei<\/li>\n<\/ul><\/div>\n<\/div>\n","protected":false},"excerpt":{"rendered":"<p>Swanson Full Spectrum Coleus forskohlii liefert 400 mg Wurzelextrakt pro Kapsel. Die Packung enth\u00e4lt 60 Kapseln \u2013 ausreichend f\u00fcr 30 Tage bei empfohlener Dosierung. Als Nahrungserg\u00e4nzungsmittel f\u00fcr Erwachsene geeignet.<\/p>\n","protected":false},"featured_media":798,"comment_status":"closed","ping_status":"open","template":"","meta":[],"product_brand":[16],"product_cat":[48,25,21],"product_tag":[],"class_list":{"0":"post-797","1":"product","2":"type-product","3":"status-publish","4":"has-post-thumbnail","6":"product_brand-swanson","7":"product_cat-gesunde-ernaehrung","8":"product_cat-gesundheit-und-wohlbefinden","9":"product_cat-vitamine-und-mineralstoffe","11":"first","12":"outofstock","13":"taxable","14":"shipping-taxable","15":"purchasable","16":"product-type-simple"},"yoast_head":"<!-- This site is optimized with the Yoast SEO plugin v27.5 - https:\/\/yoast.com\/product\/yoast-seo-wordpress\/ -->\n<title>Full Spectrum Coleus Forskohlii 400mg \u2013 Swanson | ecosupplements.ch<\/title>\n<meta name=\"description\" content=\"Swanson Coleus Forskohlii, 400 mg Wurzelextrakt pro Kapsel, 60 Kapseln f\u00fcr 30 Tage. Hochwertiges Nahrungserg\u00e4nzungsmittel aus Vollspektrum-Extrakt. Jetzt bestellen.\" \/>\n<meta name=\"robots\" content=\"index, follow, max-snippet:-1, max-image-preview:large, max-video-preview:-1\" \/>\n<link rel=\"canonical\" href=\"https:\/\/ecosupplements.ch\/?product=full-spectrum-coleus-forskohlii-400mg-60-caps\" \/>\n<meta property=\"og:locale\" content=\"de_DE\" \/>\n<meta property=\"og:type\" content=\"article\" \/>\n<meta property=\"og:title\" content=\"Full Spectrum Coleus Forskohlii 400mg \u2013 Swanson | ecosupplements.ch\" \/>\n<meta property=\"og:description\" content=\"Swanson Coleus Forskohlii, 400 mg Wurzelextrakt pro Kapsel, 60 Kapseln f\u00fcr 30 Tage. Hochwertiges Nahrungserg\u00e4nzungsmittel aus Vollspektrum-Extrakt. Jetzt bestellen.\" \/>\n<meta property=\"og:url\" content=\"https:\/\/ecosupplements.ch\/?product=full-spectrum-coleus-forskohlii-400mg-60-caps\" \/>\n<meta property=\"og:site_name\" content=\"Eco Supplements\" \/>\n<meta property=\"article:modified_time\" content=\"2026-05-13T07:23:51+00:00\" \/>\n<meta property=\"og:image\" content=\"https:\/\/ecosupplements.ch\/wp-content\/uploads\/2026\/05\/Full-Spectrum-Coleus-Forskohlii-400mg-60-caps-1.jpg\" \/>\n\t<meta property=\"og:image:width\" content=\"1080\" \/>\n\t<meta property=\"og:image:height\" content=\"1080\" \/>\n\t<meta property=\"og:image:type\" content=\"image\/jpeg\" \/>\n<meta name=\"twitter:card\" content=\"summary_large_image\" \/>\n<meta name=\"twitter:label1\" content=\"Price\" \/>\n\t<meta name=\"twitter:data1\" content=\"&#067;&#072;&#070;&nbsp;9.69\" \/>\n\t<meta name=\"twitter:label2\" content=\"Availability\" \/>\n\t<meta name=\"twitter:data2\" content=\"Out of stock\" \/>\n<script type=\"application\/ld+json\" class=\"yoast-schema-graph\">{\"@context\":\"https:\\\/\\\/schema.org\",\"@graph\":[{\"@type\":\"WebPage\",\"@id\":\"https:\\\/\\\/ecosupplements.ch\\\/?product=full-spectrum-coleus-forskohlii-400mg-60-caps\",\"url\":\"https:\\\/\\\/ecosupplements.ch\\\/?product=full-spectrum-coleus-forskohlii-400mg-60-caps\",\"name\":\"Full Spectrum Coleus Forskohlii 400mg \u2013 Swanson | ecosupplements.ch\",\"isPartOf\":{\"@id\":\"https:\\\/\\\/ecosupplements.ch\\\/#website\"},\"primaryImageOfPage\":{\"@id\":\"https:\\\/\\\/ecosupplements.ch\\\/?product=full-spectrum-coleus-forskohlii-400mg-60-caps#primaryimage\"},\"image\":{\"@id\":\"https:\\\/\\\/ecosupplements.ch\\\/?product=full-spectrum-coleus-forskohlii-400mg-60-caps#primaryimage\"},\"thumbnailUrl\":\"https:\\\/\\\/ecosupplements.ch\\\/wp-content\\\/uploads\\\/2026\\\/05\\\/Full-Spectrum-Coleus-Forskohlii-400mg-60-caps-1.jpg\",\"datePublished\":\"2026-05-11T14:25:07+00:00\",\"dateModified\":\"2026-05-13T07:23:51+00:00\",\"description\":\"Swanson Coleus Forskohlii, 400 mg Wurzelextrakt pro Kapsel, 60 Kapseln f\u00fcr 30 Tage. Hochwertiges Nahrungserg\u00e4nzungsmittel aus Vollspektrum-Extrakt. Jetzt bestellen.\",\"breadcrumb\":{\"@id\":\"https:\\\/\\\/ecosupplements.ch\\\/?product=full-spectrum-coleus-forskohlii-400mg-60-caps#breadcrumb\"},\"inLanguage\":\"de-CH\",\"potentialAction\":[{\"@type\":\"ReadAction\",\"target\":[\"https:\\\/\\\/ecosupplements.ch\\\/?product=full-spectrum-coleus-forskohlii-400mg-60-caps\"]}]},{\"@type\":\"ImageObject\",\"inLanguage\":\"de-CH\",\"@id\":\"https:\\\/\\\/ecosupplements.ch\\\/?product=full-spectrum-coleus-forskohlii-400mg-60-caps#primaryimage\",\"url\":\"https:\\\/\\\/ecosupplements.ch\\\/wp-content\\\/uploads\\\/2026\\\/05\\\/Full-Spectrum-Coleus-Forskohlii-400mg-60-caps-1.jpg\",\"contentUrl\":\"https:\\\/\\\/ecosupplements.ch\\\/wp-content\\\/uploads\\\/2026\\\/05\\\/Full-Spectrum-Coleus-Forskohlii-400mg-60-caps-1.jpg\",\"width\":1080,\"height\":1080,\"caption\":\"Full Spectrum Coleus Forskohlii\"},{\"@type\":\"BreadcrumbList\",\"@id\":\"https:\\\/\\\/ecosupplements.ch\\\/?product=full-spectrum-coleus-forskohlii-400mg-60-caps#breadcrumb\",\"itemListElement\":[{\"@type\":\"ListItem\",\"position\":1,\"name\":\"Home\",\"item\":\"https:\\\/\\\/ecosupplements.ch\\\/\"},{\"@type\":\"ListItem\",\"position\":2,\"name\":\"Shop\",\"item\":\"https:\\\/\\\/ecosupplements.ch\\\/?page_id=14\"},{\"@type\":\"ListItem\",\"position\":3,\"name\":\"Full Spectrum Coleus Forskohlii, 400mg &#8211; 60 caps\"}]},{\"@type\":\"WebSite\",\"@id\":\"https:\\\/\\\/ecosupplements.ch\\\/#website\",\"url\":\"https:\\\/\\\/ecosupplements.ch\\\/\",\"name\":\"Eco Supplements\",\"description\":\"\",\"potentialAction\":[{\"@type\":\"SearchAction\",\"target\":{\"@type\":\"EntryPoint\",\"urlTemplate\":\"https:\\\/\\\/ecosupplements.ch\\\/?s={search_term_string}\"},\"query-input\":{\"@type\":\"PropertyValueSpecification\",\"valueRequired\":true,\"valueName\":\"search_term_string\"}}],\"inLanguage\":\"de-CH\"}]}<\/script>\n<meta property=\"product:price:amount\" content=\"9.69\" \/>\n<meta property=\"product:price:currency\" content=\"CHF\" \/>\n<meta property=\"og:availability\" content=\"out of stock\" \/>\n<meta property=\"product:availability\" content=\"out of stock\" \/>\n<meta property=\"product:retailer_item_id\" content=\"087614114286\" \/>\n<meta property=\"product:condition\" content=\"new\" \/>\n<!-- \/ Yoast SEO plugin. -->","yoast_head_json":{"title":"Full Spectrum Coleus Forskohlii 400mg \u2013 Swanson | ecosupplements.ch","description":"Swanson Coleus Forskohlii, 400 mg Wurzelextrakt pro Kapsel, 60 Kapseln f\u00fcr 30 Tage. Hochwertiges Nahrungserg\u00e4nzungsmittel aus Vollspektrum-Extrakt. Jetzt bestellen.","robots":{"index":"index","follow":"follow","max-snippet":"max-snippet:-1","max-image-preview":"max-image-preview:large","max-video-preview":"max-video-preview:-1"},"canonical":"https:\/\/ecosupplements.ch\/?product=full-spectrum-coleus-forskohlii-400mg-60-caps","og_locale":"de_DE","og_type":"article","og_title":"Full Spectrum Coleus Forskohlii 400mg \u2013 Swanson | ecosupplements.ch","og_description":"Swanson Coleus Forskohlii, 400 mg Wurzelextrakt pro Kapsel, 60 Kapseln f\u00fcr 30 Tage. Hochwertiges Nahrungserg\u00e4nzungsmittel aus Vollspektrum-Extrakt. Jetzt bestellen.","og_url":"https:\/\/ecosupplements.ch\/?product=full-spectrum-coleus-forskohlii-400mg-60-caps","og_site_name":"Eco Supplements","article_modified_time":"2026-05-13T07:23:51+00:00","og_image":[{"width":1080,"height":1080,"url":"https:\/\/ecosupplements.ch\/wp-content\/uploads\/2026\/05\/Full-Spectrum-Coleus-Forskohlii-400mg-60-caps-1.jpg","type":"image\/jpeg"}],"twitter_card":"summary_large_image","twitter_misc":{"Price":"&#67;&#72;&#70;&nbsp;9.69","Availability":"Out of stock"},"schema":{"@context":"https:\/\/schema.org","@graph":[{"@type":"WebPage","@id":"https:\/\/ecosupplements.ch\/?product=full-spectrum-coleus-forskohlii-400mg-60-caps","url":"https:\/\/ecosupplements.ch\/?product=full-spectrum-coleus-forskohlii-400mg-60-caps","name":"Full Spectrum Coleus Forskohlii 400mg \u2013 Swanson | ecosupplements.ch","isPartOf":{"@id":"https:\/\/ecosupplements.ch\/#website"},"primaryImageOfPage":{"@id":"https:\/\/ecosupplements.ch\/?product=full-spectrum-coleus-forskohlii-400mg-60-caps#primaryimage"},"image":{"@id":"https:\/\/ecosupplements.ch\/?product=full-spectrum-coleus-forskohlii-400mg-60-caps#primaryimage"},"thumbnailUrl":"https:\/\/ecosupplements.ch\/wp-content\/uploads\/2026\/05\/Full-Spectrum-Coleus-Forskohlii-400mg-60-caps-1.jpg","datePublished":"2026-05-11T14:25:07+00:00","dateModified":"2026-05-13T07:23:51+00:00","description":"Swanson Coleus Forskohlii, 400 mg Wurzelextrakt pro Kapsel, 60 Kapseln f\u00fcr 30 Tage. Hochwertiges Nahrungserg\u00e4nzungsmittel aus Vollspektrum-Extrakt. Jetzt bestellen.","breadcrumb":{"@id":"https:\/\/ecosupplements.ch\/?product=full-spectrum-coleus-forskohlii-400mg-60-caps#breadcrumb"},"inLanguage":"de-CH","potentialAction":[{"@type":"ReadAction","target":["https:\/\/ecosupplements.ch\/?product=full-spectrum-coleus-forskohlii-400mg-60-caps"]}]},{"@type":"ImageObject","inLanguage":"de-CH","@id":"https:\/\/ecosupplements.ch\/?product=full-spectrum-coleus-forskohlii-400mg-60-caps#primaryimage","url":"https:\/\/ecosupplements.ch\/wp-content\/uploads\/2026\/05\/Full-Spectrum-Coleus-Forskohlii-400mg-60-caps-1.jpg","contentUrl":"https:\/\/ecosupplements.ch\/wp-content\/uploads\/2026\/05\/Full-Spectrum-Coleus-Forskohlii-400mg-60-caps-1.jpg","width":1080,"height":1080,"caption":"Full Spectrum Coleus Forskohlii"},{"@type":"BreadcrumbList","@id":"https:\/\/ecosupplements.ch\/?product=full-spectrum-coleus-forskohlii-400mg-60-caps#breadcrumb","itemListElement":[{"@type":"ListItem","position":1,"name":"Home","item":"https:\/\/ecosupplements.ch\/"},{"@type":"ListItem","position":2,"name":"Shop","item":"https:\/\/ecosupplements.ch\/?page_id=14"},{"@type":"ListItem","position":3,"name":"Full Spectrum Coleus Forskohlii, 400mg &#8211; 60 caps"}]},{"@type":"WebSite","@id":"https:\/\/ecosupplements.ch\/#website","url":"https:\/\/ecosupplements.ch\/","name":"Eco Supplements","description":"","potentialAction":[{"@type":"SearchAction","target":{"@type":"EntryPoint","urlTemplate":"https:\/\/ecosupplements.ch\/?s={search_term_string}"},"query-input":{"@type":"PropertyValueSpecification","valueRequired":true,"valueName":"search_term_string"}}],"inLanguage":"de-CH"}]},"product_price_amount":"9.69","product_price_currency":"CHF","og_availability":"out of stock","product_availability":"out of stock","product_retailer_item_id":"087614114286","product_condition":"new"},"_links":{"self":[{"href":"https:\/\/ecosupplements.ch\/index.php?rest_route=\/wp\/v2\/product\/797","targetHints":{"allow":["GET"]}}],"collection":[{"href":"https:\/\/ecosupplements.ch\/index.php?rest_route=\/wp\/v2\/product"}],"about":[{"href":"https:\/\/ecosupplements.ch\/index.php?rest_route=\/wp\/v2\/types\/product"}],"replies":[{"embeddable":true,"href":"https:\/\/ecosupplements.ch\/index.php?rest_route=%2Fwp%2Fv2%2Fcomments&post=797"}],"wp:featuredmedia":[{"embeddable":true,"href":"https:\/\/ecosupplements.ch\/index.php?rest_route=\/wp\/v2\/media\/798"}],"wp:attachment":[{"href":"https:\/\/ecosupplements.ch\/index.php?rest_route=%2Fwp%2Fv2%2Fmedia&parent=797"}],"wp:term":[{"taxonomy":"product_brand","embeddable":true,"href":"https:\/\/ecosupplements.ch\/index.php?rest_route=%2Fwp%2Fv2%2Fproduct_brand&post=797"},{"taxonomy":"product_cat","embeddable":true,"href":"https:\/\/ecosupplements.ch\/index.php?rest_route=%2Fwp%2Fv2%2Fproduct_cat&post=797"},{"taxonomy":"product_tag","embeddable":true,"href":"https:\/\/ecosupplements.ch\/index.php?rest_route=%2Fwp%2Fv2%2Fproduct_tag&post=797"}],"curies":[{"name":"wp","href":"https:\/\/api.w.org\/{rel}","templated":true}]}}