{"id":849,"date":"2026-05-11T14:25:28","date_gmt":"2026-05-11T14:25:28","guid":{"rendered":"https:\/\/ecosupplements.ch\/?product=swanson-glucomannan-665mg-90-kaps"},"modified":"2026-05-13T07:26:53","modified_gmt":"2026-05-13T07:26:53","slug":"swanson-glucomannan-665mg-90-kaps","status":"publish","type":"product","link":"https:\/\/ecosupplements.ch\/?product=swanson-glucomannan-665mg-90-kaps","title":{"rendered":"SWANSON Glucomannan 665mg 90 kaps"},"content":{"rendered":"<div class=\"chcg-product-description\">\n<h2 class=\"chcg-heading\">\u00dcber Swanson \u2013 SWANSON Glucomannan 665mg 90 Kapseln<\/h2>\n<div class=\"chcg-intro\">\n<p>Glucomannan ist ein nat\u00fcrlicher Ballaststoff, der aus der Wurzel der Konjac-Pflanze (<em>Amorphophallus konjac<\/em>) gewonnen wird. Er ist bekannt f\u00fcr sein aussergew\u00f6hnliches Wasserbindungsverm\u00f6gen und quillt im Magen auf, wodurch er ein anhaltendes S\u00e4ttigungsgef\u00fchl beitragen kann. Swanson liefert pro Kapsel 665 mg reines Glucomannan \u2013 eine praktische und pr\u00e4zise dosierte Form f\u00fcr den t\u00e4glichen Gebrauch.<\/p>\n<p>Glucomannan tr\u00e4gt im Rahmen einer kalorienreduzierten Ern\u00e4hrung zur Gewichtsabnahme bei. Dieser Effekt wird erzielt, wenn t\u00e4glich 3 g Glucomannan in drei Portionen \u00e0 1 g zusammen mit einer oder zwei Gl\u00e4sern Wasser vor den Mahlzeiten eingenommen werden. Swanson Glucomannan 665mg Kapseln erm\u00f6glichen eine einfache Integration in den Alltag.<\/p>\n<p>Die Kapseln von Swanson sind sorgf\u00e4ltig hergestellt und bieten eine zuverl\u00e4ssige Qualit\u00e4t, auf die Schweizer Konsumentinnen und Konsumenten vertrauen k\u00f6nnen. Mit 90 Kapseln pro Packung ist eine langfristige Anwendung problemlos m\u00f6glich.<\/p>\n<\/p><\/div>\n<div class=\"chcg-nutrition\">\n<h3>N\u00e4hrwertangaben<\/h3>\n<table class=\"chcg-nutrition-table\">\n<thead>\n<tr>\n<th>N\u00e4hrstoff<\/th>\n<th>Pro Portion (1 Kapsel)<\/th>\n<\/tr>\n<\/thead>\n<tbody>\n<tr>\n<td>Glucomannan (<em>Amorphophallus konjac<\/em>, Wurzel)<\/td>\n<td>665 mg*<\/td>\n<\/tr>\n<\/tbody>\n<\/table>\n<p class=\"chcg-footnote\">* Kein festgelegter Tagesbedarf.<\/p>\n<\/p><\/div>\n<div class=\"chcg-ingredients\">\n<h3>Zutaten<\/h3>\n<p>Glucomannan (<em>Amorphophallus konjac<\/em>, Wurzel) 665 mg. Weitere Zutaten: Gelatine, Reismehl, Magnesiumstearat.<\/p>\n<p class=\"chcg-capsule-shell\">Kapselh\u00fclle: Gelatine<\/p>\n<\/p><\/div>\n<div class=\"chcg-dosage\">\n<h3>Verzehrempfehlung<\/h3>\n<p>Als Nahrungserg\u00e4nzungsmittel eine Kapsel mit einem vollen Glas Wasser vor jeder Mahlzeit einnehmen. F\u00fcr eine optimale Wirkung k\u00f6nnen bis zu zwei Kapseln vor jeder Mahlzeit eingenommen werden. Die empfohlene Tagesdosis nicht \u00fcberschreiten.<\/p>\n<\/p><\/div>\n<div class=\"chcg-warnings\">\n<h3>Warnhinweise<\/h3>\n<p>Nur f\u00fcr Erwachsene. Vor der Einnahme dieses oder eines anderen Produkts einen Arzt oder eine \u00c4rztin konsultieren, wenn Sie schwanger sind oder stillen, Medikamente einnehmen oder an einer Erkrankung leiden. Ausserhalb der Reichweite von Kindern aufbewahren. Nahrungserg\u00e4nzungsmittel sind kein Ersatz f\u00fcr eine abwechslungsreiche Ern\u00e4hrung.<\/p>\n<\/p><\/div>\n<div class=\"chcg-allergens\">\n<h3>Allergeninformationen<\/h3>\n<p>Auf dem Etikett sind keine Allergene explizit deklariert. Das Produkt enth\u00e4lt Gelatine tierischen Ursprungs.<\/p>\n<\/p><\/div>\n<div class=\"chcg-storage\">\n<h3>Lagerung<\/h3>\n<p>An einem trockenen, k\u00fchlen Ort und ausserhalb der Reichweite von Kleinkindern aufbewahren.<\/p>\n<\/p><\/div>\n<div class=\"chcg-dietary\">\n<h3>Ern\u00e4hrungshinweise<\/h3>\n<ul>\n<li>Laktosefrei<\/li>\n<\/ul><\/div>\n<\/div>\n","protected":false},"excerpt":{"rendered":"<p>Swanson Glucomannan 665mg unterst\u00fctzt ein nat\u00fcrliches S\u00e4ttigungsgef\u00fchl dank dem Ballaststoff aus der Konjac-Wurzel. Praktisch in Kapselform \u2013 90 Kapseln pro Packung. Als Erg\u00e4nzung zu einer kalorienreduzierten Ern\u00e4hrung geeignet.<\/p>\n","protected":false},"featured_media":850,"comment_status":"closed","ping_status":"open","template":"","meta":[],"product_brand":[16],"product_cat":[48,25,102,21],"product_tag":[],"class_list":{"0":"post-849","1":"product","2":"type-product","3":"status-publish","4":"has-post-thumbnail","6":"product_brand-swanson","7":"product_cat-gesunde-ernaehrung","8":"product_cat-gesundheit-und-wohlbefinden","9":"product_cat-verdauungsgesundheit","10":"product_cat-vitamine-und-mineralstoffe","12":"first","13":"outofstock","14":"taxable","15":"shipping-taxable","16":"purchasable","17":"product-type-simple"},"yoast_head":"<!-- This site is optimized with the Yoast SEO plugin v27.5 - https:\/\/yoast.com\/product\/yoast-seo-wordpress\/ -->\n<title>Glucomannan 665mg 90 Kapseln \u2013 Swanson | ecosupplements.ch<\/title>\n<meta name=\"description\" content=\"Swanson Glucomannan 665mg \u2013 nat\u00fcrlicher Ballaststoff aus Konjac-Wurzel, 90 Kapseln. Unterst\u00fctzt das S\u00e4ttigungsgef\u00fchl im Rahmen einer kalorienreduzierten Ern\u00e4hrung. Jetzt bestellen.\" \/>\n<meta name=\"robots\" content=\"index, follow, max-snippet:-1, max-image-preview:large, max-video-preview:-1\" \/>\n<link rel=\"canonical\" href=\"https:\/\/ecosupplements.ch\/?product=swanson-glucomannan-665mg-90-kaps\" \/>\n<meta property=\"og:locale\" content=\"de_DE\" \/>\n<meta property=\"og:type\" content=\"article\" \/>\n<meta property=\"og:title\" content=\"Glucomannan 665mg 90 Kapseln \u2013 Swanson | ecosupplements.ch\" \/>\n<meta property=\"og:description\" content=\"Swanson Glucomannan 665mg \u2013 nat\u00fcrlicher Ballaststoff aus Konjac-Wurzel, 90 Kapseln. Unterst\u00fctzt das S\u00e4ttigungsgef\u00fchl im Rahmen einer kalorienreduzierten Ern\u00e4hrung. Jetzt bestellen.\" \/>\n<meta property=\"og:url\" content=\"https:\/\/ecosupplements.ch\/?product=swanson-glucomannan-665mg-90-kaps\" \/>\n<meta property=\"og:site_name\" content=\"Eco Supplements\" \/>\n<meta property=\"article:modified_time\" content=\"2026-05-13T07:26:53+00:00\" \/>\n<meta property=\"og:image\" content=\"https:\/\/ecosupplements.ch\/wp-content\/uploads\/2026\/05\/SWANSON-Glucomannan-665mg-90-kaps.jpg\" \/>\n\t<meta property=\"og:image:width\" content=\"650\" \/>\n\t<meta property=\"og:image:height\" content=\"650\" \/>\n\t<meta property=\"og:image:type\" content=\"image\/jpeg\" \/>\n<meta name=\"twitter:card\" content=\"summary_large_image\" \/>\n<meta name=\"twitter:label1\" content=\"Price\" \/>\n\t<meta name=\"twitter:data1\" content=\"&#067;&#072;&#070;&nbsp;13.59\" \/>\n\t<meta name=\"twitter:label2\" content=\"Availability\" \/>\n\t<meta name=\"twitter:data2\" content=\"Out of stock\" \/>\n<script type=\"application\/ld+json\" class=\"yoast-schema-graph\">{\"@context\":\"https:\\\/\\\/schema.org\",\"@graph\":[{\"@type\":\"WebPage\",\"@id\":\"https:\\\/\\\/ecosupplements.ch\\\/?product=swanson-glucomannan-665mg-90-kaps\",\"url\":\"https:\\\/\\\/ecosupplements.ch\\\/?product=swanson-glucomannan-665mg-90-kaps\",\"name\":\"Glucomannan 665mg 90 Kapseln \u2013 Swanson | ecosupplements.ch\",\"isPartOf\":{\"@id\":\"https:\\\/\\\/ecosupplements.ch\\\/#website\"},\"primaryImageOfPage\":{\"@id\":\"https:\\\/\\\/ecosupplements.ch\\\/?product=swanson-glucomannan-665mg-90-kaps#primaryimage\"},\"image\":{\"@id\":\"https:\\\/\\\/ecosupplements.ch\\\/?product=swanson-glucomannan-665mg-90-kaps#primaryimage\"},\"thumbnailUrl\":\"https:\\\/\\\/ecosupplements.ch\\\/wp-content\\\/uploads\\\/2026\\\/05\\\/SWANSON-Glucomannan-665mg-90-kaps.jpg\",\"datePublished\":\"2026-05-11T14:25:28+00:00\",\"dateModified\":\"2026-05-13T07:26:53+00:00\",\"description\":\"Swanson Glucomannan 665mg \u2013 nat\u00fcrlicher Ballaststoff aus Konjac-Wurzel, 90 Kapseln. Unterst\u00fctzt das S\u00e4ttigungsgef\u00fchl im Rahmen einer kalorienreduzierten Ern\u00e4hrung. Jetzt bestellen.\",\"breadcrumb\":{\"@id\":\"https:\\\/\\\/ecosupplements.ch\\\/?product=swanson-glucomannan-665mg-90-kaps#breadcrumb\"},\"inLanguage\":\"de-CH\",\"potentialAction\":[{\"@type\":\"ReadAction\",\"target\":[\"https:\\\/\\\/ecosupplements.ch\\\/?product=swanson-glucomannan-665mg-90-kaps\"]}]},{\"@type\":\"ImageObject\",\"inLanguage\":\"de-CH\",\"@id\":\"https:\\\/\\\/ecosupplements.ch\\\/?product=swanson-glucomannan-665mg-90-kaps#primaryimage\",\"url\":\"https:\\\/\\\/ecosupplements.ch\\\/wp-content\\\/uploads\\\/2026\\\/05\\\/SWANSON-Glucomannan-665mg-90-kaps.jpg\",\"contentUrl\":\"https:\\\/\\\/ecosupplements.ch\\\/wp-content\\\/uploads\\\/2026\\\/05\\\/SWANSON-Glucomannan-665mg-90-kaps.jpg\",\"width\":650,\"height\":650,\"caption\":\"SWANSON Glucomannan 665mg 90 kaps\"},{\"@type\":\"BreadcrumbList\",\"@id\":\"https:\\\/\\\/ecosupplements.ch\\\/?product=swanson-glucomannan-665mg-90-kaps#breadcrumb\",\"itemListElement\":[{\"@type\":\"ListItem\",\"position\":1,\"name\":\"Home\",\"item\":\"https:\\\/\\\/ecosupplements.ch\\\/\"},{\"@type\":\"ListItem\",\"position\":2,\"name\":\"Shop\",\"item\":\"https:\\\/\\\/ecosupplements.ch\\\/?page_id=14\"},{\"@type\":\"ListItem\",\"position\":3,\"name\":\"SWANSON Glucomannan 665mg 90 kaps\"}]},{\"@type\":\"WebSite\",\"@id\":\"https:\\\/\\\/ecosupplements.ch\\\/#website\",\"url\":\"https:\\\/\\\/ecosupplements.ch\\\/\",\"name\":\"Eco Supplements\",\"description\":\"\",\"potentialAction\":[{\"@type\":\"SearchAction\",\"target\":{\"@type\":\"EntryPoint\",\"urlTemplate\":\"https:\\\/\\\/ecosupplements.ch\\\/?s={search_term_string}\"},\"query-input\":{\"@type\":\"PropertyValueSpecification\",\"valueRequired\":true,\"valueName\":\"search_term_string\"}}],\"inLanguage\":\"de-CH\"}]}<\/script>\n<meta property=\"product:price:amount\" content=\"13.59\" \/>\n<meta property=\"product:price:currency\" content=\"CHF\" \/>\n<meta property=\"og:availability\" content=\"out of stock\" \/>\n<meta property=\"product:availability\" content=\"out of stock\" \/>\n<meta property=\"product:retailer_item_id\" content=\"087614117430\" \/>\n<meta property=\"product:condition\" content=\"new\" \/>\n<!-- \/ Yoast SEO plugin. -->","yoast_head_json":{"title":"Glucomannan 665mg 90 Kapseln \u2013 Swanson | ecosupplements.ch","description":"Swanson Glucomannan 665mg \u2013 nat\u00fcrlicher Ballaststoff aus Konjac-Wurzel, 90 Kapseln. Unterst\u00fctzt das S\u00e4ttigungsgef\u00fchl im Rahmen einer kalorienreduzierten Ern\u00e4hrung. Jetzt bestellen.","robots":{"index":"index","follow":"follow","max-snippet":"max-snippet:-1","max-image-preview":"max-image-preview:large","max-video-preview":"max-video-preview:-1"},"canonical":"https:\/\/ecosupplements.ch\/?product=swanson-glucomannan-665mg-90-kaps","og_locale":"de_DE","og_type":"article","og_title":"Glucomannan 665mg 90 Kapseln \u2013 Swanson | ecosupplements.ch","og_description":"Swanson Glucomannan 665mg \u2013 nat\u00fcrlicher Ballaststoff aus Konjac-Wurzel, 90 Kapseln. Unterst\u00fctzt das S\u00e4ttigungsgef\u00fchl im Rahmen einer kalorienreduzierten Ern\u00e4hrung. Jetzt bestellen.","og_url":"https:\/\/ecosupplements.ch\/?product=swanson-glucomannan-665mg-90-kaps","og_site_name":"Eco Supplements","article_modified_time":"2026-05-13T07:26:53+00:00","og_image":[{"width":650,"height":650,"url":"https:\/\/ecosupplements.ch\/wp-content\/uploads\/2026\/05\/SWANSON-Glucomannan-665mg-90-kaps.jpg","type":"image\/jpeg"}],"twitter_card":"summary_large_image","twitter_misc":{"Price":"&#67;&#72;&#70;&nbsp;13.59","Availability":"Out of stock"},"schema":{"@context":"https:\/\/schema.org","@graph":[{"@type":"WebPage","@id":"https:\/\/ecosupplements.ch\/?product=swanson-glucomannan-665mg-90-kaps","url":"https:\/\/ecosupplements.ch\/?product=swanson-glucomannan-665mg-90-kaps","name":"Glucomannan 665mg 90 Kapseln \u2013 Swanson | ecosupplements.ch","isPartOf":{"@id":"https:\/\/ecosupplements.ch\/#website"},"primaryImageOfPage":{"@id":"https:\/\/ecosupplements.ch\/?product=swanson-glucomannan-665mg-90-kaps#primaryimage"},"image":{"@id":"https:\/\/ecosupplements.ch\/?product=swanson-glucomannan-665mg-90-kaps#primaryimage"},"thumbnailUrl":"https:\/\/ecosupplements.ch\/wp-content\/uploads\/2026\/05\/SWANSON-Glucomannan-665mg-90-kaps.jpg","datePublished":"2026-05-11T14:25:28+00:00","dateModified":"2026-05-13T07:26:53+00:00","description":"Swanson Glucomannan 665mg \u2013 nat\u00fcrlicher Ballaststoff aus Konjac-Wurzel, 90 Kapseln. Unterst\u00fctzt das S\u00e4ttigungsgef\u00fchl im Rahmen einer kalorienreduzierten Ern\u00e4hrung. Jetzt bestellen.","breadcrumb":{"@id":"https:\/\/ecosupplements.ch\/?product=swanson-glucomannan-665mg-90-kaps#breadcrumb"},"inLanguage":"de-CH","potentialAction":[{"@type":"ReadAction","target":["https:\/\/ecosupplements.ch\/?product=swanson-glucomannan-665mg-90-kaps"]}]},{"@type":"ImageObject","inLanguage":"de-CH","@id":"https:\/\/ecosupplements.ch\/?product=swanson-glucomannan-665mg-90-kaps#primaryimage","url":"https:\/\/ecosupplements.ch\/wp-content\/uploads\/2026\/05\/SWANSON-Glucomannan-665mg-90-kaps.jpg","contentUrl":"https:\/\/ecosupplements.ch\/wp-content\/uploads\/2026\/05\/SWANSON-Glucomannan-665mg-90-kaps.jpg","width":650,"height":650,"caption":"SWANSON Glucomannan 665mg 90 kaps"},{"@type":"BreadcrumbList","@id":"https:\/\/ecosupplements.ch\/?product=swanson-glucomannan-665mg-90-kaps#breadcrumb","itemListElement":[{"@type":"ListItem","position":1,"name":"Home","item":"https:\/\/ecosupplements.ch\/"},{"@type":"ListItem","position":2,"name":"Shop","item":"https:\/\/ecosupplements.ch\/?page_id=14"},{"@type":"ListItem","position":3,"name":"SWANSON Glucomannan 665mg 90 kaps"}]},{"@type":"WebSite","@id":"https:\/\/ecosupplements.ch\/#website","url":"https:\/\/ecosupplements.ch\/","name":"Eco Supplements","description":"","potentialAction":[{"@type":"SearchAction","target":{"@type":"EntryPoint","urlTemplate":"https:\/\/ecosupplements.ch\/?s={search_term_string}"},"query-input":{"@type":"PropertyValueSpecification","valueRequired":true,"valueName":"search_term_string"}}],"inLanguage":"de-CH"}]},"product_price_amount":"13.59","product_price_currency":"CHF","og_availability":"out of stock","product_availability":"out of stock","product_retailer_item_id":"087614117430","product_condition":"new"},"_links":{"self":[{"href":"https:\/\/ecosupplements.ch\/index.php?rest_route=\/wp\/v2\/product\/849","targetHints":{"allow":["GET"]}}],"collection":[{"href":"https:\/\/ecosupplements.ch\/index.php?rest_route=\/wp\/v2\/product"}],"about":[{"href":"https:\/\/ecosupplements.ch\/index.php?rest_route=\/wp\/v2\/types\/product"}],"replies":[{"embeddable":true,"href":"https:\/\/ecosupplements.ch\/index.php?rest_route=%2Fwp%2Fv2%2Fcomments&post=849"}],"wp:featuredmedia":[{"embeddable":true,"href":"https:\/\/ecosupplements.ch\/index.php?rest_route=\/wp\/v2\/media\/850"}],"wp:attachment":[{"href":"https:\/\/ecosupplements.ch\/index.php?rest_route=%2Fwp%2Fv2%2Fmedia&parent=849"}],"wp:term":[{"taxonomy":"product_brand","embeddable":true,"href":"https:\/\/ecosupplements.ch\/index.php?rest_route=%2Fwp%2Fv2%2Fproduct_brand&post=849"},{"taxonomy":"product_cat","embeddable":true,"href":"https:\/\/ecosupplements.ch\/index.php?rest_route=%2Fwp%2Fv2%2Fproduct_cat&post=849"},{"taxonomy":"product_tag","embeddable":true,"href":"https:\/\/ecosupplements.ch\/index.php?rest_route=%2Fwp%2Fv2%2Fproduct_tag&post=849"}],"curies":[{"name":"wp","href":"https:\/\/api.w.org\/{rel}","templated":true}]}}