{"id":861,"date":"2026-05-11T14:25:33","date_gmt":"2026-05-11T14:25:33","guid":{"rendered":"https:\/\/ecosupplements.ch\/?product=grape-seed-green-tea-pine-bark-complex-60-caps"},"modified":"2026-05-13T07:23:56","modified_gmt":"2026-05-13T07:23:56","slug":"grape-seed-green-tea-pine-bark-complex-60-caps","status":"publish","type":"product","link":"https:\/\/ecosupplements.ch\/?product=grape-seed-green-tea-pine-bark-complex-60-caps","title":{"rendered":"Grape Seed, Green Tea &amp; Pine Bark Complex &#8211; 60 caps"},"content":{"rendered":"<div class=\"chcg-product-description\">\n<h2 class=\"chcg-heading\">\u00dcber Swanson \u2013 Grape Seed, Green Tea &amp; Pine Bark Complex \u2013 60 Kapseln<\/h2>\n<div class=\"chcg-intro\">\n<p>Der Grape Seed, Green Tea &amp; Pine Bark Complex von Swanson vereint drei bew\u00e4hrte Pflanzenextrakte in einer praktischen Tageskapsel. Traubenkernextrakt (Vitis vinifera), Gr\u00fcnteeextrakt (Camellia sinensis) und Kiefernrindenextrakt (Pinus massoniana) werden jeweils mit 125 mg pro Kapsel dosiert und erg\u00e4nzen sich in ihrer pflanzlichen Wirkstoffvielfalt ideal.<\/p>\n<p>Alle drei Extrakte sind reich an nat\u00fcrlich vorkommenden Polyphenolen und werden in der traditionellen sowie modernen Pflanzenheilkunde gesch\u00e4tzt. Gr\u00fcnteeextrakt liefert unter anderem Catechine, w\u00e4hrend Traubenkern- und Kiefernrindenextrakt f\u00fcr ihren Gehalt an oligomeren Proanthocyanidinen (OPCs) bekannt sind \u2013 Pflanzenstoffe, die seit Jahren intensiv erforscht werden.<\/p>\n<p>Dank der unkomplizierten Dosierung \u2013 eine Kapsel t\u00e4glich \u2013 l\u00e4sst sich dieses Pr\u00e4parat einfach in den Alltag integrieren. Mit 60 Kapseln pro Packung deckt ein Beh\u00e4lter einen vollen Zweimonatsvorrat ab.<\/p>\n<\/p><\/div>\n<div class=\"chcg-nutrition\">\n<h3>N\u00e4hrwertangaben<\/h3>\n<table class=\"chcg-nutrition-table\">\n<thead>\n<tr>\n<th>N\u00e4hrstoff<\/th>\n<th>Pro Portion (1 Kapsel)<\/th>\n<\/tr>\n<\/thead>\n<tbody>\n<tr>\n<td>Grape Seed (Vitis vinifera)<\/td>\n<td>125 mg<\/td>\n<\/tr>\n<tr>\n<td>Green Tea (Camellia sinensis) (Bl\u00e4tter)<\/td>\n<td>125 mg<\/td>\n<\/tr>\n<tr>\n<td>Pine Bark (Pinus massoniana)<\/td>\n<td>125 mg<\/td>\n<\/tr>\n<\/tbody>\n<\/table>\n<p class=\"chcg-footnote\">* Kein festgelegter Tagesreferenzwert vorhanden.<\/p>\n<\/p><\/div>\n<div class=\"chcg-ingredients\">\n<h3>Zutaten<\/h3>\n<p>Grape Seed (Vitis vinifera) 125 mg, Green Tea (Camellia sinensis) (Bl\u00e4tter) 125 mg, Pine Bark (Pinus massoniana) 125 mg. Weitere Zutaten: Gelatine, mikrokristalline Cellulose (Pflanzenfaser), Calciumpalmitat, Siliciumdioxid.<\/p>\n<p class=\"chcg-capsule-shell\">Kapselh\u00fclle: Gelatine<\/p>\n<\/p><\/div>\n<div class=\"chcg-dosage\">\n<h3>Verzehrempfehlung<\/h3>\n<p>Als Nahrungserg\u00e4nzungsmittel eine Kapsel t\u00e4glich mit Wasser einnehmen.<\/p>\n<\/p><\/div>\n<div class=\"chcg-warnings\">\n<h3>Warnhinweise<\/h3>\n<p>Nur f\u00fcr Erwachsene. Dieses Produkt nicht einnehmen, wenn Sie schwanger sind oder stillen. Vor der Einnahme einen Arzt oder eine \u00c4rztin konsultieren, wenn Sie verschreibungspflichtige Medikamente einnehmen oder an einer Erkrankung leiden. Ausserhalb der Reichweite von Kindern aufbewahren. Nicht verwenden, wenn die Versiegelung besch\u00e4digt ist.<\/p>\n<\/p><\/div>\n<div class=\"chcg-allergens\">\n<h3>Allergeninformationen<\/h3>\n<p>Keine Allergene deklariert. Das Produkt enth\u00e4lt Gelatine; die genaue Herkunft (Rind oder Schwein) ist nicht spezifiziert.<\/p>\n<\/p><\/div>\n<div class=\"chcg-storage\">\n<h3>Lagerung<\/h3>\n<p>An einem k\u00fchlen, trockenen Ort aufbewahren.<\/p>\n<\/p><\/div>\n<div class=\"chcg-dietary\">\n<h3>Ern\u00e4hrungshinweise<\/h3>\n<ul>\n<li>Nicht vegan (enth\u00e4lt Gelatine)<\/li>\n<li>Nicht vegetarisch (enth\u00e4lt Gelatine)<\/li>\n<\/ul><\/div>\n<\/div>\n","protected":false},"excerpt":{"rendered":"<p>Swanson Grape Seed, Green Tea &amp; Pine Bark Complex kombiniert drei polyphenolreiche Pflanzenextrakte \u00e0 125 mg in einer Tageskapsel. 60 Kapseln pro Packung \u2013 f\u00fcr zwei Monate Versorgung.<\/p>\n","protected":false},"featured_media":862,"comment_status":"closed","ping_status":"open","template":"","meta":[],"product_brand":[16],"product_cat":[34,48,25,44,21],"product_tag":[],"class_list":{"0":"post-861","1":"product","2":"type-product","3":"status-publish","4":"has-post-thumbnail","6":"product_brand-swanson","7":"product_cat-antioxidantien","8":"product_cat-gesunde-ernaehrung","9":"product_cat-gesundheit-und-wohlbefinden","10":"product_cat-pflanzliche-nahrungsergaenzungsmittel","11":"product_cat-vitamine-und-mineralstoffe","13":"first","14":"outofstock","15":"taxable","16":"shipping-taxable","17":"purchasable","18":"product-type-simple"},"yoast_head":"<!-- This site is optimized with the Yoast SEO plugin v27.5 - https:\/\/yoast.com\/product\/yoast-seo-wordpress\/ -->\n<title>Grape Seed, Green Tea &amp; Pine Bark \u2013 Swanson | ecosupplements.ch<\/title>\n<meta name=\"description\" content=\"Drei Pflanzenextrakte \u2013 Traubenkern, Gr\u00fcntee &amp; Kiefernrinde \u2013 in einer Kapsel t\u00e4glich. 60 Kapseln von Swanson. Jetzt bestellen.\" \/>\n<meta name=\"robots\" content=\"index, follow, max-snippet:-1, max-image-preview:large, max-video-preview:-1\" \/>\n<link rel=\"canonical\" href=\"https:\/\/ecosupplements.ch\/?product=grape-seed-green-tea-pine-bark-complex-60-caps\" \/>\n<meta property=\"og:locale\" content=\"de_DE\" \/>\n<meta property=\"og:type\" content=\"article\" \/>\n<meta property=\"og:title\" content=\"Grape Seed, Green Tea &amp; Pine Bark \u2013 Swanson | ecosupplements.ch\" \/>\n<meta property=\"og:description\" content=\"Drei Pflanzenextrakte \u2013 Traubenkern, Gr\u00fcntee &amp; Kiefernrinde \u2013 in einer Kapsel t\u00e4glich. 60 Kapseln von Swanson. Jetzt bestellen.\" \/>\n<meta property=\"og:url\" content=\"https:\/\/ecosupplements.ch\/?product=grape-seed-green-tea-pine-bark-complex-60-caps\" \/>\n<meta property=\"og:site_name\" content=\"Eco Supplements\" \/>\n<meta property=\"article:modified_time\" content=\"2026-05-13T07:23:56+00:00\" \/>\n<meta property=\"og:image\" content=\"https:\/\/ecosupplements.ch\/wp-content\/uploads\/2026\/05\/Grape-Seed-Green-Tea-Pine-Bark-Complex-60-caps.jpg\" \/>\n\t<meta property=\"og:image:width\" content=\"500\" \/>\n\t<meta property=\"og:image:height\" content=\"500\" \/>\n\t<meta property=\"og:image:type\" content=\"image\/jpeg\" \/>\n<meta name=\"twitter:card\" content=\"summary_large_image\" \/>\n<meta name=\"twitter:label1\" content=\"Price\" \/>\n\t<meta name=\"twitter:data1\" content=\"&#067;&#072;&#070;&nbsp;6.62\" \/>\n\t<meta name=\"twitter:label2\" content=\"Availability\" \/>\n\t<meta name=\"twitter:data2\" content=\"Out of stock\" \/>\n<script type=\"application\/ld+json\" class=\"yoast-schema-graph\">{\"@context\":\"https:\\\/\\\/schema.org\",\"@graph\":[{\"@type\":\"WebPage\",\"@id\":\"https:\\\/\\\/ecosupplements.ch\\\/?product=grape-seed-green-tea-pine-bark-complex-60-caps\",\"url\":\"https:\\\/\\\/ecosupplements.ch\\\/?product=grape-seed-green-tea-pine-bark-complex-60-caps\",\"name\":\"Grape Seed, Green Tea & Pine Bark \u2013 Swanson | ecosupplements.ch\",\"isPartOf\":{\"@id\":\"https:\\\/\\\/ecosupplements.ch\\\/#website\"},\"primaryImageOfPage\":{\"@id\":\"https:\\\/\\\/ecosupplements.ch\\\/?product=grape-seed-green-tea-pine-bark-complex-60-caps#primaryimage\"},\"image\":{\"@id\":\"https:\\\/\\\/ecosupplements.ch\\\/?product=grape-seed-green-tea-pine-bark-complex-60-caps#primaryimage\"},\"thumbnailUrl\":\"https:\\\/\\\/ecosupplements.ch\\\/wp-content\\\/uploads\\\/2026\\\/05\\\/Grape-Seed-Green-Tea-Pine-Bark-Complex-60-caps.jpg\",\"datePublished\":\"2026-05-11T14:25:33+00:00\",\"dateModified\":\"2026-05-13T07:23:56+00:00\",\"description\":\"Drei Pflanzenextrakte \u2013 Traubenkern, Gr\u00fcntee & Kiefernrinde \u2013 in einer Kapsel t\u00e4glich. 60 Kapseln von Swanson. Jetzt bestellen.\",\"breadcrumb\":{\"@id\":\"https:\\\/\\\/ecosupplements.ch\\\/?product=grape-seed-green-tea-pine-bark-complex-60-caps#breadcrumb\"},\"inLanguage\":\"de-CH\",\"potentialAction\":[{\"@type\":\"ReadAction\",\"target\":[\"https:\\\/\\\/ecosupplements.ch\\\/?product=grape-seed-green-tea-pine-bark-complex-60-caps\"]}]},{\"@type\":\"ImageObject\",\"inLanguage\":\"de-CH\",\"@id\":\"https:\\\/\\\/ecosupplements.ch\\\/?product=grape-seed-green-tea-pine-bark-complex-60-caps#primaryimage\",\"url\":\"https:\\\/\\\/ecosupplements.ch\\\/wp-content\\\/uploads\\\/2026\\\/05\\\/Grape-Seed-Green-Tea-Pine-Bark-Complex-60-caps.jpg\",\"contentUrl\":\"https:\\\/\\\/ecosupplements.ch\\\/wp-content\\\/uploads\\\/2026\\\/05\\\/Grape-Seed-Green-Tea-Pine-Bark-Complex-60-caps.jpg\",\"width\":500,\"height\":500,\"caption\":\"Grape Seed\"},{\"@type\":\"BreadcrumbList\",\"@id\":\"https:\\\/\\\/ecosupplements.ch\\\/?product=grape-seed-green-tea-pine-bark-complex-60-caps#breadcrumb\",\"itemListElement\":[{\"@type\":\"ListItem\",\"position\":1,\"name\":\"Home\",\"item\":\"https:\\\/\\\/ecosupplements.ch\\\/\"},{\"@type\":\"ListItem\",\"position\":2,\"name\":\"Shop\",\"item\":\"https:\\\/\\\/ecosupplements.ch\\\/?page_id=14\"},{\"@type\":\"ListItem\",\"position\":3,\"name\":\"Grape Seed, Green Tea &amp; Pine Bark Complex &#8211; 60 caps\"}]},{\"@type\":\"WebSite\",\"@id\":\"https:\\\/\\\/ecosupplements.ch\\\/#website\",\"url\":\"https:\\\/\\\/ecosupplements.ch\\\/\",\"name\":\"Eco Supplements\",\"description\":\"\",\"potentialAction\":[{\"@type\":\"SearchAction\",\"target\":{\"@type\":\"EntryPoint\",\"urlTemplate\":\"https:\\\/\\\/ecosupplements.ch\\\/?s={search_term_string}\"},\"query-input\":{\"@type\":\"PropertyValueSpecification\",\"valueRequired\":true,\"valueName\":\"search_term_string\"}}],\"inLanguage\":\"de-CH\"}]}<\/script>\n<meta property=\"product:price:amount\" content=\"6.62\" \/>\n<meta property=\"product:price:currency\" content=\"CHF\" \/>\n<meta property=\"og:availability\" content=\"out of stock\" \/>\n<meta property=\"product:availability\" content=\"out of stock\" \/>\n<meta property=\"product:retailer_item_id\" content=\"087614110240\" \/>\n<meta property=\"product:condition\" content=\"new\" \/>\n<!-- \/ Yoast SEO plugin. -->","yoast_head_json":{"title":"Grape Seed, Green Tea & Pine Bark \u2013 Swanson | ecosupplements.ch","description":"Drei Pflanzenextrakte \u2013 Traubenkern, Gr\u00fcntee & Kiefernrinde \u2013 in einer Kapsel t\u00e4glich. 60 Kapseln von Swanson. Jetzt bestellen.","robots":{"index":"index","follow":"follow","max-snippet":"max-snippet:-1","max-image-preview":"max-image-preview:large","max-video-preview":"max-video-preview:-1"},"canonical":"https:\/\/ecosupplements.ch\/?product=grape-seed-green-tea-pine-bark-complex-60-caps","og_locale":"de_DE","og_type":"article","og_title":"Grape Seed, Green Tea & Pine Bark \u2013 Swanson | ecosupplements.ch","og_description":"Drei Pflanzenextrakte \u2013 Traubenkern, Gr\u00fcntee & Kiefernrinde \u2013 in einer Kapsel t\u00e4glich. 60 Kapseln von Swanson. Jetzt bestellen.","og_url":"https:\/\/ecosupplements.ch\/?product=grape-seed-green-tea-pine-bark-complex-60-caps","og_site_name":"Eco Supplements","article_modified_time":"2026-05-13T07:23:56+00:00","og_image":[{"width":500,"height":500,"url":"https:\/\/ecosupplements.ch\/wp-content\/uploads\/2026\/05\/Grape-Seed-Green-Tea-Pine-Bark-Complex-60-caps.jpg","type":"image\/jpeg"}],"twitter_card":"summary_large_image","twitter_misc":{"Price":"&#67;&#72;&#70;&nbsp;6.62","Availability":"Out of stock"},"schema":{"@context":"https:\/\/schema.org","@graph":[{"@type":"WebPage","@id":"https:\/\/ecosupplements.ch\/?product=grape-seed-green-tea-pine-bark-complex-60-caps","url":"https:\/\/ecosupplements.ch\/?product=grape-seed-green-tea-pine-bark-complex-60-caps","name":"Grape Seed, Green Tea & Pine Bark \u2013 Swanson | ecosupplements.ch","isPartOf":{"@id":"https:\/\/ecosupplements.ch\/#website"},"primaryImageOfPage":{"@id":"https:\/\/ecosupplements.ch\/?product=grape-seed-green-tea-pine-bark-complex-60-caps#primaryimage"},"image":{"@id":"https:\/\/ecosupplements.ch\/?product=grape-seed-green-tea-pine-bark-complex-60-caps#primaryimage"},"thumbnailUrl":"https:\/\/ecosupplements.ch\/wp-content\/uploads\/2026\/05\/Grape-Seed-Green-Tea-Pine-Bark-Complex-60-caps.jpg","datePublished":"2026-05-11T14:25:33+00:00","dateModified":"2026-05-13T07:23:56+00:00","description":"Drei Pflanzenextrakte \u2013 Traubenkern, Gr\u00fcntee & Kiefernrinde \u2013 in einer Kapsel t\u00e4glich. 60 Kapseln von Swanson. Jetzt bestellen.","breadcrumb":{"@id":"https:\/\/ecosupplements.ch\/?product=grape-seed-green-tea-pine-bark-complex-60-caps#breadcrumb"},"inLanguage":"de-CH","potentialAction":[{"@type":"ReadAction","target":["https:\/\/ecosupplements.ch\/?product=grape-seed-green-tea-pine-bark-complex-60-caps"]}]},{"@type":"ImageObject","inLanguage":"de-CH","@id":"https:\/\/ecosupplements.ch\/?product=grape-seed-green-tea-pine-bark-complex-60-caps#primaryimage","url":"https:\/\/ecosupplements.ch\/wp-content\/uploads\/2026\/05\/Grape-Seed-Green-Tea-Pine-Bark-Complex-60-caps.jpg","contentUrl":"https:\/\/ecosupplements.ch\/wp-content\/uploads\/2026\/05\/Grape-Seed-Green-Tea-Pine-Bark-Complex-60-caps.jpg","width":500,"height":500,"caption":"Grape Seed"},{"@type":"BreadcrumbList","@id":"https:\/\/ecosupplements.ch\/?product=grape-seed-green-tea-pine-bark-complex-60-caps#breadcrumb","itemListElement":[{"@type":"ListItem","position":1,"name":"Home","item":"https:\/\/ecosupplements.ch\/"},{"@type":"ListItem","position":2,"name":"Shop","item":"https:\/\/ecosupplements.ch\/?page_id=14"},{"@type":"ListItem","position":3,"name":"Grape Seed, Green Tea &amp; Pine Bark Complex &#8211; 60 caps"}]},{"@type":"WebSite","@id":"https:\/\/ecosupplements.ch\/#website","url":"https:\/\/ecosupplements.ch\/","name":"Eco Supplements","description":"","potentialAction":[{"@type":"SearchAction","target":{"@type":"EntryPoint","urlTemplate":"https:\/\/ecosupplements.ch\/?s={search_term_string}"},"query-input":{"@type":"PropertyValueSpecification","valueRequired":true,"valueName":"search_term_string"}}],"inLanguage":"de-CH"}]},"product_price_amount":"6.62","product_price_currency":"CHF","og_availability":"out of stock","product_availability":"out of stock","product_retailer_item_id":"087614110240","product_condition":"new"},"_links":{"self":[{"href":"https:\/\/ecosupplements.ch\/index.php?rest_route=\/wp\/v2\/product\/861","targetHints":{"allow":["GET"]}}],"collection":[{"href":"https:\/\/ecosupplements.ch\/index.php?rest_route=\/wp\/v2\/product"}],"about":[{"href":"https:\/\/ecosupplements.ch\/index.php?rest_route=\/wp\/v2\/types\/product"}],"replies":[{"embeddable":true,"href":"https:\/\/ecosupplements.ch\/index.php?rest_route=%2Fwp%2Fv2%2Fcomments&post=861"}],"wp:featuredmedia":[{"embeddable":true,"href":"https:\/\/ecosupplements.ch\/index.php?rest_route=\/wp\/v2\/media\/862"}],"wp:attachment":[{"href":"https:\/\/ecosupplements.ch\/index.php?rest_route=%2Fwp%2Fv2%2Fmedia&parent=861"}],"wp:term":[{"taxonomy":"product_brand","embeddable":true,"href":"https:\/\/ecosupplements.ch\/index.php?rest_route=%2Fwp%2Fv2%2Fproduct_brand&post=861"},{"taxonomy":"product_cat","embeddable":true,"href":"https:\/\/ecosupplements.ch\/index.php?rest_route=%2Fwp%2Fv2%2Fproduct_cat&post=861"},{"taxonomy":"product_tag","embeddable":true,"href":"https:\/\/ecosupplements.ch\/index.php?rest_route=%2Fwp%2Fv2%2Fproduct_tag&post=861"}],"curies":[{"name":"wp","href":"https:\/\/api.w.org\/{rel}","templated":true}]}}