{"id":974,"date":"2026-05-11T14:26:14","date_gmt":"2026-05-11T14:26:14","guid":{"rendered":"https:\/\/ecosupplements.ch\/?product=black-cumin-seed-oil-500mg-60-liquid-vcaps"},"modified":"2026-05-13T07:23:43","modified_gmt":"2026-05-13T07:23:43","slug":"black-cumin-seed-oil-500mg-60-liquid-vcaps","status":"publish","type":"product","link":"https:\/\/ecosupplements.ch\/?product=black-cumin-seed-oil-500mg-60-liquid-vcaps","title":{"rendered":"Black Cumin Seed Oil, 500mg &#8211; 60 liquid vcaps"},"content":{"rendered":"<div class=\"chcg-product-description\">\n<h2 class=\"chcg-heading\">\u00dcber Swanson \u2013 Black Cumin Seed Oil, 500mg \u2013 60 Liquid Vcaps<\/h2>\n<div class=\"chcg-intro\">\n<p>Das Schwarzk\u00fcmmel\u00f6l von Swanson wird aus den Samen der Pflanze <em>Nigella sativa<\/em> gewonnen und liefert pro Kapsel 500 mg hochwertiges Schwarzk\u00fcmmel\u00f6l. Schwarzk\u00fcmmel wird seit Jahrhunderten in der traditionellen Ern\u00e4hrung verschiedener Kulturen gesch\u00e4tzt und zeichnet sich durch ein nat\u00fcrliches Fetts\u00e4ureprofil aus, das unter anderem Linols\u00e4ure (Omega-6) und \u00d6ls\u00e4ure (Omega-9) enth\u00e4lt.<\/p>\n<p>Jede fl\u00fcssige Veggie-Kapsel enth\u00e4lt zudem 3,40 mg Vitamin E in Form von D-alpha-Tocopherolacetat. Vitamin E tr\u00e4gt dazu bei, die Zellen vor oxidativem Stress zu sch\u00fctzen \u2013 eine Aussage, die durch die Europ\u00e4ische Beh\u00f6rde f\u00fcr Lebensmittelsicherheit (EFSA) zugelassen ist.<\/p>\n<p>Die Kapseln sind auf pflanzlicher Basis aus Hydroxypropylmethylcellulose (Hypromellose) gefertigt und damit sowohl f\u00fcr Veganerinnen und Veganer als auch f\u00fcr Vegetarierinnen und Vegetarier geeignet. Das Produkt bietet eine praktische und saubere M\u00f6glichkeit, Schwarzk\u00fcmmel\u00f6l in den Alltag zu integrieren.<\/p>\n<\/p><\/div>\n<div class=\"chcg-nutrition\">\n<h3>N\u00e4hrwertangaben<\/h3>\n<table class=\"chcg-nutrition-table\">\n<thead>\n<tr>\n<th>N\u00e4hrstoff<\/th>\n<th>Pro Portion (1 Kapsel)<\/th>\n<\/tr>\n<\/thead>\n<tbody>\n<tr>\n<td>Vitamin E (als D-alpha-Tocopherolacetat)<\/td>\n<td>3,40 mg (28 % NRV)<\/td>\n<\/tr>\n<tr>\n<td>Schwarzk\u00fcmmel\u00f6l (<em>Nigella sativa<\/em>)<\/td>\n<td>500 mg *<\/td>\n<\/tr>\n<tr>\n<td>\u2013 Linols\u00e4ure (Omega-6)<\/td>\n<td>260 mg *<\/td>\n<\/tr>\n<tr>\n<td>\u2013 \u00d6ls\u00e4ure (Omega-9)<\/td>\n<td>85 mg *<\/td>\n<\/tr>\n<tr>\n<td>\u2013 Stearins\u00e4ure<\/td>\n<td>10 mg *<\/td>\n<\/tr>\n<\/tbody>\n<\/table>\n<p class=\"chcg-footnote\">* Kein Referenzwert (NRV) etabliert.<\/p>\n<\/p><\/div>\n<div class=\"chcg-ingredients\">\n<h3>Zutaten<\/h3>\n<p>Vitamin E (als D-alpha-Tocopherolacetat) 3,40 mg, Schwarzk\u00fcmmel\u00f6l (<em>Nigella sativa<\/em>) 500 mg [liefert mindestens: Linols\u00e4ure (Omega-6) 260 mg, \u00d6ls\u00e4ure (Omega-9) 85 mg, Stearins\u00e4ure 10 mg].<\/p>\n<p class=\"chcg-capsule-shell\">Kapselh\u00fclle: Hypromellose (pflanzliche Kapsel).<\/p>\n<\/p><\/div>\n<div class=\"chcg-dosage\">\n<h3>Verzehrempfehlung<\/h3>\n<p>Als Nahrungserg\u00e4nzungsmittel eine fl\u00fcssige Veggie-Kapsel ein- bis zweimal t\u00e4glich mit Wasser einnehmen.<\/p>\n<\/p><\/div>\n<div class=\"chcg-warnings\">\n<h3>Warnhinweise<\/h3>\n<p>Nur f\u00fcr Erwachsene. Dieses Produkt nicht einnehmen, wenn Sie schwanger sind oder stillen. Konsultieren Sie Ihren Arzt bzw. Ihre \u00c4rztin, bevor Sie dieses oder ein anderes Produkt einnehmen, falls Sie Medikamente nehmen oder an einer Erkrankung leiden. Ausserhalb der Reichweite von Kindern aufbewahren.<\/p>\n<\/p><\/div>\n<div class=\"chcg-allergens\">\n<h3>Allergeninformationen<\/h3>\n<p>Auf dem Produktetikett sind keine Allergeninformationen ausgewiesen.<\/p>\n<\/p><\/div>\n<div class=\"chcg-storage\">\n<h3>Lagerung<\/h3>\n<p>An einem k\u00fchlen, trockenen Ort aufbewahren.<\/p>\n<\/p><\/div>\n<div class=\"chcg-dietary\">\n<h3>Ern\u00e4hrungshinweise<\/h3>\n<ul>\n<li>Vegan<\/li>\n<li>Vegetarisch<\/li>\n<\/ul><\/div>\n<\/div>\n","protected":false},"excerpt":{"rendered":"<p>Swanson Black Cumin Seed Oil liefert 500 mg Schwarzk\u00fcmmel\u00f6l (Nigella sativa) plus Vitamin E zum Schutz der Zellen vor oxidativem Stress. Erh\u00e4ltlich als fl\u00fcssige Veggie-Kapsel, 60 St\u00fcck, geeignet f\u00fcr Veganer und Vegetarier.<\/p>\n","protected":false},"featured_media":975,"comment_status":"closed","ping_status":"open","template":"","meta":[],"product_brand":[16],"product_cat":[48,25,120,22,21],"product_tag":[],"class_list":{"0":"post-974","1":"product","2":"type-product","3":"status-publish","4":"has-post-thumbnail","6":"product_brand-swanson","7":"product_cat-gesunde-ernaehrung","8":"product_cat-gesundheit-und-wohlbefinden","9":"product_cat-kreuzkuemmel","10":"product_cat-vegane-produkte","11":"product_cat-vitamine-und-mineralstoffe","13":"first","14":"outofstock","15":"taxable","16":"shipping-taxable","17":"purchasable","18":"product-type-simple"},"yoast_head":"<!-- This site is optimized with the Yoast SEO plugin v27.5 - https:\/\/yoast.com\/product\/yoast-seo-wordpress\/ -->\n<title>Black Cumin Seed Oil 500mg \u2013 Swanson | ecosupplements.ch<\/title>\n<meta name=\"description\" content=\"Swanson Black Cumin Seed Oil, 500mg \u2013 60 vegane Fl\u00fcssigkapseln mit Nigella sativa und Vitamin E. Jetzt bestellen.\" \/>\n<meta name=\"robots\" content=\"index, follow, max-snippet:-1, max-image-preview:large, max-video-preview:-1\" \/>\n<link rel=\"canonical\" href=\"https:\/\/ecosupplements.ch\/?product=black-cumin-seed-oil-500mg-60-liquid-vcaps\" \/>\n<meta property=\"og:locale\" content=\"de_DE\" \/>\n<meta property=\"og:type\" content=\"article\" \/>\n<meta property=\"og:title\" content=\"Black Cumin Seed Oil 500mg \u2013 Swanson | ecosupplements.ch\" \/>\n<meta property=\"og:description\" content=\"Swanson Black Cumin Seed Oil, 500mg \u2013 60 vegane Fl\u00fcssigkapseln mit Nigella sativa und Vitamin E. Jetzt bestellen.\" \/>\n<meta property=\"og:url\" content=\"https:\/\/ecosupplements.ch\/?product=black-cumin-seed-oil-500mg-60-liquid-vcaps\" \/>\n<meta property=\"og:site_name\" content=\"Eco Supplements\" \/>\n<meta property=\"article:modified_time\" content=\"2026-05-13T07:23:43+00:00\" \/>\n<meta property=\"og:image\" content=\"https:\/\/ecosupplements.ch\/wp-content\/uploads\/2026\/05\/Black-Cumin-Seed-Oil-500mg-60-liquid-vcaps-1.jpg\" \/>\n\t<meta property=\"og:image:width\" content=\"650\" \/>\n\t<meta property=\"og:image:height\" content=\"650\" \/>\n\t<meta property=\"og:image:type\" content=\"image\/jpeg\" \/>\n<meta name=\"twitter:card\" content=\"summary_large_image\" \/>\n<meta name=\"twitter:label1\" content=\"Price\" \/>\n\t<meta name=\"twitter:data1\" content=\"&#067;&#072;&#070;&nbsp;9.45\" \/>\n\t<meta name=\"twitter:label2\" content=\"Availability\" \/>\n\t<meta name=\"twitter:data2\" content=\"Out of stock\" \/>\n<script type=\"application\/ld+json\" class=\"yoast-schema-graph\">{\"@context\":\"https:\\\/\\\/schema.org\",\"@graph\":[{\"@type\":\"WebPage\",\"@id\":\"https:\\\/\\\/ecosupplements.ch\\\/?product=black-cumin-seed-oil-500mg-60-liquid-vcaps\",\"url\":\"https:\\\/\\\/ecosupplements.ch\\\/?product=black-cumin-seed-oil-500mg-60-liquid-vcaps\",\"name\":\"Black Cumin Seed Oil 500mg \u2013 Swanson | ecosupplements.ch\",\"isPartOf\":{\"@id\":\"https:\\\/\\\/ecosupplements.ch\\\/#website\"},\"primaryImageOfPage\":{\"@id\":\"https:\\\/\\\/ecosupplements.ch\\\/?product=black-cumin-seed-oil-500mg-60-liquid-vcaps#primaryimage\"},\"image\":{\"@id\":\"https:\\\/\\\/ecosupplements.ch\\\/?product=black-cumin-seed-oil-500mg-60-liquid-vcaps#primaryimage\"},\"thumbnailUrl\":\"https:\\\/\\\/ecosupplements.ch\\\/wp-content\\\/uploads\\\/2026\\\/05\\\/Black-Cumin-Seed-Oil-500mg-60-liquid-vcaps-1.jpg\",\"datePublished\":\"2026-05-11T14:26:14+00:00\",\"dateModified\":\"2026-05-13T07:23:43+00:00\",\"description\":\"Swanson Black Cumin Seed Oil, 500mg \u2013 60 vegane Fl\u00fcssigkapseln mit Nigella sativa und Vitamin E. Jetzt bestellen.\",\"breadcrumb\":{\"@id\":\"https:\\\/\\\/ecosupplements.ch\\\/?product=black-cumin-seed-oil-500mg-60-liquid-vcaps#breadcrumb\"},\"inLanguage\":\"de-CH\",\"potentialAction\":[{\"@type\":\"ReadAction\",\"target\":[\"https:\\\/\\\/ecosupplements.ch\\\/?product=black-cumin-seed-oil-500mg-60-liquid-vcaps\"]}]},{\"@type\":\"ImageObject\",\"inLanguage\":\"de-CH\",\"@id\":\"https:\\\/\\\/ecosupplements.ch\\\/?product=black-cumin-seed-oil-500mg-60-liquid-vcaps#primaryimage\",\"url\":\"https:\\\/\\\/ecosupplements.ch\\\/wp-content\\\/uploads\\\/2026\\\/05\\\/Black-Cumin-Seed-Oil-500mg-60-liquid-vcaps-1.jpg\",\"contentUrl\":\"https:\\\/\\\/ecosupplements.ch\\\/wp-content\\\/uploads\\\/2026\\\/05\\\/Black-Cumin-Seed-Oil-500mg-60-liquid-vcaps-1.jpg\",\"width\":650,\"height\":650,\"caption\":\"Black Cumin Seed Oil\"},{\"@type\":\"BreadcrumbList\",\"@id\":\"https:\\\/\\\/ecosupplements.ch\\\/?product=black-cumin-seed-oil-500mg-60-liquid-vcaps#breadcrumb\",\"itemListElement\":[{\"@type\":\"ListItem\",\"position\":1,\"name\":\"Home\",\"item\":\"https:\\\/\\\/ecosupplements.ch\\\/\"},{\"@type\":\"ListItem\",\"position\":2,\"name\":\"Shop\",\"item\":\"https:\\\/\\\/ecosupplements.ch\\\/?page_id=14\"},{\"@type\":\"ListItem\",\"position\":3,\"name\":\"Black Cumin Seed Oil, 500mg &#8211; 60 liquid vcaps\"}]},{\"@type\":\"WebSite\",\"@id\":\"https:\\\/\\\/ecosupplements.ch\\\/#website\",\"url\":\"https:\\\/\\\/ecosupplements.ch\\\/\",\"name\":\"Eco Supplements\",\"description\":\"\",\"potentialAction\":[{\"@type\":\"SearchAction\",\"target\":{\"@type\":\"EntryPoint\",\"urlTemplate\":\"https:\\\/\\\/ecosupplements.ch\\\/?s={search_term_string}\"},\"query-input\":{\"@type\":\"PropertyValueSpecification\",\"valueRequired\":true,\"valueName\":\"search_term_string\"}}],\"inLanguage\":\"de-CH\"}]}<\/script>\n<meta property=\"product:price:amount\" content=\"9.45\" \/>\n<meta property=\"product:price:currency\" content=\"CHF\" \/>\n<meta property=\"og:availability\" content=\"out of stock\" \/>\n<meta property=\"product:availability\" content=\"out of stock\" \/>\n<meta property=\"product:retailer_item_id\" content=\"087614170633\" \/>\n<meta property=\"product:condition\" content=\"new\" \/>\n<!-- \/ Yoast SEO plugin. -->","yoast_head_json":{"title":"Black Cumin Seed Oil 500mg \u2013 Swanson | ecosupplements.ch","description":"Swanson Black Cumin Seed Oil, 500mg \u2013 60 vegane Fl\u00fcssigkapseln mit Nigella sativa und Vitamin E. Jetzt bestellen.","robots":{"index":"index","follow":"follow","max-snippet":"max-snippet:-1","max-image-preview":"max-image-preview:large","max-video-preview":"max-video-preview:-1"},"canonical":"https:\/\/ecosupplements.ch\/?product=black-cumin-seed-oil-500mg-60-liquid-vcaps","og_locale":"de_DE","og_type":"article","og_title":"Black Cumin Seed Oil 500mg \u2013 Swanson | ecosupplements.ch","og_description":"Swanson Black Cumin Seed Oil, 500mg \u2013 60 vegane Fl\u00fcssigkapseln mit Nigella sativa und Vitamin E. Jetzt bestellen.","og_url":"https:\/\/ecosupplements.ch\/?product=black-cumin-seed-oil-500mg-60-liquid-vcaps","og_site_name":"Eco Supplements","article_modified_time":"2026-05-13T07:23:43+00:00","og_image":[{"width":650,"height":650,"url":"https:\/\/ecosupplements.ch\/wp-content\/uploads\/2026\/05\/Black-Cumin-Seed-Oil-500mg-60-liquid-vcaps-1.jpg","type":"image\/jpeg"}],"twitter_card":"summary_large_image","twitter_misc":{"Price":"&#67;&#72;&#70;&nbsp;9.45","Availability":"Out of stock"},"schema":{"@context":"https:\/\/schema.org","@graph":[{"@type":"WebPage","@id":"https:\/\/ecosupplements.ch\/?product=black-cumin-seed-oil-500mg-60-liquid-vcaps","url":"https:\/\/ecosupplements.ch\/?product=black-cumin-seed-oil-500mg-60-liquid-vcaps","name":"Black Cumin Seed Oil 500mg \u2013 Swanson | ecosupplements.ch","isPartOf":{"@id":"https:\/\/ecosupplements.ch\/#website"},"primaryImageOfPage":{"@id":"https:\/\/ecosupplements.ch\/?product=black-cumin-seed-oil-500mg-60-liquid-vcaps#primaryimage"},"image":{"@id":"https:\/\/ecosupplements.ch\/?product=black-cumin-seed-oil-500mg-60-liquid-vcaps#primaryimage"},"thumbnailUrl":"https:\/\/ecosupplements.ch\/wp-content\/uploads\/2026\/05\/Black-Cumin-Seed-Oil-500mg-60-liquid-vcaps-1.jpg","datePublished":"2026-05-11T14:26:14+00:00","dateModified":"2026-05-13T07:23:43+00:00","description":"Swanson Black Cumin Seed Oil, 500mg \u2013 60 vegane Fl\u00fcssigkapseln mit Nigella sativa und Vitamin E. Jetzt bestellen.","breadcrumb":{"@id":"https:\/\/ecosupplements.ch\/?product=black-cumin-seed-oil-500mg-60-liquid-vcaps#breadcrumb"},"inLanguage":"de-CH","potentialAction":[{"@type":"ReadAction","target":["https:\/\/ecosupplements.ch\/?product=black-cumin-seed-oil-500mg-60-liquid-vcaps"]}]},{"@type":"ImageObject","inLanguage":"de-CH","@id":"https:\/\/ecosupplements.ch\/?product=black-cumin-seed-oil-500mg-60-liquid-vcaps#primaryimage","url":"https:\/\/ecosupplements.ch\/wp-content\/uploads\/2026\/05\/Black-Cumin-Seed-Oil-500mg-60-liquid-vcaps-1.jpg","contentUrl":"https:\/\/ecosupplements.ch\/wp-content\/uploads\/2026\/05\/Black-Cumin-Seed-Oil-500mg-60-liquid-vcaps-1.jpg","width":650,"height":650,"caption":"Black Cumin Seed Oil"},{"@type":"BreadcrumbList","@id":"https:\/\/ecosupplements.ch\/?product=black-cumin-seed-oil-500mg-60-liquid-vcaps#breadcrumb","itemListElement":[{"@type":"ListItem","position":1,"name":"Home","item":"https:\/\/ecosupplements.ch\/"},{"@type":"ListItem","position":2,"name":"Shop","item":"https:\/\/ecosupplements.ch\/?page_id=14"},{"@type":"ListItem","position":3,"name":"Black Cumin Seed Oil, 500mg &#8211; 60 liquid vcaps"}]},{"@type":"WebSite","@id":"https:\/\/ecosupplements.ch\/#website","url":"https:\/\/ecosupplements.ch\/","name":"Eco Supplements","description":"","potentialAction":[{"@type":"SearchAction","target":{"@type":"EntryPoint","urlTemplate":"https:\/\/ecosupplements.ch\/?s={search_term_string}"},"query-input":{"@type":"PropertyValueSpecification","valueRequired":true,"valueName":"search_term_string"}}],"inLanguage":"de-CH"}]},"product_price_amount":"9.45","product_price_currency":"CHF","og_availability":"out of stock","product_availability":"out of stock","product_retailer_item_id":"087614170633","product_condition":"new"},"_links":{"self":[{"href":"https:\/\/ecosupplements.ch\/index.php?rest_route=\/wp\/v2\/product\/974","targetHints":{"allow":["GET"]}}],"collection":[{"href":"https:\/\/ecosupplements.ch\/index.php?rest_route=\/wp\/v2\/product"}],"about":[{"href":"https:\/\/ecosupplements.ch\/index.php?rest_route=\/wp\/v2\/types\/product"}],"replies":[{"embeddable":true,"href":"https:\/\/ecosupplements.ch\/index.php?rest_route=%2Fwp%2Fv2%2Fcomments&post=974"}],"wp:featuredmedia":[{"embeddable":true,"href":"https:\/\/ecosupplements.ch\/index.php?rest_route=\/wp\/v2\/media\/975"}],"wp:attachment":[{"href":"https:\/\/ecosupplements.ch\/index.php?rest_route=%2Fwp%2Fv2%2Fmedia&parent=974"}],"wp:term":[{"taxonomy":"product_brand","embeddable":true,"href":"https:\/\/ecosupplements.ch\/index.php?rest_route=%2Fwp%2Fv2%2Fproduct_brand&post=974"},{"taxonomy":"product_cat","embeddable":true,"href":"https:\/\/ecosupplements.ch\/index.php?rest_route=%2Fwp%2Fv2%2Fproduct_cat&post=974"},{"taxonomy":"product_tag","embeddable":true,"href":"https:\/\/ecosupplements.ch\/index.php?rest_route=%2Fwp%2Fv2%2Fproduct_tag&post=974"}],"curies":[{"name":"wp","href":"https:\/\/api.w.org\/{rel}","templated":true}]}}